{"id":9,"date":"2025-12-09T18:19:55","date_gmt":"2025-12-09T17:19:55","guid":{"rendered":"https:\/\/businessschool.luiss.it\/ai-for-organisational-empowerment\/?page_id=9"},"modified":"2026-03-20T16:20:58","modified_gmt":"2026-03-20T15:20:58","slug":"overview","status":"publish","type":"page","link":"https:\/\/businessschool.luiss.it\/ai-for-organisational-empowerment\/","title":{"rendered":"Overview"},"content":{"rendered":"\n<figure class=\"wp-block-embed is-type-video is-provider-youtube wp-block-embed-youtube wp-embed-aspect-16-9 wp-has-aspect-ratio\"><div class=\"wp-block-embed__wrapper\">\n<iframe loading=\"lazy\" title=\"AI for Organisational Empowerment: con Emanuele Catanzaro, Cloud &amp; AI Sales Director, Microsoft\" width=\"500\" height=\"281\" src=\"https:\/\/www.youtube.com\/embed\/UzPc9PNHDSY?feature=oembed\" frameborder=\"0\" allow=\"accelerometer; autoplay; clipboard-write; encrypted-media; gyroscope; picture-in-picture; web-share\" referrerpolicy=\"strict-origin-when-cross-origin\" allowfullscreen><\/iframe>\n<\/div><\/figure>\n\n\n\n<p>La rapidit\u00e0 delle trasformazioni tecnologiche rende l\u2019adozione dell\u2019Intelligenza Artificiale un fattore strategico per migliorare produttivit\u00e0, qualit\u00e0 operativa e capacit\u00e0 decisionale. Le organizzazioni sono chiamate a ripensare modelli e processi, introducendo soluzioni AI per automatizzare attivit\u00e0, valorizzare i dati e guidare il cambiamento in modo efficace.<\/p>\n\n\n\n<p>L\u2019Executive Programme in AI for Organisational Empowerment offre un percorso applicativo e orientato ai risultati, attraverso un equilibrio tra visione teorica e laboratori pratici. I partecipanti apprenderanno come utilizzare strumenti e piattaforme AI,&nbsp; tra cui Microsoft Copilot, Power Automate, Power Apps e Power BI, per potenziare i flussi di lavoro, supportare il decision-making e facilitare l\u2019adozione dell\u2019AI nelle rispettive realt\u00e0 professionali.<\/p>\n\n\n\n<p>L\u2019obiettivo \u00e8 fornire competenze e metodologie per progettare e implementare soluzioni AI scalabili, capaci di generare efficienza e valore in maniera sostenibile, accompagnando le organizzazioni nei processi di trasformazione digitale.<\/p>\n\n\n\n<h2 class=\"wp-block-heading\"><strong>Obiettivi<\/strong><\/h2>\n\n\n\n<p>L\u2019Executive Programme in <strong>AI for Organisational Empowerment<\/strong> costituisce l\u2019occasione per comprendere e valutare le potenzialit\u00e0 dell\u2019IA nei contesti organizzativi, identificando ambiti e processi in cui introdurre strumenti IA per migliorare l\u2019efficacia e la qualit\u00e0 operativa.<\/p>\n\n\n\n<p>Inoltre, mira a progettare e implementare soluzioni pratiche di IA, utilizzando metodologie e strumenti per ottimizzare processi e supportare il decision-making aziendale.<\/p>\n\n\n\n<p>Infine, volge a guidare il cambiamento organizzativo con competenza e consapevolezza, facilitando l\u2019adozione di soluzioni IA in modo etico e responsabile, e gestendo le dinamiche di trasformazione e resistenza interna.<\/p>\n\n\n\n<p>Il programma fornisce una valida risposta alle esigenze di formazione, crescita e sviluppo professionale, facilitando progressi nel proprio percorso di carriera o aprendo nuove opportunit\u00e0<\/p>\n\n\n\n<h2 class=\"wp-block-heading\"><strong>A chi \u00e8 rivolto<\/strong><\/h2>\n\n\n\n<p>Il programma si rivolge a professionisti che desiderano acquisire strumenti e competenze per integrare l\u2019IA nei processi organizzativi, con l\u2019obiettivo di migliorare l\u2019efficacia e la qualit\u00e0 delle attivit\u00e0 aziendali.<\/p>\n\n\n\n<ul class=\"wp-block-list\">\n<li>Imprenditori e business leader interessati a valorizzare l\u2019AI come leva di sviluppo e potenziamento organizzativo<\/li>\n\n\n\n<li>Manager e responsabili di progetti di trasformazione o innovazione che vogliono introdurre e governare l\u2019adozione di soluzioni AI nella propria realt\u00e0<\/li>\n\n\n\n<li>Consulenti, project manager e figure trasversali coinvolte nella progettazione e nell\u2019implementazione di iniziative di miglioramento organizzativo<\/li>\n\n\n\n<li>Professionisti e figure emergenti che intendano prepararsi a ruoli futuri di leadership nella gestione della trasformazione digitale e tecnologica delle organizzazioni<\/li>\n<\/ul>\n\n\n\n<h2 class=\"wp-block-heading\">Attestato di partecipazione<\/h2>\n\n\n\n<p>Al termine delle attivit\u00e0 didattiche verr\u00e0 rilasciato un attestato di partecipazione a coloro che avranno frequentato almeno l\u201980% delle attivit\u00e0 di formazione previste dal programma o dal\/i modulo\/i selezionato\/i.<\/p>\n","protected":false},"excerpt":{"rendered":"<p>La rapidit\u00e0 delle trasformazioni tecnologiche rende l\u2019adozione dell\u2019Intelligenza Artificiale un fattore strategico per migliorare produttivit\u00e0, qualit\u00e0 operativa e capacit\u00e0 decisionale. [&hellip;]<\/p>\n","protected":false},"author":5,"featured_media":0,"parent":0,"menu_order":0,"comment_status":"closed","ping_status":"closed","template":"","meta":{"_acf_changed":false,"footnotes":""},"categories":[],"tags":[],"docenti_teaching_area":[],"docenti_research_area":[],"tematiche":[],"lingue":[],"lunghezza_corsi":[],"class_list":["post-9","page","type-page","status-publish","hentry"],"acf":[],"aioseo_notices":[],"_links":{"self":[{"href":"https:\/\/businessschool.luiss.it\/ai-for-organisational-empowerment\/wp-json\/wp\/v2\/pages\/9","targetHints":{"allow":["GET"]}}],"collection":[{"href":"https:\/\/businessschool.luiss.it\/ai-for-organisational-empowerment\/wp-json\/wp\/v2\/pages"}],"about":[{"href":"https:\/\/businessschool.luiss.it\/ai-for-organisational-empowerment\/wp-json\/wp\/v2\/types\/page"}],"author":[{"embeddable":true,"href":"https:\/\/businessschool.luiss.it\/ai-for-organisational-empowerment\/wp-json\/wp\/v2\/users\/5"}],"replies":[{"embeddable":true,"href":"https:\/\/businessschool.luiss.it\/ai-for-organisational-empowerment\/wp-json\/wp\/v2\/comments?post=9"}],"version-history":[{"count":6,"href":"https:\/\/businessschool.luiss.it\/ai-for-organisational-empowerment\/wp-json\/wp\/v2\/pages\/9\/revisions"}],"predecessor-version":[{"id":89,"href":"https:\/\/businessschool.luiss.it\/ai-for-organisational-empowerment\/wp-json\/wp\/v2\/pages\/9\/revisions\/89"}],"wp:attachment":[{"href":"https:\/\/businessschool.luiss.it\/ai-for-organisational-empowerment\/wp-json\/wp\/v2\/media?parent=9"}],"wp:term":[{"taxonomy":"category","embeddable":true,"href":"https:\/\/businessschool.luiss.it\/ai-for-organisational-empowerment\/wp-json\/wp\/v2\/categories?post=9"},{"taxonomy":"post_tag","embeddable":true,"href":"https:\/\/businessschool.luiss.it\/ai-for-organisational-empowerment\/wp-json\/wp\/v2\/tags?post=9"},{"taxonomy":"docenti_teaching_area","embeddable":true,"href":"https:\/\/businessschool.luiss.it\/ai-for-organisational-empowerment\/wp-json\/wp\/v2\/docenti_teaching_area?post=9"},{"taxonomy":"docenti_research_area","embeddable":true,"href":"https:\/\/businessschool.luiss.it\/ai-for-organisational-empowerment\/wp-json\/wp\/v2\/docenti_research_area?post=9"},{"taxonomy":"tematiche","embeddable":true,"href":"https:\/\/businessschool.luiss.it\/ai-for-organisational-empowerment\/wp-json\/wp\/v2\/tematiche?post=9"},{"taxonomy":"lingue","embeddable":true,"href":"https:\/\/businessschool.luiss.it\/ai-for-organisational-empowerment\/wp-json\/wp\/v2\/lingue?post=9"},{"taxonomy":"lunghezza_corsi","embeddable":true,"href":"https:\/\/businessschool.luiss.it\/ai-for-organisational-empowerment\/wp-json\/wp\/v2\/lunghezza_corsi?post=9"}],"curies":[{"name":"wp","href":"https:\/\/api.w.org\/{rel}","templated":true}]}}