{"id":2,"date":"2019-06-07T16:58:34","date_gmt":"2019-06-07T14:58:34","guid":{"rendered":"https:\/\/businessschool.luiss.it\/management-sportivo-digital-transformation\/?page_id=2"},"modified":"2024-06-03T15:49:36","modified_gmt":"2024-06-03T13:49:36","slug":"pagina-di-esempio","status":"publish","type":"page","link":"https:\/\/businessschool.luiss.it\/amministrazione-finanza-controllo-emac\/","title":{"rendered":"Overview"},"content":{"rendered":"\n<p>Nel corso dell\u2019Executive Master in Financial Management \u2013 Major in Amministrazione, Finanza e Controllo verranno utilizzati differenti \u201clinguaggi\u201d e varie \u201cchiavi di lettura\u201d grazie alla partecipazione di docenti del mondo accademico e di professionisti specializzati nelle singole tematiche di riferimento.<\/p>\n\n\n\n<p>La ricchezza del processo di apprendimento \u00e8 garantita dalla combinazione di attivit\u00e0 didattiche in aula, incontri con leader e top manager, laboratori, coaching individuale e incontri di career advisory.<\/p>\n\n\n\n<h3 class=\"wp-block-heading\">Obiettivi del Major in Amministrazione, Finanza e Controllo<\/h3>\n\n\n\n<p>Il Programma permetter\u00e0 ai partecipanti di migliorare le proprie capacit\u00e0 di:<\/p>\n\n\n\n<ul class=\"wp-block-list\">\n<li>leggere e interpretare il bilancio d\u2019esercizio<\/li>\n\n\n\n<li>analizzare le condizioni di equilibrio economico-finanziario<\/li>\n\n\n\n<li>redigere e interpretare il bilancio consolidato<\/li>\n\n\n\n<li>valutare l\u2019impatto della variabile fiscale nell\u2019economia e nella gestione delle imprese<\/li>\n\n\n\n<li>effettuare corrette analisi dei costi aziendali ai fini decisionali<\/li>\n\n\n\n<li>strutturare un efficace sistema di reporting<\/li>\n\n\n\n<li>progettare e gestire moderni sistemi di controllo delle performance<\/li>\n\n\n\n<li>raccogliere in modo efficace le risorse finanziarie per ottimizzare la struttura del capitale<\/li>\n\n\n\n<li>valutare gli investimenti e i principali strumenti del mercato monetario<\/li>\n\n\n\n<li>analizzare e gestire i rischi finanziari<\/li>\n\n\n\n<li>realizzare le principali operazioni societarie straordinarie, comprenderne i meccanismi e valutarne la convenienza economica<\/li>\n<\/ul>\n\n\n\n<p>Il Programma offre un approfondimento ampio e completo di ciascuna delle tematiche affrontate nei singoli corsi e permette di sviluppare una visione sistemica delle diverse funzioni e delle interazioni tra loro esistenti.<\/p>\n\n\n\n<h3 class=\"wp-block-heading\">A chi \u00e8 rivolto<\/h3>\n\n\n\n<p>Il Major \u00e8 rivolto a professionisti con esperienza lavorativa che intendono approfondire le tematiche pi\u00f9 rilevanti e innovative dell\u2019Area Amministrazione, Finanza e Controllo. Il Programma favorisce progressi nel percorso di carriera di:<\/p>\n\n\n\n<ul class=\"wp-block-list\">\n<li>professionisti dell\u2019Area Amministrazione Finanza e Controllo di aziende e consulenti che sentono la necessit\u00e0 di arricchire, aggiornare e sistematizzare organicamente le proprie competenze<\/li>\n\n\n\n<li>imprenditori e professionisti inseriti in aree funzionali diverse, nonch\u00e9 consulenti aziendali con altra specializzazione che desiderano acquisire conoscenze sulle tematiche fondamentali dell\u2019Area Amministrazione, Finanza e Controllo<\/li>\n<\/ul>\n\n\n\n<h3 class=\"wp-block-heading\">Requisiti<\/h3>\n\n\n\n<p>Per partecipare al Major in Amministrazione, Finanza e Controllo \u00e8 necessario possedere i seguenti requisiti:<\/p>\n\n\n\n<ul class=\"wp-block-list\">\n<li>laurea magistrale, magistrale a ciclo unico o vecchio ordinamento*<\/li>\n\n\n\n<li>significativa esperienza lavorativa (non necessariamente nell\u2019area di indirizzo)<\/li>\n\n\n\n<li>buona conoscenza della lingua inglese<\/li>\n\n\n\n<li>forte motivazione<\/li>\n<\/ul>\n\n\n\n<p>* Coloro che, pur non essendo in possesso di un diploma di laurea, sono interessati ad approfondire le tematiche oggetto del Master, potranno frequentare l\u2019intero programma o parti di esso (singolo modulo o combinazione di moduli). In questo caso non sar\u00e0 rilasciato il diploma di Master, n\u00e9 i CFU ad esso connessi ma un attestato di partecipazione. Per maggiori informazioni sulle modalit\u00e0 di adesione scrivere a executive@luissbusinessschool.it.<\/p>\n\n\n\n<h3 class=\"wp-block-heading\">CFU e Diploma<\/h3>\n\n\n\n<p>L\u2019Executive Master in Financial Management \u2013 Major in Amministrazione, Finanza e Controllo \u00e8 un master universitario di II livello. Al termine del percorso i partecipanti riceveranno il Diploma di Master e verranno rilasciati 60 Crediti Formativi Universitari (CFU).<\/p>\n\n\n\n<p>Per ottenere il Diploma e i CFU sar\u00e0 necessario frequentare almeno l\u201980% delle attivit\u00e0 di formazione, superare le verifiche periodiche e la valutazione della prova finale.<\/p>\n\n\n\n<h3 class=\"wp-block-heading\">ANDAF<\/h3>\n\n\n\n<p>I partecipanti interessati potranno usufruire di tariffe agevolate per il sostenimento dell\u2019esame di certificazione, pari a quella riconosciuta al socio ANDAF (fatti salvi i criteri di ammissione alla certificazione stessa) e per il primo anno di iscrizione ad ANDAF.<\/p>\n","protected":false},"excerpt":{"rendered":"<p>Nel corso dell\u2019Executive Master in Financial Management \u2013 Major in Amministrazione, Finanza e Controllo verranno utilizzati differenti \u201clinguaggi\u201d e varie [&hellip;]<\/p>\n","protected":false},"author":1,"featured_media":0,"parent":0,"menu_order":0,"comment_status":"closed","ping_status":"open","template":"page-default.php","meta":{"_acf_changed":false,"footnotes":""},"categories":[],"tags":[],"docenti_teaching_area":[],"docenti_research_area":[],"tematiche":[],"lingue":[],"lunghezza_corsi":[],"class_list":["post-2","page","type-page","status-publish","hentry"],"acf":[],"aioseo_notices":[],"_links":{"self":[{"href":"https:\/\/businessschool.luiss.it\/amministrazione-finanza-controllo-emac\/wp-json\/wp\/v2\/pages\/2","targetHints":{"allow":["GET"]}}],"collection":[{"href":"https:\/\/businessschool.luiss.it\/amministrazione-finanza-controllo-emac\/wp-json\/wp\/v2\/pages"}],"about":[{"href":"https:\/\/businessschool.luiss.it\/amministrazione-finanza-controllo-emac\/wp-json\/wp\/v2\/types\/page"}],"author":[{"embeddable":true,"href":"https:\/\/businessschool.luiss.it\/amministrazione-finanza-controllo-emac\/wp-json\/wp\/v2\/users\/1"}],"replies":[{"embeddable":true,"href":"https:\/\/businessschool.luiss.it\/amministrazione-finanza-controllo-emac\/wp-json\/wp\/v2\/comments?post=2"}],"version-history":[{"count":5,"href":"https:\/\/businessschool.luiss.it\/amministrazione-finanza-controllo-emac\/wp-json\/wp\/v2\/pages\/2\/revisions"}],"predecessor-version":[{"id":535,"href":"https:\/\/businessschool.luiss.it\/amministrazione-finanza-controllo-emac\/wp-json\/wp\/v2\/pages\/2\/revisions\/535"}],"wp:attachment":[{"href":"https:\/\/businessschool.luiss.it\/amministrazione-finanza-controllo-emac\/wp-json\/wp\/v2\/media?parent=2"}],"wp:term":[{"taxonomy":"category","embeddable":true,"href":"https:\/\/businessschool.luiss.it\/amministrazione-finanza-controllo-emac\/wp-json\/wp\/v2\/categories?post=2"},{"taxonomy":"post_tag","embeddable":true,"href":"https:\/\/businessschool.luiss.it\/amministrazione-finanza-controllo-emac\/wp-json\/wp\/v2\/tags?post=2"},{"taxonomy":"docenti_teaching_area","embeddable":true,"href":"https:\/\/businessschool.luiss.it\/amministrazione-finanza-controllo-emac\/wp-json\/wp\/v2\/docenti_teaching_area?post=2"},{"taxonomy":"docenti_research_area","embeddable":true,"href":"https:\/\/businessschool.luiss.it\/amministrazione-finanza-controllo-emac\/wp-json\/wp\/v2\/docenti_research_area?post=2"},{"taxonomy":"tematiche","embeddable":true,"href":"https:\/\/businessschool.luiss.it\/amministrazione-finanza-controllo-emac\/wp-json\/wp\/v2\/tematiche?post=2"},{"taxonomy":"lingue","embeddable":true,"href":"https:\/\/businessschool.luiss.it\/amministrazione-finanza-controllo-emac\/wp-json\/wp\/v2\/lingue?post=2"},{"taxonomy":"lunghezza_corsi","embeddable":true,"href":"https:\/\/businessschool.luiss.it\/amministrazione-finanza-controllo-emac\/wp-json\/wp\/v2\/lunghezza_corsi?post=2"}],"curies":[{"name":"wp","href":"https:\/\/api.w.org\/{rel}","templated":true}]}}