{"id":77,"date":"2020-08-04T12:16:25","date_gmt":"2020-08-04T10:16:25","guid":{"rendered":"https:\/\/businessschool.luiss.it\/board-academy\/?page_id=77"},"modified":"2022-07-01T09:36:58","modified_gmt":"2022-07-01T07:36:58","slug":"partner","status":"publish","type":"page","link":"https:\/\/businessschool.luiss.it\/board-academy\/partner\/","title":{"rendered":"Partner"},"content":{"rendered":"<img loading=\"lazy\" decoding=\"async\" class=\"\" style=\"width: 203px;\" src=\"https:\/\/businessschool.luiss.it\/board-academy\/wp-content\/uploads\/sites\/148\/2020\/08\/ASSOGESTION.png\" alt=\"\" width=\"320\" height=\"250\" \/>\n<p><strong>Assogestioni<\/strong> \u00e8 l&#8217;associazione italiana del risparmio gestito. Nata nel 1984 per iniziativa delle prime societ\u00e0 di gestione, rappresenta oggi oltre 290 associati, tra cui la maggior parte delle SGR italiane e delle societ\u00e0 di investment management straniere operanti in Italia, diverse banche e imprese di assicurazione che operano nell\u2019ambito della gestione individuale e della previdenza complementare.<\/p>\n<p>L\u2019associazione assiste i suoi membri offrendo consulenza e supporto tecnico su tematiche legali, fiscali, operative e promuove un dialogo costante con gli operatori del settore e le istituzioni sui temi dell&#8217;investimento, della tutela del risparmio, della corporate governance e dell&#8217;innovazione regolamentare e operativa dell&#8217;industria. In ambito internazionale Assogestioni fa parte di EFAMA (European Funds and Asset Management Association), con cui collabora per lo sviluppo della normativa comunitaria e di un\u2019efficace autoregolamentazione del settore europeo del risparmio gestito.<\/p>\n<p>Dal 1996 gli associati di Assogestioni assieme a investitori istituzionali italiani ed esteri si riuniscono nel Comitato dei Gestori che presenta liste di minoranza per l\u2019elezione dei membri di minoranza degli organi di amministrazione e controllo delle societ\u00e0 quotate. Attualmente sono in carica, in quasi 100 societ\u00e0 quotate, circa 250 amministratori e sindaci candidati dal Comitato dei gestori, di cui oltre il 40% \u00a0di genere femminile.<\/p>\n<p>Nel 2013 Assogestioni ha varato i Principi Italiani di Stewardship, inspirati all\u2019EFAMA Stewardship Code, al fine di fornire una serie di best practice di alto livello in grado di stimolare il confronto e la collaborazione fra le Societ\u00e0 di gestione e gli emittenti quotati in cui esse investono i patrimoni gestiti nell&#8217;ambito dei servizi di gestione collettiva o di gestione di portafogli.<\/p>\n","protected":false},"excerpt":{"rendered":"<p>Assogestioni \u00e8 l&#8217;associazione italiana del risparmio gestito. Nata nel 1984 per iniziativa delle prime societ\u00e0 di gestione, rappresenta oggi oltre [&hellip;]<\/p>\n","protected":false},"author":5,"featured_media":0,"parent":0,"menu_order":0,"comment_status":"closed","ping_status":"closed","template":"","meta":{"_acf_changed":false,"footnotes":""},"categories":[],"tags":[],"docenti_teaching_area":[],"docenti_research_area":[],"tematiche":[],"lingue":[],"lunghezza_corsi":[],"class_list":["post-77","page","type-page","status-publish","hentry"],"acf":[],"aioseo_notices":[],"_links":{"self":[{"href":"https:\/\/businessschool.luiss.it\/board-academy\/wp-json\/wp\/v2\/pages\/77","targetHints":{"allow":["GET"]}}],"collection":[{"href":"https:\/\/businessschool.luiss.it\/board-academy\/wp-json\/wp\/v2\/pages"}],"about":[{"href":"https:\/\/businessschool.luiss.it\/board-academy\/wp-json\/wp\/v2\/types\/page"}],"author":[{"embeddable":true,"href":"https:\/\/businessschool.luiss.it\/board-academy\/wp-json\/wp\/v2\/users\/5"}],"replies":[{"embeddable":true,"href":"https:\/\/businessschool.luiss.it\/board-academy\/wp-json\/wp\/v2\/comments?post=77"}],"version-history":[{"count":3,"href":"https:\/\/businessschool.luiss.it\/board-academy\/wp-json\/wp\/v2\/pages\/77\/revisions"}],"predecessor-version":[{"id":239,"href":"https:\/\/businessschool.luiss.it\/board-academy\/wp-json\/wp\/v2\/pages\/77\/revisions\/239"}],"wp:attachment":[{"href":"https:\/\/businessschool.luiss.it\/board-academy\/wp-json\/wp\/v2\/media?parent=77"}],"wp:term":[{"taxonomy":"category","embeddable":true,"href":"https:\/\/businessschool.luiss.it\/board-academy\/wp-json\/wp\/v2\/categories?post=77"},{"taxonomy":"post_tag","embeddable":true,"href":"https:\/\/businessschool.luiss.it\/board-academy\/wp-json\/wp\/v2\/tags?post=77"},{"taxonomy":"docenti_teaching_area","embeddable":true,"href":"https:\/\/businessschool.luiss.it\/board-academy\/wp-json\/wp\/v2\/docenti_teaching_area?post=77"},{"taxonomy":"docenti_research_area","embeddable":true,"href":"https:\/\/businessschool.luiss.it\/board-academy\/wp-json\/wp\/v2\/docenti_research_area?post=77"},{"taxonomy":"tematiche","embeddable":true,"href":"https:\/\/businessschool.luiss.it\/board-academy\/wp-json\/wp\/v2\/tematiche?post=77"},{"taxonomy":"lingue","embeddable":true,"href":"https:\/\/businessschool.luiss.it\/board-academy\/wp-json\/wp\/v2\/lingue?post=77"},{"taxonomy":"lunghezza_corsi","embeddable":true,"href":"https:\/\/businessschool.luiss.it\/board-academy\/wp-json\/wp\/v2\/lunghezza_corsi?post=77"}],"curies":[{"name":"wp","href":"https:\/\/api.w.org\/{rel}","templated":true}]}}