{"id":338,"date":"2017-05-17T12:43:17","date_gmt":"2017-05-17T12:43:17","guid":{"rendered":"https:\/\/businessschool.luiss.it\/ershub\/?page_id=338"},"modified":"2017-05-17T12:43:17","modified_gmt":"2017-05-17T12:43:17","slug":"progetti","status":"publish","type":"page","link":"https:\/\/businessschool.luiss.it\/cesid\/progetti\/","title":{"rendered":"PROGETTI"},"content":{"rendered":"<p>Le attivit\u00e0 del CeSID si rivolgono universalmente a tutti coloro che hanno legami con la Luiss Business School, come Staff, Scholars, Students, Stakeholder, per i quali il CeSID si propone di rafforzare l\u2019engagement nel medio-lungo termine.<\/p>\n<p>La sensibilizzazione verso i temi di Sostenibilit\u00e0, Inclusione e Digitalizzazione, e la relativa immersione in essi, costituiscono le chiavi per rivoluzionare in positivo il business presente e di conseguenza quello futuro.<\/p>\n<p>Per cambiare il <em>domani<\/em>, occorre lavorare sull\u2019 <em>oggi<\/em>, passo dopo passo.<\/p>\n<h3>Staff<\/h3>\n<p><strong>Adesione al GAS<\/strong><\/p>\n<p>Il CeSID annovera tra i suoi obiettivi la diffusione in primis della consapevolezza sostenibile nel suo Staff. Per questo si fa promotrice di effettuare acquisti mediante i GAS (Gruppi di Acquisto Solidale), allo scopo di sostenere questo tipo di realt\u00e0, ridurre gli sprechi e diffondere la consapevolezza dell\u2019utilit\u00e0 e della qualit\u00e0 propria del cibo a Km 0.<\/p>\n<p><strong>ERS bounty<\/strong><\/p>\n<p>Questo progetto raduna una serie di iniziative nascenti proprio da membri dello Staff della Luiss Business School, per rendere i nostri ambienti sempre pi\u00f9 sostenibili. Ciascuno pu\u00f2 avanzare idee, affiancando a esse le motivazioni del beneficio che andranno a creare. Per generare nuovi protagonisti del cambiamento, acquisendo consapevolezza del proprio impatto.<\/p>\n<h3>Scholars<\/h3>\n<p><strong>Volontariato Accademico<\/strong><\/p>\n<p>Possibilit\u00e0 offerta ai nostri partner di fruire dell\u2019educational portfolio della Luiss Business School a prezzi vantaggiosi.<\/p>\n<p><strong>ERS challenge<\/strong><\/p>\n<p>Individuazione di un macro-tema annuale, declinato secondo ambito d\u2019insegnamento, da inserire in una o pi\u00f9 lezioni accademiche per Corso, allo scopo di diffondere la consapevolezza della Sostenibilit\u00e0 da parte degli accademici della Luiss Business School, per aderire agli Obiettivi di Sviluppo Sostenibile delle Nazioni Unite (SDG), promossi all\u2019interno dell\u2019Agenda 2030.<\/p>\n<p>All\u2019interno di questo progetto risiede anche incentivazione alla ricerca a proposito di tali temi.<\/p>\n<h3>Students<\/h3>\n<p><strong>Volunteers<\/strong><\/p>\n<p>Il CeSID promuove volontariato studentesco strutturato, al fine di coinvolgere gli studenti in attivit\u00e0 complementari ma non meno essenziali ai temi di studio, per tutti gli studenti che intendano investire il proprio tempo nella creazione di impatto sociale. Per generare valore e al contempo imprimere un asset qualitativo superiore ai leader di domani.<\/p>\n<p><strong>Supporters<\/strong><\/p>\n<p>Organizzazione di eventi incentrati sulla sostenibilit\u00e0 da parte degli studenti che si dimostrino maggiormente sensibilizzati al tema, coinvolgendo ONG e stakeholder. Perch\u00e9 la Luiss Business School si faccia promotrice della sostenibilit\u00e0, essa deve essere radicata nella nostra cultura interna.<\/p>\n<h3>Stakeholder<\/h3>\n<p><strong>Dialoghi sulla Sostenibilit\u00e0<\/strong><\/p>\n<p>Conferenze annuali ad alto valore per aumentare la consapevolezza sul tema della Sostenibilit\u00e0 e diffondere cultura aziendale in proposito, grazie all\u2019 intervento di personalit\u00e0 autorevoli che vengono direttamente coinvolte.<\/p>\n<p><strong>Riciclo Creativo<\/strong><\/p>\n<p>Rigenerazione di cancelleria aziendale grazie al coinvolgimento di un laboratorio creativo che conta sull\u2019impiego di personale con disabilit\u00e0: con il duplice scopo di ridurre gli sprechi, applicando un lavoro di qualit\u00e0 sia tecnica che estetica a pezzi di cancelleria sottraendoli al magazzino, e aiutare persone speciali a tirar fuori il loro potenziale.<\/p>\n","protected":false},"excerpt":{"rendered":"<p>Le attivit\u00e0 del CeSID si rivolgono universalmente a tutti coloro che hanno legami con la Luiss Business School, come Staff, [&hellip;]<\/p>\n","protected":false},"author":5,"featured_media":0,"parent":0,"menu_order":0,"comment_status":"closed","ping_status":"closed","template":"","meta":{"_acf_changed":false,"footnotes":""},"categories":[],"tags":[],"docenti_teaching_area":[],"docenti_research_area":[],"tematiche":[],"lingue":[],"lunghezza_corsi":[],"class_list":["post-338","page","type-page","status-publish","hentry"],"acf":[],"aioseo_notices":[],"_links":{"self":[{"href":"https:\/\/businessschool.luiss.it\/cesid\/wp-json\/wp\/v2\/pages\/338","targetHints":{"allow":["GET"]}}],"collection":[{"href":"https:\/\/businessschool.luiss.it\/cesid\/wp-json\/wp\/v2\/pages"}],"about":[{"href":"https:\/\/businessschool.luiss.it\/cesid\/wp-json\/wp\/v2\/types\/page"}],"author":[{"embeddable":true,"href":"https:\/\/businessschool.luiss.it\/cesid\/wp-json\/wp\/v2\/users\/5"}],"replies":[{"embeddable":true,"href":"https:\/\/businessschool.luiss.it\/cesid\/wp-json\/wp\/v2\/comments?post=338"}],"version-history":[{"count":0,"href":"https:\/\/businessschool.luiss.it\/cesid\/wp-json\/wp\/v2\/pages\/338\/revisions"}],"wp:attachment":[{"href":"https:\/\/businessschool.luiss.it\/cesid\/wp-json\/wp\/v2\/media?parent=338"}],"wp:term":[{"taxonomy":"category","embeddable":true,"href":"https:\/\/businessschool.luiss.it\/cesid\/wp-json\/wp\/v2\/categories?post=338"},{"taxonomy":"post_tag","embeddable":true,"href":"https:\/\/businessschool.luiss.it\/cesid\/wp-json\/wp\/v2\/tags?post=338"},{"taxonomy":"docenti_teaching_area","embeddable":true,"href":"https:\/\/businessschool.luiss.it\/cesid\/wp-json\/wp\/v2\/docenti_teaching_area?post=338"},{"taxonomy":"docenti_research_area","embeddable":true,"href":"https:\/\/businessschool.luiss.it\/cesid\/wp-json\/wp\/v2\/docenti_research_area?post=338"},{"taxonomy":"tematiche","embeddable":true,"href":"https:\/\/businessschool.luiss.it\/cesid\/wp-json\/wp\/v2\/tematiche?post=338"},{"taxonomy":"lingue","embeddable":true,"href":"https:\/\/businessschool.luiss.it\/cesid\/wp-json\/wp\/v2\/lingue?post=338"},{"taxonomy":"lunghezza_corsi","embeddable":true,"href":"https:\/\/businessschool.luiss.it\/cesid\/wp-json\/wp\/v2\/lunghezza_corsi?post=338"}],"curies":[{"name":"wp","href":"https:\/\/api.w.org\/{rel}","templated":true}]}}