{"id":2,"date":"2017-10-05T07:10:05","date_gmt":"2017-10-05T07:10:05","guid":{"rendered":"https:\/\/businessschool.luiss.it\/compliance-management\/?page_id=2"},"modified":"2021-06-10T10:09:28","modified_gmt":"2021-06-10T10:09:28","slug":"sample-page","status":"publish","type":"page","link":"https:\/\/businessschool.luiss.it\/compliance-management\/","title":{"rendered":"Overview"},"content":{"rendered":"<p><span data-contrast=\"none\">La gestione e il controllo dei rischi sono entrati prepotentemente nell\u2019agenda del management e nel dibattito nei settori legale e della governance aziendale.\u00a0\u00a0All\u2019interno di questi rischi, la dimensione della\u00a0<\/span><i><span data-contrast=\"none\">compliance<\/span><\/i><span data-contrast=\"none\">\u00a0\u00e8 sempre pi\u00f9 importante, pi\u00f9 ampia e necessariamente integrata e va affrontata secondo due prospettive:\u00a0<\/span><i><span data-contrast=\"none\">quella della creazione di valore e la prospettiva legata al rispetto di norme e regole.<\/span><\/i><span data-ccp-props=\"{&quot;201341983&quot;:1,&quot;335551550&quot;:6,&quot;335551620&quot;:6,&quot;335559685&quot;:1134,&quot;335559739&quot;:120,&quot;335559740&quot;:280}\">\u00a0<\/span><\/p>\n<h3><span data-contrast=\"none\">Obiettivi\u00a0<\/span><span data-ccp-props=\"{&quot;201341983&quot;:1,&quot;335559685&quot;:1134,&quot;335559738&quot;:600,&quot;335559739&quot;:120,&quot;335559740&quot;:320}\">\u00a0<\/span><\/h3>\n<p><span data-contrast=\"none\">L\u2019Executive\u00a0Programme\u00a0in\u00a0<\/span><b><span data-contrast=\"none\">Compliance Management<\/span><\/b><span data-contrast=\"none\">\u00a0costituisce un\u2019occasione importante per approfondire il tema della compliance in azienda in chiave strategica e integrata\u00a0e\u00a0nei suoi molteplici aspetti: fra gli altri, con riferimento al sistema dei controlli interni riconducibili alla\u00a0<\/span><b><span data-contrast=\"none\">governance<\/span><\/b><span data-contrast=\"none\">, alla\u00a0<\/span><b><span data-contrast=\"none\">sicurezza<\/span><\/b><span data-contrast=\"none\">\u00a0e salute sul lavoro, all\u2019<\/span><b><span data-contrast=\"none\">ambiente<\/span><\/b><span data-contrast=\"none\">, alla\u00a0<\/span><b><span data-contrast=\"none\">trasparenza<\/span><\/b><span data-contrast=\"none\">\u00a0e al\u00a0<\/span><b><span data-contrast=\"none\">riciclaggio<\/span><\/b><span data-contrast=\"none\">, alla\u00a0<\/span><b><span data-contrast=\"none\">normativa 231\/01<\/span><\/b><span data-contrast=\"none\">,\u00a0alla\u00a0<\/span><b><span data-contrast=\"none\">privacy<\/span><\/b><span data-contrast=\"none\">\u00a0ed alla\u00a0<\/span><b><span data-contrast=\"none\">cybersecurity<\/span><\/b><span data-contrast=\"none\">.\u00a0<\/span><span data-ccp-props=\"{&quot;201341983&quot;:1,&quot;335551550&quot;:6,&quot;335551620&quot;:6,&quot;335559685&quot;:1134,&quot;335559739&quot;:120,&quot;335559740&quot;:280}\">\u00a0<\/span><\/p>\n<p><span data-contrast=\"none\">Il programma vuole fornire una valida risposta alle esigenze di formazione, crescita e sviluppo professionale, facilitando progressi nel proprio percorso di carriera o aprendo nuove opportunit\u00e0.<\/span><span data-ccp-props=\"{&quot;201341983&quot;:1,&quot;335551550&quot;:6,&quot;335551620&quot;:6,&quot;335559685&quot;:1134,&quot;335559739&quot;:120,&quot;335559740&quot;:280}\">\u00a0<\/span><\/p>\n<h3><span data-contrast=\"none\">A chi \u00e8 rivolto<\/span><span data-ccp-props=\"{&quot;201341983&quot;:1,&quot;335559685&quot;:1134,&quot;335559738&quot;:480,&quot;335559739&quot;:120,&quot;335559740&quot;:320}\">\u00a0<\/span><\/h3>\n<p><span data-contrast=\"none\">Il\u00a0Il\u00a0programma si rivolge a quanti abbiano gi\u00e0 acquisito un\u2019esperienza lavorativa o professionale, non necessariamente nell\u2019ambito della compliance.<\/span><span data-ccp-props=\"{&quot;201341983&quot;:1,&quot;335551550&quot;:6,&quot;335551620&quot;:6,&quot;335559685&quot;:1134,&quot;335559739&quot;:120,&quot;335559740&quot;:280}\">\u00a0<\/span><\/p>\n<ul>\n<li data-leveltext=\"\u2022\" data-font=\"Arial\" data-listid=\"4\" aria-setsize=\"-1\" data-aria-posinset=\"1\" data-aria-level=\"1\"><span data-contrast=\"none\">Giuristi e Giuristi d\u2019impresa\u00a0<\/span><span data-ccp-props=\"{&quot;201341983&quot;:1,&quot;335551550&quot;:6,&quot;335551620&quot;:6,&quot;335559739&quot;:120,&quot;335559740&quot;:280}\">\u00a0<\/span><\/li>\n<li data-leveltext=\"\u2022\" data-font=\"Arial\" data-listid=\"4\" aria-setsize=\"-1\" data-aria-posinset=\"2\" data-aria-level=\"1\"><span data-contrast=\"none\">Operatori della Funzione di\u00a0Internal\u00a0Auditing\u00a0<\/span><span data-ccp-props=\"{&quot;201341983&quot;:1,&quot;335551550&quot;:6,&quot;335551620&quot;:6,&quot;335559739&quot;:120,&quot;335559740&quot;:280}\">\u00a0<\/span><\/li>\n<li data-leveltext=\"\u2022\" data-font=\"Arial\" data-listid=\"4\" aria-setsize=\"-1\" data-aria-posinset=\"3\" data-aria-level=\"1\"><span data-contrast=\"none\">Risk Manager e Compliance\u00a0Officer\u00a0<\/span><span data-ccp-props=\"{&quot;201341983&quot;:1,&quot;335551550&quot;:6,&quot;335551620&quot;:6,&quot;335559739&quot;:120,&quot;335559740&quot;:280}\">\u00a0<\/span><\/li>\n<\/ul>\n<ul>\n<li data-leveltext=\"\u2022\" data-font=\"Arial\" data-listid=\"4\" aria-setsize=\"-1\" data-aria-posinset=\"1\" data-aria-level=\"1\"><span data-contrast=\"none\">Dottori Commercialisti\u00a0<\/span><span data-ccp-props=\"{&quot;201341983&quot;:1,&quot;335551550&quot;:6,&quot;335551620&quot;:6,&quot;335559739&quot;:120,&quot;335559740&quot;:280}\">\u00a0<\/span><\/li>\n<li data-leveltext=\"\u2022\" data-font=\"Arial\" data-listid=\"4\" aria-setsize=\"-1\" data-aria-posinset=\"2\" data-aria-level=\"1\"><span data-contrast=\"none\">Amministratori e Componenti di Organi di Controllo\u00a0<\/span><span data-ccp-props=\"{&quot;201341983&quot;:1,&quot;335551550&quot;:6,&quot;335551620&quot;:6,&quot;335559739&quot;:120,&quot;335559740&quot;:280}\">\u00a0<\/span><\/li>\n<li data-leveltext=\"\u2022\" data-font=\"Arial\" data-listid=\"4\" aria-setsize=\"-1\" data-aria-posinset=\"3\" data-aria-level=\"1\"><span data-contrast=\"none\">Operatori di Societ\u00e0 di Consulenza e Revisione<\/span><span data-ccp-props=\"{&quot;201341983&quot;:1,&quot;335551550&quot;:6,&quot;335551620&quot;:6,&quot;335559739&quot;:120,&quot;335559740&quot;:280}\">\u00a0<\/span><\/li>\n<\/ul>\n<h3><span data-contrast=\"none\">Attestato di partecipazione<\/span><span data-ccp-props=\"{&quot;201341983&quot;:1,&quot;335559685&quot;:1134,&quot;335559738&quot;:480,&quot;335559739&quot;:120,&quot;335559740&quot;:320}\">\u00a0<\/span><\/h3>\n<p><span data-contrast=\"none\">Al termine del corso verr\u00e0 rilasciato un attestato di partecipazione a coloro che avranno frequentato almeno l\u201980% delle attivit\u00e0 di formazione previste dal programma.<\/span><span data-ccp-props=\"{&quot;201341983&quot;:1,&quot;335551550&quot;:6,&quot;335551620&quot;:6,&quot;335559685&quot;:1134,&quot;335559739&quot;:120,&quot;335559740&quot;:280}\">\u00a0<\/span><\/p>\n","protected":false},"excerpt":{"rendered":"<p>La gestione e il controllo dei rischi sono entrati prepotentemente nell\u2019agenda del management e nel dibattito nei settori legale e [&hellip;]<\/p>\n","protected":false},"author":1,"featured_media":0,"parent":0,"menu_order":0,"comment_status":"closed","ping_status":"closed","template":"page-default.php","meta":{"_acf_changed":false,"footnotes":""},"categories":[],"tags":[],"docenti_teaching_area":[],"docenti_research_area":[],"tematiche":[],"lingue":[],"lunghezza_corsi":[],"class_list":["post-2","page","type-page","status-publish","hentry"],"acf":[],"aioseo_notices":[],"_links":{"self":[{"href":"https:\/\/businessschool.luiss.it\/compliance-management\/wp-json\/wp\/v2\/pages\/2","targetHints":{"allow":["GET"]}}],"collection":[{"href":"https:\/\/businessschool.luiss.it\/compliance-management\/wp-json\/wp\/v2\/pages"}],"about":[{"href":"https:\/\/businessschool.luiss.it\/compliance-management\/wp-json\/wp\/v2\/types\/page"}],"author":[{"embeddable":true,"href":"https:\/\/businessschool.luiss.it\/compliance-management\/wp-json\/wp\/v2\/users\/1"}],"replies":[{"embeddable":true,"href":"https:\/\/businessschool.luiss.it\/compliance-management\/wp-json\/wp\/v2\/comments?post=2"}],"version-history":[{"count":3,"href":"https:\/\/businessschool.luiss.it\/compliance-management\/wp-json\/wp\/v2\/pages\/2\/revisions"}],"predecessor-version":[{"id":458,"href":"https:\/\/businessschool.luiss.it\/compliance-management\/wp-json\/wp\/v2\/pages\/2\/revisions\/458"}],"wp:attachment":[{"href":"https:\/\/businessschool.luiss.it\/compliance-management\/wp-json\/wp\/v2\/media?parent=2"}],"wp:term":[{"taxonomy":"category","embeddable":true,"href":"https:\/\/businessschool.luiss.it\/compliance-management\/wp-json\/wp\/v2\/categories?post=2"},{"taxonomy":"post_tag","embeddable":true,"href":"https:\/\/businessschool.luiss.it\/compliance-management\/wp-json\/wp\/v2\/tags?post=2"},{"taxonomy":"docenti_teaching_area","embeddable":true,"href":"https:\/\/businessschool.luiss.it\/compliance-management\/wp-json\/wp\/v2\/docenti_teaching_area?post=2"},{"taxonomy":"docenti_research_area","embeddable":true,"href":"https:\/\/businessschool.luiss.it\/compliance-management\/wp-json\/wp\/v2\/docenti_research_area?post=2"},{"taxonomy":"tematiche","embeddable":true,"href":"https:\/\/businessschool.luiss.it\/compliance-management\/wp-json\/wp\/v2\/tematiche?post=2"},{"taxonomy":"lingue","embeddable":true,"href":"https:\/\/businessschool.luiss.it\/compliance-management\/wp-json\/wp\/v2\/lingue?post=2"},{"taxonomy":"lunghezza_corsi","embeddable":true,"href":"https:\/\/businessschool.luiss.it\/compliance-management\/wp-json\/wp\/v2\/lunghezza_corsi?post=2"}],"curies":[{"name":"wp","href":"https:\/\/api.w.org\/{rel}","templated":true}]}}