{"id":803,"date":"2017-10-30T09:27:29","date_gmt":"2017-10-30T09:27:29","guid":{"rendered":"https:\/\/businessschool.luiss.it\/corporare-finance-banking-major-finanza-aziendale\/?page_id=803"},"modified":"2026-04-24T15:32:05","modified_gmt":"2026-04-24T15:32:05","slug":"curriculum","status":"publish","type":"page","link":"https:\/\/businessschool.luiss.it\/corporare-finance-banking-major-finanza-aziendale\/curriculum\/","title":{"rendered":"Curriculum"},"content":{"rendered":"\n<p>Il curriculum del Major in Amministrazione, Finanza e Controllo, del Master in Financial Management, \u00e8 disegnato con l\u2019obiettivo di assicurare e supportare in maniera progressiva la crescita professionale e personale dei partecipanti. L\u2019esperienza formativa \u00e8 composta da lezioni, casi studio, sessioni di lavoro di gruppo. Prevede inoltre il coinvolgimento di una faculty di alto livello, composta da accademici e professionisti.<\/p>\n\n\n\n<p>Per tutta la durata del Master, gli studenti riceveranno dal Career Service un supporto costante che li aiuti ad acquisire e sviluppare competenze utili a incrementare la propria spendibilit\u00e0 nel mercato del lavoro. Il Career Service offrir\u00e0 anche supporto diretto nella ricerca di un tirocinio curriculare.<\/p>\n\n\n\n<h3 class=\"wp-block-heading\">Induction week<\/h3>\n\n\n\n<p>L\u2019induction week \u00e8 la settimana introduttiva al Major in Amministrazione, Finanza e Controllo, durante la quale gli studenti potranno ambientarsi e prendere confidenza con la vita del campus. Verranno organizzati laboratori di ice-breaking, seminari, workshop e presentazioni. Gli studenti avranno l\u2019occasione di conoscere i propri compagni di corso, i servizi e le attivit\u00e0 curriculari ed extra-curriculari previste dal Programma.<\/p>\n\n\n\n<h3 class=\"wp-block-heading\">General management<\/h3>\n\n\n\n<p>I corsi in general management mirano a fornire a tutti gli studenti le basi di Business e Management necessarie per comprendere i concetti che verranno introdotti durante i corsi core e di specializzazione di ciascun master.<\/p>\n\n\n\n<ul class=\"wp-block-list\">\n<li>Contabilit\u00e0 e Bilancio<\/li>\n\n\n\n<li>Strategia<\/li>\n\n\n\n<li>Compliance and Risk Management<\/li>\n\n\n\n<li>Metodi Quantitativi per la Finanza<\/li>\n\n\n\n<li>Financial Management<\/li>\n<\/ul>\n\n\n\n<h3 class=\"wp-block-heading\">Corsi core<\/h3>\n\n\n\n<p>I corsi core hanno lo scopo di introdurre agli studenti i concetti chiave legati alla industry del Master. Tali corsi forniscono i principi e le competenze necessari per acquisire una conoscenza pi\u00f9 completa del settore.<\/p>\n\n\n\n<ul class=\"wp-block-list\">\n<li>Bilancio Consolidato<\/li>\n\n\n\n<li>Fondamenti di Analisi Finanziaria: Budgeting and Reporting<\/li>\n\n\n\n<li>Principi Contabili Nazionali e Internazionali<\/li>\n\n\n\n<li>Managerial control<\/li>\n\n\n\n<li>Analisi e Gestione di Bilancio<\/li>\n\n\n\n<li>Law and Finance<\/li>\n<\/ul>\n\n\n\n<h3 class=\"wp-block-heading\">Corsi di specializzazione<\/h3>\n\n\n\n<p>I corsi di specializzazione offrono una prospettiva approfondita degli aspetti specifici legati alla industry del Master e forniscono un approccio prettamente pratico.<\/p>\n\n\n\n<ul class=\"wp-block-list\">\n<li>Redditivit\u00e0 e Misurazione della Performance<\/li>\n\n\n\n<li>Strategia Finanziaria e Business Plan<\/li>\n\n\n\n<li>Pianificazione e Controllo: Business Analytics<\/li>\n\n\n\n<li>Operazioni di Finanza Straordinaria<\/li>\n\n\n\n<li>Tax Planning<\/li>\n\n\n\n<li>Metodi di Valutazione Finanziaria<\/li>\n\n\n\n<li>Digital Finance<\/li>\n\n\n\n<li>Pianificazione e controllo di gestione nelle PMI<\/li>\n\n\n\n<li>Private Equity e Venture Capital<\/li>\n<\/ul>\n\n\n\n<h3 class=\"wp-block-heading\">Challenge<\/h3>\n\n\n\n<p>Durante le lezioni in aula, gli studenti saranno coinvolti in una challenge commissionata dalle aziende partner del Master, finalizzata a trovare soluzioni innovative a reali esigenze di business. Tale attivit\u00e0 prevedr\u00e0 la supervisione di un tutor aziendale e consentir\u00e0 agli allievi di sviluppare competenze trasversali, mettendo in pratica gli insegnamenti appresi.<\/p>\n\n\n\n<h3 class=\"wp-block-heading\">Learning lab<\/h3>\n\n\n\n<p>I laboratori favoriscono la crescita personale dei partecipanti, guidandoli nello sviluppo di abilit\u00e0 trasversali e soft skill. Gli allievi prenderanno parte a sessioni pratiche, durante le quali potranno coltivare la flessibilit\u00e0 intellettuale, accrescere la capacit\u00e0 di problem solving e imparare ad adattarsi a situazioni diverse, perfezionando la propria sensibilit\u00e0 interculturale.<\/p>\n\n\n\n<h3 class=\"wp-block-heading\">Calendario Accademico<\/h3>\n\n\n\n<p>Il Master Financial Management \u2013 Major in Amministrazione, Finanza e Controllo ha una durata di 12 mesi ed \u00e8 suddiviso in 4 term.<\/p>\n\n\n\n<p>Term 1: ottobre-dicembre 2026<br>Term 2: gennaio-marzo 2027<br>Term 3: aprile-maggio 2027<br>Term 4: maggio-giugno 2027 fino alla conclusione del tirocinio<\/p>\n\n\n\n<p>Il calendario accademico potrebbe subire variazioni durante l\u2019anno. Per ricevere maggiori informazioni \u00e8 possibile inviare un\u2019e-mail all\u2019indirizzo <a href=\"mailto:master@luissbusinessschool.it\">master@luissbusinessschool.it<\/a>.<\/p>\n","protected":false},"excerpt":{"rendered":"<p>Il curriculum del Major in Amministrazione, Finanza e Controllo, del Master in Financial Management, \u00e8 disegnato con l\u2019obiettivo di assicurare [&hellip;]<\/p>\n","protected":false},"author":5,"featured_media":0,"parent":0,"menu_order":0,"comment_status":"closed","ping_status":"closed","template":"page-default.php","meta":{"_acf_changed":false,"footnotes":""},"categories":[],"tags":[],"docenti_teaching_area":[],"docenti_research_area":[],"tematiche":[],"lingue":[],"lunghezza_corsi":[],"class_list":["post-803","page","type-page","status-publish","hentry"],"acf":[],"aioseo_notices":[],"_links":{"self":[{"href":"https:\/\/businessschool.luiss.it\/corporare-finance-banking-major-finanza-aziendale\/wp-json\/wp\/v2\/pages\/803","targetHints":{"allow":["GET"]}}],"collection":[{"href":"https:\/\/businessschool.luiss.it\/corporare-finance-banking-major-finanza-aziendale\/wp-json\/wp\/v2\/pages"}],"about":[{"href":"https:\/\/businessschool.luiss.it\/corporare-finance-banking-major-finanza-aziendale\/wp-json\/wp\/v2\/types\/page"}],"author":[{"embeddable":true,"href":"https:\/\/businessschool.luiss.it\/corporare-finance-banking-major-finanza-aziendale\/wp-json\/wp\/v2\/users\/5"}],"replies":[{"embeddable":true,"href":"https:\/\/businessschool.luiss.it\/corporare-finance-banking-major-finanza-aziendale\/wp-json\/wp\/v2\/comments?post=803"}],"version-history":[{"count":6,"href":"https:\/\/businessschool.luiss.it\/corporare-finance-banking-major-finanza-aziendale\/wp-json\/wp\/v2\/pages\/803\/revisions"}],"predecessor-version":[{"id":1464,"href":"https:\/\/businessschool.luiss.it\/corporare-finance-banking-major-finanza-aziendale\/wp-json\/wp\/v2\/pages\/803\/revisions\/1464"}],"wp:attachment":[{"href":"https:\/\/businessschool.luiss.it\/corporare-finance-banking-major-finanza-aziendale\/wp-json\/wp\/v2\/media?parent=803"}],"wp:term":[{"taxonomy":"category","embeddable":true,"href":"https:\/\/businessschool.luiss.it\/corporare-finance-banking-major-finanza-aziendale\/wp-json\/wp\/v2\/categories?post=803"},{"taxonomy":"post_tag","embeddable":true,"href":"https:\/\/businessschool.luiss.it\/corporare-finance-banking-major-finanza-aziendale\/wp-json\/wp\/v2\/tags?post=803"},{"taxonomy":"docenti_teaching_area","embeddable":true,"href":"https:\/\/businessschool.luiss.it\/corporare-finance-banking-major-finanza-aziendale\/wp-json\/wp\/v2\/docenti_teaching_area?post=803"},{"taxonomy":"docenti_research_area","embeddable":true,"href":"https:\/\/businessschool.luiss.it\/corporare-finance-banking-major-finanza-aziendale\/wp-json\/wp\/v2\/docenti_research_area?post=803"},{"taxonomy":"tematiche","embeddable":true,"href":"https:\/\/businessschool.luiss.it\/corporare-finance-banking-major-finanza-aziendale\/wp-json\/wp\/v2\/tematiche?post=803"},{"taxonomy":"lingue","embeddable":true,"href":"https:\/\/businessschool.luiss.it\/corporare-finance-banking-major-finanza-aziendale\/wp-json\/wp\/v2\/lingue?post=803"},{"taxonomy":"lunghezza_corsi","embeddable":true,"href":"https:\/\/businessschool.luiss.it\/corporare-finance-banking-major-finanza-aziendale\/wp-json\/wp\/v2\/lunghezza_corsi?post=803"}],"curies":[{"name":"wp","href":"https:\/\/api.w.org\/{rel}","templated":true}]}}