{"id":248,"date":"2018-05-03T14:36:15","date_gmt":"2018-05-03T14:36:15","guid":{"rendered":"https:\/\/businessschool.luiss.it\/entrepreneurship\/?page_id=248"},"modified":"2026-03-10T14:50:38","modified_gmt":"2026-03-10T14:50:38","slug":"curriculum","status":"publish","type":"page","link":"https:\/\/businessschool.luiss.it\/entrepreneurship\/curriculum\/","title":{"rendered":"Curriculum"},"content":{"rendered":"\n<p>Il curriculum del Major in&nbsp;<strong>Imprenditorialit\u00e0 e Start Up Management<\/strong> \u00e8 disegnato con l\u2019obiettivo di assicurare e supportare in maniera progressiva la crescita professionale e personale dei partecipanti. L\u2019esperienza formativa \u00e8 composta da lezioni, casi studio, sessioni di lavoro di gruppo. Prevede inoltre il coinvolgimento di una faculty di alto livello, composta da accademici e professionisti.<\/p>\n\n\n\n<p>Per tutta la durata del Programma, gli studenti riceveranno dal Career Service un supporto costante che li aiuti ad acquisire e sviluppare competenze utili a incrementare la propria spendibilit\u00e0 nel mercato del lavoro. Il Career Service offrir\u00e0 anche supporto diretto nella ricerca di un tirocinio curriculare.<\/p>\n\n\n\n<h3 class=\"wp-block-heading\">Induction week<\/h3>\n\n\n\n<p>L\u2019induction week \u00e8 la settimana introduttiva al Programma, durante la quale gli studenti potranno ambientarsi e prendere confidenza con la vita del campus. Verranno organizzati laboratori di ice-breaking, seminari, workshop e presentazioni. Gli studenti avranno l\u2019occasione di conoscere i propri compagni di corso, i servizi e le attivit\u00e0 curriculari ed extra-curriculari previste dal Programma.<\/p>\n\n\n\n<h3 class=\"wp-block-heading\">General management<\/h3>\n\n\n\n<p>I corsi in general management mirano a fornire a tutti gli studenti le basi di Business e Management necessarie per comprendere i concetti che verranno introdotti durante i corsi core e di specializzazione di ciascun master.<\/p>\n\n\n\n<ul class=\"wp-block-list\">\n<li>Strategia<\/li>\n\n\n\n<li>Fondamenti di Marketing<\/li>\n\n\n\n<li>Contabilit\u00e0 e bilancio<\/li>\n\n\n\n<li>Finanza<\/li>\n\n\n\n<li>Diritto d\u2019impresa<\/li>\n\n\n\n<li>Economics of strategy<\/li>\n\n\n\n<li>Organizzazione e People Management<\/li>\n<\/ul>\n\n\n\n<h3 class=\"wp-block-heading\">Corsi core<\/h3>\n\n\n\n<p>I corsi core hanno lo scopo di introdurre agli studenti i concetti chiave legati alla industry del Master. Tali corsi forniscono i principi e le competenze necessari per acquisire una conoscenza pi\u00f9 completa del settore.<\/p>\n\n\n\n<ul class=\"wp-block-list\">\n<li>Imprenditorialit\u00e0 e gestione dei progetti start-up<\/li>\n\n\n\n<li>Il mindset imprenditoriale<\/li>\n\n\n\n<li>Innovazione e propriet\u00e0 intelletuale<\/li>\n\n\n\n<li>Business Planning &amp; Financing&nbsp;<\/li>\n\n\n\n<li>Market traction e crescita<\/li>\n\n\n\n<li>Entrepreneurship Lab<\/li>\n<\/ul>\n\n\n\n<h3 class=\"wp-block-heading\">Learning lab<\/h3>\n\n\n\n<p>I laboratori favoriscono la crescita personale dei partecipanti, guidandoli nello sviluppo di abilit\u00e0 trasversali e soft skill. Gli allievi prenderanno parte a sessioni pratiche, durante le quali potranno coltivare la flessibilit\u00e0 intellettuale, accrescere la capacit\u00e0 di problem solving e imparare ad adattarsi a situazioni diverse, perfezionando la propria sensibilit\u00e0 interculturale.<\/p>\n\n\n\n<h3 class=\"wp-block-heading\">Study Tour<\/h3>\n\n\n\n<p>Ad integrazione della fase d\u2019aula, il Major prevede uno Study Tour presso incubatori e strutture ad alta vocazione imprenditoriale.<\/p>\n\n\n\n<h3 class=\"wp-block-heading\">Tirocinio<\/h3>\n\n\n\n<p>Il tirocinio curriculare \u00e8 generalmente svolto al termine del Major in&nbsp;<strong>Imprenditorialit\u00e0 e Start Up Management<\/strong> e rappresenta per gli studenti l\u2019opportunit\u00e0 di combinare teoria e pratica, entrando in contatto diretto con figure professionali di settore. Il Career Service fornisce supporto nella ricerca delle opportunit\u00e0 di tirocinio, contribuendo cos\u00ec a espandere le prospettive di carriera&nbsp;dei partecipanti, offrendo loro la possibilit\u00e0 di acquisire l\u2019esperienza lavorativa necessaria per incrementare e migliorare le proprie abilit\u00e0, ed estendere il proprio business network.<\/p>\n\n\n\n<h3 class=\"wp-block-heading\">Calendario Accademico<\/h3>\n\n\n\n<p>Il Master ha una durata di 12 mesi ed \u00e8 suddiviso in 4 term.<\/p>\n\n\n\n<p><strong>Term 1<\/strong><br>ottobre-dicembre 2026<\/p>\n\n\n\n<p><strong>Term 2<\/strong><br>gennaio-marzo 2027<\/p>\n\n\n\n<p><strong>Term 3<\/strong><br>aprile-maggio 2027<\/p>\n\n\n\n<p><strong>Term 4<\/strong><br>Da maggio\/ giugno 2027 fino alla conclusione del tirocinio.<\/p>\n\n\n\n<p><br>Il calendario accademico potrebbe subire variazioni durante l\u2019anno. Per ricevere maggiori informazioni \u00e8 possibile inviare un\u2019e-mail all\u2019indirizzo <a href=\"mailto:master@luissbusinessschool.it\">master@luissbusinessschool.it<\/a>.<\/p>\n","protected":false},"excerpt":{"rendered":"<p>Il curriculum del Major in&nbsp;Imprenditorialit\u00e0 e Start Up Management \u00e8 disegnato con l\u2019obiettivo di assicurare e supportare in maniera progressiva [&hellip;]<\/p>\n","protected":false},"author":5,"featured_media":0,"parent":0,"menu_order":0,"comment_status":"closed","ping_status":"closed","template":"page-default.php","meta":{"_acf_changed":false,"footnotes":""},"categories":[],"tags":[],"docenti_teaching_area":[],"docenti_research_area":[],"tematiche":[],"lingue":[],"lunghezza_corsi":[],"class_list":["post-248","page","type-page","status-publish","hentry"],"acf":[],"aioseo_notices":[],"_links":{"self":[{"href":"https:\/\/businessschool.luiss.it\/entrepreneurship\/wp-json\/wp\/v2\/pages\/248","targetHints":{"allow":["GET"]}}],"collection":[{"href":"https:\/\/businessschool.luiss.it\/entrepreneurship\/wp-json\/wp\/v2\/pages"}],"about":[{"href":"https:\/\/businessschool.luiss.it\/entrepreneurship\/wp-json\/wp\/v2\/types\/page"}],"author":[{"embeddable":true,"href":"https:\/\/businessschool.luiss.it\/entrepreneurship\/wp-json\/wp\/v2\/users\/5"}],"replies":[{"embeddable":true,"href":"https:\/\/businessschool.luiss.it\/entrepreneurship\/wp-json\/wp\/v2\/comments?post=248"}],"version-history":[{"count":6,"href":"https:\/\/businessschool.luiss.it\/entrepreneurship\/wp-json\/wp\/v2\/pages\/248\/revisions"}],"predecessor-version":[{"id":716,"href":"https:\/\/businessschool.luiss.it\/entrepreneurship\/wp-json\/wp\/v2\/pages\/248\/revisions\/716"}],"wp:attachment":[{"href":"https:\/\/businessschool.luiss.it\/entrepreneurship\/wp-json\/wp\/v2\/media?parent=248"}],"wp:term":[{"taxonomy":"category","embeddable":true,"href":"https:\/\/businessschool.luiss.it\/entrepreneurship\/wp-json\/wp\/v2\/categories?post=248"},{"taxonomy":"post_tag","embeddable":true,"href":"https:\/\/businessschool.luiss.it\/entrepreneurship\/wp-json\/wp\/v2\/tags?post=248"},{"taxonomy":"docenti_teaching_area","embeddable":true,"href":"https:\/\/businessschool.luiss.it\/entrepreneurship\/wp-json\/wp\/v2\/docenti_teaching_area?post=248"},{"taxonomy":"docenti_research_area","embeddable":true,"href":"https:\/\/businessschool.luiss.it\/entrepreneurship\/wp-json\/wp\/v2\/docenti_research_area?post=248"},{"taxonomy":"tematiche","embeddable":true,"href":"https:\/\/businessschool.luiss.it\/entrepreneurship\/wp-json\/wp\/v2\/tematiche?post=248"},{"taxonomy":"lingue","embeddable":true,"href":"https:\/\/businessschool.luiss.it\/entrepreneurship\/wp-json\/wp\/v2\/lingue?post=248"},{"taxonomy":"lunghezza_corsi","embeddable":true,"href":"https:\/\/businessschool.luiss.it\/entrepreneurship\/wp-json\/wp\/v2\/lunghezza_corsi?post=248"}],"curies":[{"name":"wp","href":"https:\/\/api.w.org\/{rel}","templated":true}]}}