{"id":518,"date":"2022-03-18T11:24:41","date_gmt":"2022-03-18T11:24:41","guid":{"rendered":"https:\/\/businessschool.luiss.it\/eref\/?page_id=518"},"modified":"2024-05-03T12:31:15","modified_gmt":"2024-05-03T12:31:15","slug":"partner","status":"publish","type":"page","link":"https:\/\/businessschool.luiss.it\/eref\/partner\/","title":{"rendered":"Partner"},"content":{"rendered":"\n<figure class=\"wp-block-image size-large is-resized\"><img loading=\"lazy\" decoding=\"async\" src=\"https:\/\/businessschool.luiss.it\/executive-master-real-estate-finance\/wp-content\/uploads\/sites\/146\/2022\/03\/Logo-eFM.jpg\" alt=\"\" class=\"wp-image-177\" width=\"273\" height=\"273\"\/><\/figure>\n\n\n\n<p><strong>eFM<\/strong>\u00a0\u00e8 un\u2019azienda piattaforma \u2013 presente nei quattro continenti \u2013 che si occupa di spazi abitati a partire dalle relazioni e agisce in modo ecosistemico. Riconosce nel dato l\u2019elemento cruciale di ogni attivit\u00e0 perch\u00e9 \u00e8 proprio il dato a garantire una lettura dinamica della realt\u00e0 e a generare nuovi scenari. eFM progetta, realizza e gestisce gli immobili considerando il loro intero ciclo. Attraverso l\u2019app MYSPOT abilita spazi distribuiti e condivisi e attua lo Smart Contract, un contratto intelligente che si autoesegue e certifica la corretta esecuzione delle attivit\u00e0 di gestione. Con il progetto Hubquarter \u00e8 in grado di mettere in rete gli asset immobiliari pubblici e privati del Paese e trasformare l\u2019infrastruttura esistente nello spazio di lavoro condiviso pi\u00f9 grande al mondo.<\/p>\n\n\n\n<figure class=\"wp-block-image size-large is-resized\"><a href=\"https:\/\/businessschool.luiss.it\/eref\/wp-content\/uploads\/sites\/17\/2024\/05\/Logo.RGB-01.jpg\"><img loading=\"lazy\" decoding=\"async\" src=\"https:\/\/businessschool.luiss.it\/eref\/wp-content\/uploads\/sites\/17\/2024\/05\/Logo.RGB-01-1024x1024.jpg\" alt=\"\" class=\"wp-image-545\" width=\"334\" height=\"334\" srcset=\"https:\/\/businessschool.luiss.it\/eref\/wp-content\/uploads\/sites\/17\/2024\/05\/Logo.RGB-01-1024x1024.jpg 1024w, https:\/\/businessschool.luiss.it\/eref\/wp-content\/uploads\/sites\/17\/2024\/05\/Logo.RGB-01-300x300.jpg 300w, https:\/\/businessschool.luiss.it\/eref\/wp-content\/uploads\/sites\/17\/2024\/05\/Logo.RGB-01-150x150.jpg 150w, https:\/\/businessschool.luiss.it\/eref\/wp-content\/uploads\/sites\/17\/2024\/05\/Logo.RGB-01-768x768.jpg 768w, https:\/\/businessschool.luiss.it\/eref\/wp-content\/uploads\/sites\/17\/2024\/05\/Logo.RGB-01.jpg 1181w\" sizes=\"auto, (max-width: 334px) 100vw, 334px\" \/><\/a><\/figure>\n\n\n\n<p>Il major in Real Estate Finance dell\u2019Executive Master in Financial Management \u00e8 svolto in collaborazione con LOGIM Real Estate, societ\u00e0 di consulenza che opera nell\u2019ambito sia nazionale che internazionale del settore immobiliare da oltre 15 anni. Le sue operazioni si concentrano sullo sviluppo di soluzioni innovative che soddisfano le reali esigenze del settore immobiliare dall\u2019ambito residenziale, a quello commerciale e direzionale.<\/p>\n","protected":false},"excerpt":{"rendered":"<p>eFM\u00a0\u00e8 un\u2019azienda piattaforma \u2013 presente nei quattro continenti \u2013 che si occupa di spazi abitati a partire dalle relazioni e [&hellip;]<\/p>\n","protected":false},"author":13,"featured_media":0,"parent":0,"menu_order":0,"comment_status":"closed","ping_status":"closed","template":"","meta":{"_acf_changed":false,"footnotes":""},"categories":[],"tags":[],"docenti_teaching_area":[],"docenti_research_area":[],"tematiche":[],"lingue":[],"lunghezza_corsi":[],"class_list":["post-518","page","type-page","status-publish","hentry"],"acf":[],"aioseo_notices":[],"_links":{"self":[{"href":"https:\/\/businessschool.luiss.it\/eref\/wp-json\/wp\/v2\/pages\/518","targetHints":{"allow":["GET"]}}],"collection":[{"href":"https:\/\/businessschool.luiss.it\/eref\/wp-json\/wp\/v2\/pages"}],"about":[{"href":"https:\/\/businessschool.luiss.it\/eref\/wp-json\/wp\/v2\/types\/page"}],"author":[{"embeddable":true,"href":"https:\/\/businessschool.luiss.it\/eref\/wp-json\/wp\/v2\/users\/13"}],"replies":[{"embeddable":true,"href":"https:\/\/businessschool.luiss.it\/eref\/wp-json\/wp\/v2\/comments?post=518"}],"version-history":[{"count":4,"href":"https:\/\/businessschool.luiss.it\/eref\/wp-json\/wp\/v2\/pages\/518\/revisions"}],"predecessor-version":[{"id":547,"href":"https:\/\/businessschool.luiss.it\/eref\/wp-json\/wp\/v2\/pages\/518\/revisions\/547"}],"wp:attachment":[{"href":"https:\/\/businessschool.luiss.it\/eref\/wp-json\/wp\/v2\/media?parent=518"}],"wp:term":[{"taxonomy":"category","embeddable":true,"href":"https:\/\/businessschool.luiss.it\/eref\/wp-json\/wp\/v2\/categories?post=518"},{"taxonomy":"post_tag","embeddable":true,"href":"https:\/\/businessschool.luiss.it\/eref\/wp-json\/wp\/v2\/tags?post=518"},{"taxonomy":"docenti_teaching_area","embeddable":true,"href":"https:\/\/businessschool.luiss.it\/eref\/wp-json\/wp\/v2\/docenti_teaching_area?post=518"},{"taxonomy":"docenti_research_area","embeddable":true,"href":"https:\/\/businessschool.luiss.it\/eref\/wp-json\/wp\/v2\/docenti_research_area?post=518"},{"taxonomy":"tematiche","embeddable":true,"href":"https:\/\/businessschool.luiss.it\/eref\/wp-json\/wp\/v2\/tematiche?post=518"},{"taxonomy":"lingue","embeddable":true,"href":"https:\/\/businessschool.luiss.it\/eref\/wp-json\/wp\/v2\/lingue?post=518"},{"taxonomy":"lunghezza_corsi","embeddable":true,"href":"https:\/\/businessschool.luiss.it\/eref\/wp-json\/wp\/v2\/lunghezza_corsi?post=518"}],"curies":[{"name":"wp","href":"https:\/\/api.w.org\/{rel}","templated":true}]}}