{"id":2,"date":"2020-07-31T12:27:38","date_gmt":"2020-07-31T10:27:38","guid":{"rendered":"https:\/\/businessschool.luiss.it\/executive-course-rating-legalita\/?page_id=2"},"modified":"2021-08-31T15:57:42","modified_gmt":"2021-08-31T13:57:42","slug":"pagina-di-esempio","status":"publish","type":"page","link":"https:\/\/businessschool.luiss.it\/executive-course-rating-legalita\/","title":{"rendered":"Executive Course Rating della Legalit\u00e0"},"content":{"rendered":"<p>Sempre di pi\u00f9 il sistema di controllo e prevenzione dei fenomeni di illegalit\u00e0 si interseca e si integra con l\u2019attivit\u00e0 delle stazioni appaltanti, con i sistemi di qualificazione degli operatori economici, e con i criteri di premialit\u00e0 previsti nelle gare d\u2019appalto. Fin dal 2012 l\u2019Autorit\u00e0 Garante della Concorrenza e del Merca-to (A.G.C.M.) ha realizzato un rilevante sistema con finalit\u00e0 an-che di garanzia e controllo dell\u2019equilibrio del \u201cmercato\u201d, che si \u00e8 ormai inserito stabilmente nell\u2019ordinamento giuridico e nel sistema economico armonizzandosi con altri istituti a presidio della legalit\u00e0, trasparenza e competitivit\u00e0.<\/p>\n<h3>Obiettivi<\/h3>\n<p>L\u2019Executive Course Rating della Legalit\u00e0 mira a fornire gli strumenti per una piena comprensione dell\u2019art. 5-ter del D.L. 1\/2012 che, concretamente attuato dall\u2019A.G.C.M. con Delibera del 14.11.2012, n. 24075, si colloca oggi quale punto di intersezione ideale tra la previgente disciplina della responsabilit\u00e0 amministrativa degli enti (D.Lgs. 231\/2002), la coeva legislazione anticorruzione (L. 190\/2012) e le sopravvenute normative sulla trasparenza amministrativa (D.Lgs. 33\/2013) e sui contratti pubblici (D.Lgs. 50\/2016 e D.Lgs. 56\/2017).<\/p>\n<h3>A chi \u00e8 rivolto<\/h3>\n<p>Alle imprese e a tutti gli operatori economici che considerano la reputazione un asset aziendale importante, che intendono imperniare il loro business su solidi principi etici, che mirano a perfezionare l\u2019organizzazione aziendale con strumenti atti a prevenire condotte illecite, e che intendono avvalersi di un istituto che consente di tutelare e incrementare la competitivit\u00e0 nel mercato.<\/p>\n","protected":false},"excerpt":{"rendered":"<p>Sempre di pi\u00f9 il sistema di controllo e prevenzione dei fenomeni di illegalit\u00e0 si interseca e si integra con l\u2019attivit\u00e0 [&hellip;]<\/p>\n","protected":false},"author":1,"featured_media":0,"parent":0,"menu_order":0,"comment_status":"closed","ping_status":"open","template":"page-default.php","meta":{"_acf_changed":false,"footnotes":""},"categories":[],"tags":[],"docenti_teaching_area":[],"docenti_research_area":[],"tematiche":[],"lingue":[],"lunghezza_corsi":[],"class_list":["post-2","page","type-page","status-publish","hentry"],"acf":[],"aioseo_notices":[],"_links":{"self":[{"href":"https:\/\/businessschool.luiss.it\/executive-course-rating-legalita\/wp-json\/wp\/v2\/pages\/2","targetHints":{"allow":["GET"]}}],"collection":[{"href":"https:\/\/businessschool.luiss.it\/executive-course-rating-legalita\/wp-json\/wp\/v2\/pages"}],"about":[{"href":"https:\/\/businessschool.luiss.it\/executive-course-rating-legalita\/wp-json\/wp\/v2\/types\/page"}],"author":[{"embeddable":true,"href":"https:\/\/businessschool.luiss.it\/executive-course-rating-legalita\/wp-json\/wp\/v2\/users\/1"}],"replies":[{"embeddable":true,"href":"https:\/\/businessschool.luiss.it\/executive-course-rating-legalita\/wp-json\/wp\/v2\/comments?post=2"}],"version-history":[{"count":3,"href":"https:\/\/businessschool.luiss.it\/executive-course-rating-legalita\/wp-json\/wp\/v2\/pages\/2\/revisions"}],"predecessor-version":[{"id":112,"href":"https:\/\/businessschool.luiss.it\/executive-course-rating-legalita\/wp-json\/wp\/v2\/pages\/2\/revisions\/112"}],"wp:attachment":[{"href":"https:\/\/businessschool.luiss.it\/executive-course-rating-legalita\/wp-json\/wp\/v2\/media?parent=2"}],"wp:term":[{"taxonomy":"category","embeddable":true,"href":"https:\/\/businessschool.luiss.it\/executive-course-rating-legalita\/wp-json\/wp\/v2\/categories?post=2"},{"taxonomy":"post_tag","embeddable":true,"href":"https:\/\/businessschool.luiss.it\/executive-course-rating-legalita\/wp-json\/wp\/v2\/tags?post=2"},{"taxonomy":"docenti_teaching_area","embeddable":true,"href":"https:\/\/businessschool.luiss.it\/executive-course-rating-legalita\/wp-json\/wp\/v2\/docenti_teaching_area?post=2"},{"taxonomy":"docenti_research_area","embeddable":true,"href":"https:\/\/businessschool.luiss.it\/executive-course-rating-legalita\/wp-json\/wp\/v2\/docenti_research_area?post=2"},{"taxonomy":"tematiche","embeddable":true,"href":"https:\/\/businessschool.luiss.it\/executive-course-rating-legalita\/wp-json\/wp\/v2\/tematiche?post=2"},{"taxonomy":"lingue","embeddable":true,"href":"https:\/\/businessschool.luiss.it\/executive-course-rating-legalita\/wp-json\/wp\/v2\/lingue?post=2"},{"taxonomy":"lunghezza_corsi","embeddable":true,"href":"https:\/\/businessschool.luiss.it\/executive-course-rating-legalita\/wp-json\/wp\/v2\/lunghezza_corsi?post=2"}],"curies":[{"name":"wp","href":"https:\/\/api.w.org\/{rel}","templated":true}]}}