{"id":55,"date":"2021-07-06T12:52:40","date_gmt":"2021-07-06T10:52:40","guid":{"rendered":"https:\/\/businessschool.luiss.it\/executive-master-circular-economy-management\/?page_id=55"},"modified":"2023-12-21T09:29:19","modified_gmt":"2023-12-21T08:29:19","slug":"come-iscriversi","status":"publish","type":"page","link":"https:\/\/businessschool.luiss.it\/executive-master-circular-economy-management\/come-iscriversi\/","title":{"rendered":"Come iscriversi"},"content":{"rendered":"\n<h3 class=\"wp-block-heading\">Ammissione e iscrizione<\/h3>\n\n\n\n<p>Per iscriversi all\u2019Executive Master \u00e8 necessario superare il test di ammissione che valuta le capacit\u00e0, la motivazione e il potenziale dei candidati. Il test pu\u00f2 essere sostenuto in sede oppure da remoto.<\/p>\n\n\n\n<h3 class=\"wp-block-heading\">Requisiti di ammissione<\/h3>\n\n\n\n<ul class=\"wp-block-list\">\n<li>Laurea di II livello o a ciclo unico<\/li>\n\n\n\n<li>Test di ammissione Luiss Business School<\/li>\n<\/ul>\n\n\n\n<h3 class=\"wp-block-heading\">Test di ammissione<\/h3>\n\n\n\n<p>Il test di ammissione \u00e8 composto da:<\/p>\n\n\n\n<ul class=\"wp-block-list\">\n<li><strong>test di lingua inglese<\/strong>: un test scritto con domande a risposta multipla (i candidati in possesso di un certificato TOEFL\/IELTS con elevato punteggio e in corso di validit\u00e0, possono essere esonerati dal test d\u2019inglese)<\/li>\n\n\n\n<li><strong>test di logica induttiva, numerica e deduttiva<\/strong>: un test scritto con domande a risposta multipla (i candidati in possesso di un certificato GMAT\/GRE con elevato punteggio e in corso di validit\u00e0, possono essere esonerati dal test di logica)<\/li>\n\n\n\n<li><strong>colloquio motivazionale<\/strong><\/li>\n<\/ul>\n\n\n\n<h3 class=\"wp-block-heading\">Esonero dal Test di Ammissione<\/h3>\n\n\n\n<ul class=\"wp-block-list\">\n<li><strong>GMAT\/GRE per il Test di Logica <\/strong>Non \u00e8 richiesto un punteggio minimo. Gli score GMAT e GRE dei candidati ammessi variano a seconda delle classi, tuttavia, \u00e8 insolito ammettere candidati con un punteggio complessivo inferiore a 550 per il GMAT e 145 per il GRE.<\/li>\n\n\n\n<li><strong>IELTS\/TOEFL per il Test di lingua inglese <\/strong>\u00c8 richiesto un punteggio minimo di 7.0 per l\u2019IELTS e 100 per il TOEFL che attesti il livello avanzato di conoscenza della lingua inglese.<\/li>\n<\/ul>\n\n\n\n<h3 class=\"wp-block-heading\">Documentazione richiesta<\/h3>\n\n\n\n<p>Per partecipare al test di ammissione \u00e8 necessario compilare il <a href=\"https:\/\/businessschool.luiss.it\/application\/?pid=P-000178\">form<\/a> e sar\u00e0 richiesta la seguente documentazione:<\/p>\n\n\n\n<ul class=\"wp-block-list\">\n<li>copia del certificato di laurea*<\/li>\n\n\n\n<li>CV<\/li>\n\n\n\n<li>copia di un documento di identit\u00e0<\/li>\n\n\n\n<li>fototessera digitale<\/li>\n\n\n\n<li>ricevuta di pagamento della quota di partecipazione alle selezioni pari a \u20ac 100 (non rimborsabile)<\/li>\n\n\n\n<li>eventuale Certificato TOEFL\/IELTS (opzionale)<\/li>\n\n\n\n<li>eventuale Certificato GMAT\/GRE (opzionale)<\/li>\n<\/ul>\n\n\n\n<p>I candidati con un titolo estero dovranno anche inviare la seguente documentazione aggiuntiva per la valutazione:<\/p>\n\n\n\n<ul class=\"wp-block-list\">\n<li>copia del certificato di laurea sia in lingua originale che in lingua inglese*<\/li>\n\n\n\n<li>transcript dei voti in lingua inglese<\/li>\n\n\n\n<li>diploma supplement (opzionale)<\/li>\n<\/ul>\n\n\n\n<p>* i candidati non ancora in possesso del certificato di laurea potranno fornire l\u2019autocertificazione utilizzando il format Luiss Business School disponibile <a href=\"https:\/\/businessschool.luiss.it\/wp-content\/uploads\/2021\/01\/Autocertificazione-2021.pdf\">QUI<\/a>.<\/p>\n\n\n\n<h3 class=\"wp-block-heading\">Pagamento della quota d\u2019accesso alle selezioni<\/h3>\n\n\n\n<p>Il pagamento della quota d\u2019accesso alle selezioni pu\u00f2 essere effettuato con un pagamento online oppure tramite bonifico bancario. Le ricevute di pagamento dovranno essere inoltrate insieme alla documentazione sopra indicata.<\/p>\n\n\n\n<p><strong>Pagamento online<\/strong><\/p>\n\n\n\n<p><button class=\"snipcart-add-item button button__primary\" data-item-id=\"65\" data-item-price=\"100\" data-item-url=\"https:\/\/businessschool.luiss.it\/executive-master-circular-economy-management\/come-iscriversi\/\" data-item-description=\"Pagamento dell\u2019admission fee Luiss Business School\" data-item-image=\"https:\/\/businessschool.luiss.it\/wp-content\/uploads\/2020\/07\/EX-Accounting-Finance-Control-e1595589201297.jpg\" data-item-name=\"Admission fee - Sustainable Mobility\">Paga Ora<\/button><\/p>\n\n\n\n<p><strong>Coordinate bancarie<\/strong>&nbsp;<\/p>\n\n\n\n<p class=\"x_MsoNormal\">Banca: Intesa Sanpaolo \u2013 filiale n. 06793 Piazza Bologna n. 45, 00162 Roma<br>Intestazione: Luiss Business School<\/p>\n\n\n\n<p class=\"x_MsoNormal\"><span lang=\"EN-US\">C\/C N.100000064006<\/span><\/p>\n\n\n\n<p class=\"x_MsoNormal\"><span lang=\"EN-US\">IBAN: IT17H0306905060100000064006<br>BIC\/SWIFT: &nbsp;BCITITMM<\/span><\/p>\n\n\n\n<p><\/p>\n","protected":false},"excerpt":{"rendered":"<p>Ammissione e iscrizione Per iscriversi all\u2019Executive Master \u00e8 necessario superare il test di ammissione che valuta le capacit\u00e0, la motivazione [&hellip;]<\/p>\n","protected":false},"author":13,"featured_media":0,"parent":0,"menu_order":0,"comment_status":"closed","ping_status":"closed","template":"","meta":{"_acf_changed":false,"footnotes":""},"categories":[],"tags":[],"docenti_teaching_area":[],"docenti_research_area":[],"tematiche":[],"lingue":[],"lunghezza_corsi":[],"class_list":["post-55","page","type-page","status-publish","hentry"],"acf":[],"aioseo_notices":[],"_links":{"self":[{"href":"https:\/\/businessschool.luiss.it\/executive-master-circular-economy-management\/wp-json\/wp\/v2\/pages\/55","targetHints":{"allow":["GET"]}}],"collection":[{"href":"https:\/\/businessschool.luiss.it\/executive-master-circular-economy-management\/wp-json\/wp\/v2\/pages"}],"about":[{"href":"https:\/\/businessschool.luiss.it\/executive-master-circular-economy-management\/wp-json\/wp\/v2\/types\/page"}],"author":[{"embeddable":true,"href":"https:\/\/businessschool.luiss.it\/executive-master-circular-economy-management\/wp-json\/wp\/v2\/users\/13"}],"replies":[{"embeddable":true,"href":"https:\/\/businessschool.luiss.it\/executive-master-circular-economy-management\/wp-json\/wp\/v2\/comments?post=55"}],"version-history":[{"count":5,"href":"https:\/\/businessschool.luiss.it\/executive-master-circular-economy-management\/wp-json\/wp\/v2\/pages\/55\/revisions"}],"predecessor-version":[{"id":243,"href":"https:\/\/businessschool.luiss.it\/executive-master-circular-economy-management\/wp-json\/wp\/v2\/pages\/55\/revisions\/243"}],"wp:attachment":[{"href":"https:\/\/businessschool.luiss.it\/executive-master-circular-economy-management\/wp-json\/wp\/v2\/media?parent=55"}],"wp:term":[{"taxonomy":"category","embeddable":true,"href":"https:\/\/businessschool.luiss.it\/executive-master-circular-economy-management\/wp-json\/wp\/v2\/categories?post=55"},{"taxonomy":"post_tag","embeddable":true,"href":"https:\/\/businessschool.luiss.it\/executive-master-circular-economy-management\/wp-json\/wp\/v2\/tags?post=55"},{"taxonomy":"docenti_teaching_area","embeddable":true,"href":"https:\/\/businessschool.luiss.it\/executive-master-circular-economy-management\/wp-json\/wp\/v2\/docenti_teaching_area?post=55"},{"taxonomy":"docenti_research_area","embeddable":true,"href":"https:\/\/businessschool.luiss.it\/executive-master-circular-economy-management\/wp-json\/wp\/v2\/docenti_research_area?post=55"},{"taxonomy":"tematiche","embeddable":true,"href":"https:\/\/businessschool.luiss.it\/executive-master-circular-economy-management\/wp-json\/wp\/v2\/tematiche?post=55"},{"taxonomy":"lingue","embeddable":true,"href":"https:\/\/businessschool.luiss.it\/executive-master-circular-economy-management\/wp-json\/wp\/v2\/lingue?post=55"},{"taxonomy":"lunghezza_corsi","embeddable":true,"href":"https:\/\/businessschool.luiss.it\/executive-master-circular-economy-management\/wp-json\/wp\/v2\/lunghezza_corsi?post=55"}],"curies":[{"name":"wp","href":"https:\/\/api.w.org\/{rel}","templated":true}]}}