{"id":247,"date":"2017-10-17T07:34:29","date_gmt":"2017-10-17T07:34:29","guid":{"rendered":"https:\/\/businessschool.luiss.it\/five-stars-hotel-management\/?page_id=247"},"modified":"2024-02-01T15:00:50","modified_gmt":"2024-02-01T15:00:50","slug":"curriculum","status":"publish","type":"page","link":"https:\/\/businessschool.luiss.it\/five-stars-hotel-management\/curriculum\/","title":{"rendered":"Curriculum"},"content":{"rendered":"\n<p>Il curriculum del Corso di alta formazione Five Stars Hotel Management \u00e8 ideato con l\u2019obiettivo di assicurare e supportare in maniera progressiva la crescita professionale e personale dei partecipanti. L\u2019esperienza formativa \u00e8 composta da lezioni, casi studio, sessioni di lavoro di gruppo, stage finale. Prevede inoltre il coinvolgimento di una Faculty di alto livello, composta da accademici e professionisti.<br>La fase d\u2019aula si conclude con il project work che permette di combinare teoria e pratica.<\/p>\n\n\n\n<p>Il format di erogazione della didattica comprende 5 mesi di lezioni frontali in aula e massimo 5 mesi di stage.<\/p>\n\n\n\n<figure class=\"wp-block-image size-full is-resized\"><img loading=\"lazy\" decoding=\"async\" src=\"https:\/\/businessschool.luiss.it\/five-stars-hotel-management\/wp-content\/uploads\/sites\/58\/2024\/02\/Senza-titolo.png\" alt=\"\" class=\"wp-image-465\" width=\"298\" height=\"175\" srcset=\"https:\/\/businessschool.luiss.it\/five-stars-hotel-management\/wp-content\/uploads\/sites\/58\/2024\/02\/Senza-titolo.png 594w, https:\/\/businessschool.luiss.it\/five-stars-hotel-management\/wp-content\/uploads\/sites\/58\/2024\/02\/Senza-titolo-300x176.png 300w\" sizes=\"auto, (max-width: 298px) 100vw, 298px\" \/><\/figure>\n\n\n\n<p>La fase d\u2019aula comprende:<\/p>\n\n\n\n<ol class=\"wp-block-list\" type=\"1\">\n<li>Moduli di General Management<\/li>\n\n\n\n<li>Moduli su tematiche dell\u2019Hospitality Management<\/li>\n<\/ol>\n\n\n\n<p>Durante il percorso di stage si preveda l\u2019applicazione pratica delle conoscenze acquisite nella fase d\u2019aula.<\/p>\n\n\n\n<p>Il corso Five Stars Hotel Management&nbsp;inizier\u00e0 al Forte Village Resort&nbsp;nel mese di febbraio 2024. L\u2019idea di base \u00e8 quella di stare in aula sino a giugno per poi proseguire in stage sino a novembre. Al termine della fase d\u2019aula verr\u00e0 proposto un&nbsp;<em>ASSESSMENT PSICOLOGICO<\/em>&nbsp;che possa valutare il profilo in entrata degli studenti e monitorarne l\u2019evoluzione lungo tutto il percorso successivo di stage (<em>COACHING<\/em>).<\/p>\n\n\n\n<h3 class=\"wp-block-heading\">Preparatory courses (General Management)<\/h3>\n\n\n\n<p>I preparatory courses mirano a fornire a tutti gli studenti le basi necessarie per comprendere i concetti che verranno introdotti durante il Corso.<\/p>\n\n\n\n<ul class=\"wp-block-list\">\n<li>Accounting<\/li>\n\n\n\n<li>Financial Management<\/li>\n\n\n\n<li>Economics of Strategy<\/li>\n\n\n\n<li><span data-contrast=\"none\">Unform System of account<\/span><span data-ccp-props=\"{&quot;201341983&quot;:0,&quot;335559739&quot;:160,&quot;335559740&quot;:240}\">&nbsp;<\/span><\/li>\n\n\n\n<li>Marketing<\/li>\n\n\n\n<li>Strategy<\/li>\n\n\n\n<li>Business Planning<\/li>\n\n\n\n<li>Company Organization<\/li>\n<\/ul>\n\n\n\n<h3 class=\"wp-block-heading\">Corsi core (Hospitality Management)<\/h3>\n\n\n\n<p>I corsi core hanno lo scopo di introdurre agli studenti i concetti chiave legati all\u2019Hospitality industry.<\/p>\n\n\n\n<ul class=\"wp-block-list\">\n<li>Hotel Operation Management<\/li>\n\n\n\n<li>Food &amp; Beverage Management<\/li>\n\n\n\n<li>Room Division<\/li>\n\n\n\n<li>Reception &amp; Concierge<\/li>\n\n\n\n<li>Housekeeping<\/li>\n\n\n\n<li>Purchaising Office<\/li>\n\n\n\n<li>Sales &amp; Marketing<\/li>\n\n\n\n<li>Organisation &amp; HRM in Tourism<\/li>\n\n\n\n<li>Promotion &amp; Communication<\/li>\n\n\n\n<li>SPA Management<\/li>\n\n\n\n<li>MICE<\/li>\n\n\n\n<li>Human Resources Management<\/li>\n\n\n\n<li>Revenue Management<\/li>\n\n\n\n<li><span data-contrast=\"none\">Sustainability in hospitality<\/span><span data-ccp-props=\"{&quot;201341983&quot;:0,&quot;335559739&quot;:160,&quot;335559740&quot;:240}\">&nbsp;<\/span><\/li>\n\n\n\n<li><span data-contrast=\"none\">Event design<\/span><span data-ccp-props=\"{&quot;201341983&quot;:0,&quot;335559739&quot;:160,&quot;335559740&quot;:240}\">&nbsp;<\/span><\/li>\n\n\n\n<li><span data-contrast=\"none\">Aviation<\/span><span data-ccp-props=\"{&quot;201341983&quot;:0,&quot;335559739&quot;:160,&quot;335559740&quot;:240}\">&nbsp;<\/span><\/li>\n\n\n\n<li><span data-contrast=\"none\">Manage unexpected events<\/span><span data-ccp-props=\"{&quot;201341983&quot;:0,&quot;335559739&quot;:160,&quot;335559740&quot;:240}\">&nbsp;<\/span><\/li>\n\n\n\n<li>&nbsp;<\/li>\n<\/ul>\n\n\n\n<h3 class=\"wp-block-heading\">Laboratories<\/h3>\n\n\n\n<ul class=\"wp-block-list\">\n<li>Opera Fidelio System<\/li>\n\n\n\n<li>Guest Service Activity by The International Butler Academy<\/li>\n\n\n\n<li>Business Game \u2013 Simulazione della gestione di una struttura alberghiera<\/li>\n\n\n\n<li>Cross training on the job<\/li>\n\n\n\n<li><span data-contrast=\"none\">Mental coaching<\/span><span data-ccp-props=\"{&quot;201341983&quot;:0,&quot;335559739&quot;:160,&quot;335559740&quot;:240}\">&nbsp;<\/span><\/li>\n<\/ul>\n\n\n\n<h3 class=\"wp-block-heading\">Transversal skills<\/h3>\n\n\n\n<ul class=\"wp-block-list\">\n<li>Linguistic Intelligence<\/li>\n\n\n\n<li>Public speaking<\/li>\n\n\n\n<li>Situational leadership<\/li>\n\n\n\n<li>Emotional Intelligence<\/li>\n\n\n\n<li>Theatre<\/li>\n<\/ul>\n\n\n\n<h3 class=\"wp-block-heading\">Project work<\/h3>\n\n\n\n<p>Il project work consente ai partecipanti di mettere in pratica le loro capacit\u00e0 creative.<br>Un lavoro di gruppo dove i partecipanti hanno la possibilit\u00e0 di confrontarsi, affrontando alcune delle problematiche relative ai diversi reparti alberghieri e impegnandosi per trovare delle soluzioni.<br>Il project work si svolge nell\u2019arco dell\u2019intera fase di didattica in aula e gli studenti saranno costantemente seguiti dal Management Board. Il project work costituisce un elemento cruciale per alimentare lo spirito competitivo, il raggiungimento di obiettivi e la capacit\u00e0 di problem solving.<br>Alla fine del Corso, gli studenti presenteranno una relazione sul progetto svolto a una commissione esaminatrice che valuter\u00e0 il progetto.<\/p>\n\n\n\n<h3 class=\"wp-block-heading\">Stage<\/h3>\n\n\n\n<p>Lo stage dovr\u00e0 essere capitalizzato al massimo dal punto di vista esperienziale e formativo. Preveder\u00e0 un percorso&nbsp;<em>TAILOR MADE<\/em>programmato che possa consentire a ogni studente una rotazione tra i vari reparti della struttura (es. un mese per reparto). Gli studenti dovranno essere suddivisi per piccoli gruppi (es. 5 partecipanti) ed affidati ad un&nbsp;<em>TUTOR&nbsp;<\/em>&nbsp;che potrebbe essere anche il capo reparto. Il tutor sar\u00e0 formato\/informato sulle modalit\u00e0 di svolgimento dello stage e sulle &nbsp;relazioni che dovranno intercorrere tra lui e lo stagista seguendo un protocollo prestabilito.<\/p>\n\n\n\n<h3 class=\"wp-block-heading\">Calendario Accademico<\/h3>\n\n\n\n<p>Il Corso di alta formazione in Five Stars Hotel Management ha una durata di 10 mesi ed \u00e8 suddiviso in 3 term.<br>Il calendario accademico potrebbe subire variazioni durante l\u2019anno. Per ricevere maggiori informazioni \u00e8 possibile inviare un\u2019e-mail all\u2019indirizzo <a href=\"mailto:master@luissbusinessschool.it\">master@luissbusinessschool.it<\/a> e <span lang=\"EN-US\"><a contenteditable=\"false\" href=\"mailto:hotelbusinesschool@gmail.com\" title=\"mailto:hotelbusinesschool@gmail.com\"><span lang=\"IT\">hotelbusinesschool@gmail.com<\/span><\/a><\/span><\/p>\n\n\n\n<h3 class=\"wp-block-heading\">Attivit\u00e0 ludiche<\/h3>\n\n\n\n<p>La partenza del corso in concomitanza con l\u2019apertura del resort consentir\u00e0 lo sviluppo di un programma per le attivit\u00e0 ludiche, stile campus, che possano essere praticate dagli studenti nel tempo libero. Tali attivit\u00e0 potranno essere riconducibili a: tornei sportivi (calcetto, padel, bike, ecc.); cene programmate in diga; cinema; gare di kart; altre attivit\u00e0 in armonia con le sport academy.<\/p>\n","protected":false},"excerpt":{"rendered":"<p>Il curriculum del Corso di alta formazione Five Stars Hotel Management \u00e8 ideato con l\u2019obiettivo di assicurare e supportare in [&hellip;]<\/p>\n","protected":false},"author":5,"featured_media":0,"parent":0,"menu_order":0,"comment_status":"closed","ping_status":"closed","template":"page-default.php","meta":{"_acf_changed":false,"footnotes":""},"categories":[],"tags":[],"docenti_teaching_area":[],"docenti_research_area":[],"tematiche":[],"lingue":[],"lunghezza_corsi":[],"class_list":["post-247","page","type-page","status-publish","hentry"],"acf":[],"aioseo_notices":[],"_links":{"self":[{"href":"https:\/\/businessschool.luiss.it\/five-stars-hotel-management\/wp-json\/wp\/v2\/pages\/247","targetHints":{"allow":["GET"]}}],"collection":[{"href":"https:\/\/businessschool.luiss.it\/five-stars-hotel-management\/wp-json\/wp\/v2\/pages"}],"about":[{"href":"https:\/\/businessschool.luiss.it\/five-stars-hotel-management\/wp-json\/wp\/v2\/types\/page"}],"author":[{"embeddable":true,"href":"https:\/\/businessschool.luiss.it\/five-stars-hotel-management\/wp-json\/wp\/v2\/users\/5"}],"replies":[{"embeddable":true,"href":"https:\/\/businessschool.luiss.it\/five-stars-hotel-management\/wp-json\/wp\/v2\/comments?post=247"}],"version-history":[{"count":6,"href":"https:\/\/businessschool.luiss.it\/five-stars-hotel-management\/wp-json\/wp\/v2\/pages\/247\/revisions"}],"predecessor-version":[{"id":467,"href":"https:\/\/businessschool.luiss.it\/five-stars-hotel-management\/wp-json\/wp\/v2\/pages\/247\/revisions\/467"}],"wp:attachment":[{"href":"https:\/\/businessschool.luiss.it\/five-stars-hotel-management\/wp-json\/wp\/v2\/media?parent=247"}],"wp:term":[{"taxonomy":"category","embeddable":true,"href":"https:\/\/businessschool.luiss.it\/five-stars-hotel-management\/wp-json\/wp\/v2\/categories?post=247"},{"taxonomy":"post_tag","embeddable":true,"href":"https:\/\/businessschool.luiss.it\/five-stars-hotel-management\/wp-json\/wp\/v2\/tags?post=247"},{"taxonomy":"docenti_teaching_area","embeddable":true,"href":"https:\/\/businessschool.luiss.it\/five-stars-hotel-management\/wp-json\/wp\/v2\/docenti_teaching_area?post=247"},{"taxonomy":"docenti_research_area","embeddable":true,"href":"https:\/\/businessschool.luiss.it\/five-stars-hotel-management\/wp-json\/wp\/v2\/docenti_research_area?post=247"},{"taxonomy":"tematiche","embeddable":true,"href":"https:\/\/businessschool.luiss.it\/five-stars-hotel-management\/wp-json\/wp\/v2\/tematiche?post=247"},{"taxonomy":"lingue","embeddable":true,"href":"https:\/\/businessschool.luiss.it\/five-stars-hotel-management\/wp-json\/wp\/v2\/lingue?post=247"},{"taxonomy":"lunghezza_corsi","embeddable":true,"href":"https:\/\/businessschool.luiss.it\/five-stars-hotel-management\/wp-json\/wp\/v2\/lunghezza_corsi?post=247"}],"curies":[{"name":"wp","href":"https:\/\/api.w.org\/{rel}","templated":true}]}}