{"id":2,"date":"2024-05-22T17:23:35","date_gmt":"2024-05-22T15:23:35","guid":{"rendered":"https:\/\/businessschool.luiss.it\/fondimpresa\/?page_id=2"},"modified":"2024-06-10T15:05:24","modified_gmt":"2024-06-10T13:05:24","slug":"fondimpresa-i-rapporti-di-ricerca-sugli-interventi-finanziati-2019-2022","status":"publish","type":"page","link":"https:\/\/businessschool.luiss.it\/fondimpresa\/","title":{"rendered":"Il contesto di riferimento"},"content":{"rendered":"<div class=\"wp-block-image\">\n<figure class=\"aligncenter size-large is-resized\"><img loading=\"lazy\" decoding=\"async\" src=\"https:\/\/businessschool.luiss.it\/fondimpresa\/wp-content\/uploads\/sites\/289\/2024\/05\/Logo-Fondimpresa-2024-con-payoff-1024x307.png\" alt=\"Fondimpresa (logo)\" class=\"wp-image-37\" width=\"287\" height=\"85\" srcset=\"https:\/\/businessschool.luiss.it\/fondimpresa\/wp-content\/uploads\/sites\/289\/2024\/05\/Logo-Fondimpresa-2024-con-payoff-1024x307.png 1024w, https:\/\/businessschool.luiss.it\/fondimpresa\/wp-content\/uploads\/sites\/289\/2024\/05\/Logo-Fondimpresa-2024-con-payoff-300x90.png 300w, https:\/\/businessschool.luiss.it\/fondimpresa\/wp-content\/uploads\/sites\/289\/2024\/05\/Logo-Fondimpresa-2024-con-payoff-768x231.png 768w, https:\/\/businessschool.luiss.it\/fondimpresa\/wp-content\/uploads\/sites\/289\/2024\/05\/Logo-Fondimpresa-2024-con-payoff.png 1306w\" sizes=\"auto, (max-width: 287px) 100vw, 287px\" \/><\/figure><\/div>\n\n\n<div class=\"wp-block-columns is-layout-flex wp-container-core-columns-is-layout-1 wp-block-columns-is-layout-flex\">\n<div class=\"wp-block-column is-layout-flow wp-block-column-is-layout-flow\">\n<div style=\"height:25px\" aria-hidden=\"true\" class=\"wp-block-spacer\"><\/div>\n\n\n\n<figure class=\"wp-block-image size-large is-resized\"><img loading=\"lazy\" decoding=\"async\" src=\"https:\/\/businessschool.luiss.it\/fondimpresa\/wp-content\/uploads\/sites\/289\/2024\/05\/Luiss_logo-1024x186.png\" alt=\"Luiss (Logo)\" class=\"wp-image-15\" width=\"176\" height=\"32\" srcset=\"https:\/\/businessschool.luiss.it\/fondimpresa\/wp-content\/uploads\/sites\/289\/2024\/05\/Luiss_logo-1024x186.png 1024w, https:\/\/businessschool.luiss.it\/fondimpresa\/wp-content\/uploads\/sites\/289\/2024\/05\/Luiss_logo-300x54.png 300w, https:\/\/businessschool.luiss.it\/fondimpresa\/wp-content\/uploads\/sites\/289\/2024\/05\/Luiss_logo-768x139.png 768w, https:\/\/businessschool.luiss.it\/fondimpresa\/wp-content\/uploads\/sites\/289\/2024\/05\/Luiss_logo-1536x278.png 1536w, https:\/\/businessschool.luiss.it\/fondimpresa\/wp-content\/uploads\/sites\/289\/2024\/05\/Luiss_logo-2048x371.png 2048w\" sizes=\"auto, (max-width: 176px) 100vw, 176px\" \/><\/figure>\n<\/div>\n\n\n\n<div class=\"wp-block-column is-layout-flow wp-block-column-is-layout-flow\"><div class=\"wp-block-image\">\n<figure class=\"aligncenter size-large is-resized\"><img loading=\"lazy\" decoding=\"async\" src=\"https:\/\/businessschool.luiss.it\/fondimpresa\/wp-content\/uploads\/sites\/289\/2024\/05\/logo-FDV-vettoriale-1024x820.png\" alt=\"FDV (Logo)\" class=\"wp-image-17\" width=\"142\" height=\"113\" srcset=\"https:\/\/businessschool.luiss.it\/fondimpresa\/wp-content\/uploads\/sites\/289\/2024\/05\/logo-FDV-vettoriale-1024x820.png 1024w, https:\/\/businessschool.luiss.it\/fondimpresa\/wp-content\/uploads\/sites\/289\/2024\/05\/logo-FDV-vettoriale-300x240.png 300w, https:\/\/businessschool.luiss.it\/fondimpresa\/wp-content\/uploads\/sites\/289\/2024\/05\/logo-FDV-vettoriale-768x615.png 768w, https:\/\/businessschool.luiss.it\/fondimpresa\/wp-content\/uploads\/sites\/289\/2024\/05\/logo-FDV-vettoriale-1536x1231.png 1536w, https:\/\/businessschool.luiss.it\/fondimpresa\/wp-content\/uploads\/sites\/289\/2024\/05\/logo-FDV-vettoriale-2048x1641.png 2048w\" sizes=\"auto, (max-width: 142px) 100vw, 142px\" \/><\/figure><\/div><\/div>\n\n\n\n<div class=\"wp-block-column is-layout-flow wp-block-column-is-layout-flow\">\n<figure class=\"wp-block-image size-large is-resized\"><img loading=\"lazy\" decoding=\"async\" src=\"https:\/\/businessschool.luiss.it\/fondimpresa\/wp-content\/uploads\/sites\/289\/2024\/05\/fondazione-adapt-1024x724.png\" alt=\"Fondazione Adapt (logo)(\" class=\"wp-image-18\" width=\"216\" height=\"153\" srcset=\"https:\/\/businessschool.luiss.it\/fondimpresa\/wp-content\/uploads\/sites\/289\/2024\/05\/fondazione-adapt-1024x724.png 1024w, https:\/\/businessschool.luiss.it\/fondimpresa\/wp-content\/uploads\/sites\/289\/2024\/05\/fondazione-adapt-300x212.png 300w, https:\/\/businessschool.luiss.it\/fondimpresa\/wp-content\/uploads\/sites\/289\/2024\/05\/fondazione-adapt-768x543.png 768w, https:\/\/businessschool.luiss.it\/fondimpresa\/wp-content\/uploads\/sites\/289\/2024\/05\/fondazione-adapt-1536x1086.png 1536w, https:\/\/businessschool.luiss.it\/fondimpresa\/wp-content\/uploads\/sites\/289\/2024\/05\/fondazione-adapt-2048x1448.png 2048w\" sizes=\"auto, (max-width: 216px) 100vw, 216px\" \/><\/figure>\n<\/div>\n\n\n\n<div class=\"wp-block-column is-layout-flow wp-block-column-is-layout-flow\">\n<figure class=\"wp-block-image size-large is-resized\"><img loading=\"lazy\" decoding=\"async\" src=\"https:\/\/businessschool.luiss.it\/fondimpresa\/wp-content\/uploads\/sites\/289\/2024\/05\/Logo-Eures-1024x607.png\" alt=\"EU.R.E.S. (Logo)\" class=\"wp-image-19\" width=\"198\" height=\"118\" srcset=\"https:\/\/businessschool.luiss.it\/fondimpresa\/wp-content\/uploads\/sites\/289\/2024\/05\/Logo-Eures-1024x607.png 1024w, https:\/\/businessschool.luiss.it\/fondimpresa\/wp-content\/uploads\/sites\/289\/2024\/05\/Logo-Eures-300x178.png 300w, https:\/\/businessschool.luiss.it\/fondimpresa\/wp-content\/uploads\/sites\/289\/2024\/05\/Logo-Eures-768x455.png 768w, https:\/\/businessschool.luiss.it\/fondimpresa\/wp-content\/uploads\/sites\/289\/2024\/05\/Logo-Eures-1536x911.png 1536w, https:\/\/businessschool.luiss.it\/fondimpresa\/wp-content\/uploads\/sites\/289\/2024\/05\/Logo-Eures-2048x1214.png 2048w\" sizes=\"auto, (max-width: 198px) 100vw, 198px\" \/><\/figure>\n<\/div>\n<\/div>\n\n\n\n<p>La formazione continua riveste un ruolo fondamentale nel contesto lavorativo contemporaneo, contribuendo alla crescita delle competenze dei lavoratori e alla competitivit\u00e0 delle imprese. In questo scenario, Fondimpresa emerge come un attore chiave nel sistema dei Fondi Interprofessionali paritetici.<\/p>\n\n\n\n<p><strong>Fondimpresa<\/strong>, istituito attraverso un accordo interconfederale sottoscritto da Confindustria, CGIL, CISL e UIL, contribuisce in modo significativo alla promozione della formazione continua come strumento essenziale per lo sviluppo socio-economico sostenibile.<\/p>\n\n\n\n<p>Il Fondo agisce, infatti, come catalizzatore per la progettazione, l&#8217;implementazione e il monitoraggio di piani formativi, sia a livello aziendale che territoriale e settoriale, lavorando in stretta collaborazione con le parti sociali.<\/p>\n\n\n\n<p>Il servizio di consulenza nel settore della ricerca economico-sociale, finalizzato alla realizzazione dei <strong>Rapporti sugli interventi finanziati da Fondimpresa<\/strong> (<strong>2019 <\/strong>&#8211; <strong>2020 <\/strong>&#8211; <strong>2021<\/strong>&#8211; <strong>2022<\/strong>), si inserisce in questo scenario in cui emerge chiaramente l&#8217;importanza della formazione come strumento indispensabile per promuovere il costante miglioramento della competitivit\u00e0 delle imprese sul mercato e per garantire maggiore stabilit\u00e0 occupazionale per i lavoratori. Oltre alla quantit\u00e0 di formazione erogata, \u00e8 cruciale considerare anche la sua qualit\u00e0 e adeguatezza. Questo riguarda la scelta dei temi formativi, la cui capacit\u00e0 di rispecchiare le esigenze dell&#8217;impresa, sia dal punto di vista operativo che strategico, influisce notevolmente sul successo della formazione stessa. Al di l\u00e0 della qualit\u00e0 dei formatori, degli strumenti impiegati e della praticit\u00e0 delle competenze acquisite, \u00e8 essenziale valutare anche la capacit\u00e0 della formazione di generare valore aggiunto nel medio termine e di rafforzare la posizione dell&#8217;azienda e dei lavoratori sul mercato.<\/p>\n\n\n\n<p>Attraverso un articolato percorso che muove dalla sistematizzazione e dall\u2019analisi delle informazioni disponibili su quanto realizzato da Fondimpresa attraverso il Conto formazione, il Conto di Sistema e il Contributo aggiuntivo, il progetto, realizzato sia a livello nazionale che regionale, ha consentito di mettere in evidenza le connessioni tra le attivit\u00e0 formative finanziate e le esigenze delle imprese e dei sistemi economico-produttivi su cui si innestano tali attivit\u00e0.<\/p>\n\n\n\n<figure class=\"wp-block-image size-large\"><img loading=\"lazy\" decoding=\"async\" width=\"1024\" height=\"684\" src=\"https:\/\/businessschool.luiss.it\/fondimpresa\/wp-content\/uploads\/sites\/289\/2024\/06\/DSC_2110-1024x684.jpg\" alt=\"\" class=\"wp-image-155\" srcset=\"https:\/\/businessschool.luiss.it\/fondimpresa\/wp-content\/uploads\/sites\/289\/2024\/06\/DSC_2110-1024x684.jpg 1024w, https:\/\/businessschool.luiss.it\/fondimpresa\/wp-content\/uploads\/sites\/289\/2024\/06\/DSC_2110-300x200.jpg 300w, https:\/\/businessschool.luiss.it\/fondimpresa\/wp-content\/uploads\/sites\/289\/2024\/06\/DSC_2110-768x513.jpg 768w, https:\/\/businessschool.luiss.it\/fondimpresa\/wp-content\/uploads\/sites\/289\/2024\/06\/DSC_2110-1536x1025.jpg 1536w, https:\/\/businessschool.luiss.it\/fondimpresa\/wp-content\/uploads\/sites\/289\/2024\/06\/DSC_2110-2048x1367.jpg 2048w\" sizes=\"auto, (max-width: 1024px) 100vw, 1024px\" \/><\/figure>\n\n\n\n<p>La ricerca, basata su una<strong> metodologia quali-quantitativa<\/strong>, si \u00e8 concentrata, pertanto, in una prima sezione quantitativa finalizzata a delineare le dimensioni principali del fenomeno studiato, sull&#8217;analisi dei finanziamenti erogati da Fondimpresa in risposta alle esigenze formative espresse dalle imprese, aggregando e organizzando i risultati relativi a tutte le variabili significative disponibili. Questa sezione \u00e8 stata sviluppata attraverso l\u2019analisi dei dati primari di Fondimpresa, dall\u2019altra attraverso analisi quantitative sul contesto territoriale. A valle di questa prima sezione, \u00e8 stata sviluppata una sezione qualitativa che ha analizzato gli effetti prodotti dall&#8217;azione del Fondo, partendo dalla ricognizione dei bisogni formativi espressi e individuati dal Fondo stesso per arrivare a delineare i potenziali bisogni formativi non espressi ma considerati rilevanti dalle imprese per fare emergere il valore percepito dagli stakeholder degli interventi formativi finanziati dal Fondo. Questa sezione \u00e8 stata sviluppata, a livello nazionale attraverso interviste in profondit\u00e0 a testimoni privilegiati, a livello regionale attraverso la realizzazione di interviste, focus group, facilitated workshop, che hanno visto il coinvolgimento degli attori socio istituzionali del territorio e delle imprese che sono state individuate anche grazie alla collaborazione delle Articolazioni Territoriali.<\/p>\n\n\n\n<div style=\"height:33px\" aria-hidden=\"true\" class=\"wp-block-spacer\"><\/div>\n\n\n\n<h3 class=\"wp-block-heading\">Il piano della ricerca<\/h3>\n\n\n\n<figure class=\"wp-block-image size-large\"><img loading=\"lazy\" decoding=\"async\" width=\"1024\" height=\"765\" src=\"https:\/\/businessschool.luiss.it\/fondimpresa\/wp-content\/uploads\/sites\/289\/2024\/05\/Fondimpresa_piano_ricerca-1024x765.png\" alt=\"Infografica:\n\n1. Analisi quantitativa:\n1.1Analisi finanziaria: Composizione della spesa di Fondimpresa\n1.2 Analisi di contesto: Scenario socio-economico nazionale\n1.3 Analisi della composizione delle adesioni al Fondo: aziende e lavoratori iscritti\n1.4 Analisi dei beneficiari: Aziende beneficiare e lavoratori coinvolti\n2. Analisi qualitativa:\n2.1 Analisi dei fabbisogni formativi espressi e inespressi\n2.2 Tematiche di approfondimento\" class=\"wp-image-6\" srcset=\"https:\/\/businessschool.luiss.it\/fondimpresa\/wp-content\/uploads\/sites\/289\/2024\/05\/Fondimpresa_piano_ricerca-1024x765.png 1024w, https:\/\/businessschool.luiss.it\/fondimpresa\/wp-content\/uploads\/sites\/289\/2024\/05\/Fondimpresa_piano_ricerca-300x224.png 300w, https:\/\/businessschool.luiss.it\/fondimpresa\/wp-content\/uploads\/sites\/289\/2024\/05\/Fondimpresa_piano_ricerca-768x574.png 768w, https:\/\/businessschool.luiss.it\/fondimpresa\/wp-content\/uploads\/sites\/289\/2024\/05\/Fondimpresa_piano_ricerca-1536x1148.png 1536w, https:\/\/businessschool.luiss.it\/fondimpresa\/wp-content\/uploads\/sites\/289\/2024\/05\/Fondimpresa_piano_ricerca-2048x1530.png 2048w\" sizes=\"auto, (max-width: 1024px) 100vw, 1024px\" \/><\/figure>\n\n\n\n<div style=\"height:31px\" aria-hidden=\"true\" class=\"wp-block-spacer\"><\/div>\n\n\n\n<h3 class=\"wp-block-heading\">Obiettivi e Output della Ricerca<\/h3>\n\n\n\n<figure class=\"wp-block-image size-large\"><img loading=\"lazy\" decoding=\"async\" width=\"1024\" height=\"599\" src=\"https:\/\/businessschool.luiss.it\/fondimpresa\/wp-content\/uploads\/sites\/289\/2024\/05\/Fondimpresa-obiettivi_output-1024x599.png\" alt=\"Infografica:\nObiettivi della ricerca:\n- Analizzare l'oifferta formativa erogata da Fondimpresa\n- Porre in evidenza gli elementi di valore dell'offerta formativa\n- Favorire la migliore comprensione delle esigenze delle imprese e dei sistemi produttivi\n- Favorire la condivisione tra gli organismi territoriali delle buone pratiche in materia di offerta formativa\n\nOutput finali:\n- Rapporto nazionale riassuntivo 19\n- Rapporti Nazionali 2020, 2021 e 2022\n- Rapporti territoriali 2020, 2021 e 2122 (21 rapporti distinti)\" class=\"wp-image-7\" srcset=\"https:\/\/businessschool.luiss.it\/fondimpresa\/wp-content\/uploads\/sites\/289\/2024\/05\/Fondimpresa-obiettivi_output-1024x599.png 1024w, https:\/\/businessschool.luiss.it\/fondimpresa\/wp-content\/uploads\/sites\/289\/2024\/05\/Fondimpresa-obiettivi_output-300x176.png 300w, https:\/\/businessschool.luiss.it\/fondimpresa\/wp-content\/uploads\/sites\/289\/2024\/05\/Fondimpresa-obiettivi_output-768x450.png 768w, https:\/\/businessschool.luiss.it\/fondimpresa\/wp-content\/uploads\/sites\/289\/2024\/05\/Fondimpresa-obiettivi_output-1536x899.png 1536w, https:\/\/businessschool.luiss.it\/fondimpresa\/wp-content\/uploads\/sites\/289\/2024\/05\/Fondimpresa-obiettivi_output-2048x1199.png 2048w\" sizes=\"auto, (max-width: 1024px) 100vw, 1024px\" \/><\/figure>\n\n\n\n<p><strong>Per approfondimenti su Rapporti e Ricerche clicca&nbsp;<a href=\"https:\/\/fondimpresa.it\/rapporti-e-ricerche\">qui<\/a>.<\/strong><\/p>\n","protected":false},"excerpt":{"rendered":"<p>La formazione continua riveste un ruolo fondamentale nel contesto lavorativo contemporaneo, contribuendo alla crescita delle competenze dei lavoratori e alla [&hellip;]<\/p>\n","protected":false},"author":11,"featured_media":0,"parent":0,"menu_order":0,"comment_status":"closed","ping_status":"open","template":"page-no-keyfacts.php","meta":{"_acf_changed":false,"footnotes":""},"categories":[],"tags":[],"docenti_teaching_area":[],"docenti_research_area":[],"tematiche":[],"lingue":[],"lunghezza_corsi":[],"class_list":["post-2","page","type-page","status-publish","hentry"],"acf":[],"aioseo_notices":[],"_links":{"self":[{"href":"https:\/\/businessschool.luiss.it\/fondimpresa\/wp-json\/wp\/v2\/pages\/2","targetHints":{"allow":["GET"]}}],"collection":[{"href":"https:\/\/businessschool.luiss.it\/fondimpresa\/wp-json\/wp\/v2\/pages"}],"about":[{"href":"https:\/\/businessschool.luiss.it\/fondimpresa\/wp-json\/wp\/v2\/types\/page"}],"author":[{"embeddable":true,"href":"https:\/\/businessschool.luiss.it\/fondimpresa\/wp-json\/wp\/v2\/users\/11"}],"replies":[{"embeddable":true,"href":"https:\/\/businessschool.luiss.it\/fondimpresa\/wp-json\/wp\/v2\/comments?post=2"}],"version-history":[{"count":5,"href":"https:\/\/businessschool.luiss.it\/fondimpresa\/wp-json\/wp\/v2\/pages\/2\/revisions"}],"predecessor-version":[{"id":189,"href":"https:\/\/businessschool.luiss.it\/fondimpresa\/wp-json\/wp\/v2\/pages\/2\/revisions\/189"}],"wp:attachment":[{"href":"https:\/\/businessschool.luiss.it\/fondimpresa\/wp-json\/wp\/v2\/media?parent=2"}],"wp:term":[{"taxonomy":"category","embeddable":true,"href":"https:\/\/businessschool.luiss.it\/fondimpresa\/wp-json\/wp\/v2\/categories?post=2"},{"taxonomy":"post_tag","embeddable":true,"href":"https:\/\/businessschool.luiss.it\/fondimpresa\/wp-json\/wp\/v2\/tags?post=2"},{"taxonomy":"docenti_teaching_area","embeddable":true,"href":"https:\/\/businessschool.luiss.it\/fondimpresa\/wp-json\/wp\/v2\/docenti_teaching_area?post=2"},{"taxonomy":"docenti_research_area","embeddable":true,"href":"https:\/\/businessschool.luiss.it\/fondimpresa\/wp-json\/wp\/v2\/docenti_research_area?post=2"},{"taxonomy":"tematiche","embeddable":true,"href":"https:\/\/businessschool.luiss.it\/fondimpresa\/wp-json\/wp\/v2\/tematiche?post=2"},{"taxonomy":"lingue","embeddable":true,"href":"https:\/\/businessschool.luiss.it\/fondimpresa\/wp-json\/wp\/v2\/lingue?post=2"},{"taxonomy":"lunghezza_corsi","embeddable":true,"href":"https:\/\/businessschool.luiss.it\/fondimpresa\/wp-json\/wp\/v2\/lunghezza_corsi?post=2"}],"curies":[{"name":"wp","href":"https:\/\/api.w.org\/{rel}","templated":true}]}}