{"id":2,"date":"2017-02-23T14:03:36","date_gmt":"2017-02-23T14:03:36","guid":{"rendered":"https:\/\/businessschool.luiss.it\/grow\/?page_id=2"},"modified":"2025-10-08T12:14:37","modified_gmt":"2025-10-08T12:14:37","slug":"sample-page","status":"publish","type":"page","link":"https:\/\/businessschool.luiss.it\/grow\/","title":{"rendered":"Home"},"content":{"rendered":"\n<div class=\"row\">\n<div class=\"col-md-6 col-xs-6\">\n<h3>Generating Real Opportunities for Women<\/h3>\n<div class=\"vid\"><iframe loading=\"lazy\" src=\"\/\/www.youtube.com\/embed\/IoAkOgvK-fA?wmode=transparent&amp;rel=0&amp;showinfo=0&amp;controls=0\" width=\"919\" height=\"474\" frameborder=\"0\" allowfullscreen=\"allowfullscreen\"><\/iframe><\/div>\n<\/div>\n<div class=\"col-md-6 col-xs-6\">\n<h3>The kick off of the project<\/h3>\n<div class=\"vid\"><iframe loading=\"lazy\" src=\"\/\/www.youtube.com\/embed\/HdtFsUZ1HI0?wmode=transparent&amp;rel=0&amp;showinfo=0&amp;controls=0\" width=\"919\" height=\"474\" frameborder=\"0\" allowfullscreen=\"allowfullscreen\"><\/iframe><\/div>\n<\/div>\n<\/div>\n\n\n\n<h3 class=\"wp-block-heading\">Obiettivi<\/h3>\n\n\n\n<p>Il Progetto <strong>GROW \u2013 Generating Real Opportunities for Women<\/strong> ha l\u2019obiettivo di promuovere, sostenere e migliorare lo sviluppo personale e professionale delle studentesse Luiss Business School con particolare attenzione all&#8217;inserimento nel mondo del lavoro e alla promozione della carriera professionale finalizzata al raggiungimento di posizioni di vertice in aziende, amministrazioni, enti, universit\u00e0 e altre organizzazioni.<\/p>\n\n\n\n<p><em>Diventare la fucina delle leader di domani<\/em>. Questo \u00e8 l&#8217;impegno che la Luiss Business School ha deciso di assumere, impegnandosi con il proprio sistema di alta formazione e ricerca ed il supporto di importanti aziende. GROW esprime la volont\u00e0 della Luiss Business School di offrire un contributo qualificato al comune impegno, da tempo assunto e recentemente rafforzato, da parte di Nazioni Unite, Unione Europea e G20 nel promuovere il ruolo delle donne nella societ\u00e0.<\/p>\n\n\n\n<p>L&#8217;edizione 2025 si \u00e8 focalizzata sul tema dell&#8217;Intelligenza Artificiale e si \u00e8 declinata in 3 attivit\u00e0:<\/p>\n\n\n\n<ul class=\"wp-block-list\">\n<li><a href=\"https:\/\/businessschool.luiss.it\/news\/ai-grow-2025\/\" title=\"\">AI Grow<\/a><\/li>\n\n\n\n<li><a href=\"https:\/\/businessschool.luiss.it\/grow\/grow-talk\/\" title=\"\">Grow Talk<\/a><\/li>\n\n\n\n<li><a href=\"https:\/\/businessschool.luiss.it\/grow\/job-shadowing\/\" title=\"\">Job Shadowing<\/a><\/li>\n<\/ul>\n\n\n\n<hr class=\"wp-block-separator has-alpha-channel-opacity\"\/>\n\n\n\n<h3 class=\"wp-block-heading\">Target<\/h3>\n\n\n\n<p>Destinatarie e partecipanti delle iniziative del Progetto GROW sono tutte le studentesse iscritte ai <strong>Master Full-Time (di I e II livello) <\/strong>della Luiss Business School. L\u2019iniziativa \u00e8 aperta anche agli studenti che vorranno partecipare al progetto.<\/p>\n","protected":false},"excerpt":{"rendered":"<p>Generating Real Opportunities for Women The kick off of the project Obiettivi Il Progetto GROW \u2013 Generating Real Opportunities for [&hellip;]<\/p>\n","protected":false},"author":1,"featured_media":0,"parent":0,"menu_order":0,"comment_status":"closed","ping_status":"closed","template":"","meta":{"_acf_changed":false,"footnotes":""},"categories":[],"tags":[],"docenti_teaching_area":[],"docenti_research_area":[],"tematiche":[],"lingue":[],"lunghezza_corsi":[],"class_list":["post-2","page","type-page","status-publish","hentry"],"acf":[],"aioseo_notices":[],"_links":{"self":[{"href":"https:\/\/businessschool.luiss.it\/grow\/wp-json\/wp\/v2\/pages\/2","targetHints":{"allow":["GET"]}}],"collection":[{"href":"https:\/\/businessschool.luiss.it\/grow\/wp-json\/wp\/v2\/pages"}],"about":[{"href":"https:\/\/businessschool.luiss.it\/grow\/wp-json\/wp\/v2\/types\/page"}],"author":[{"embeddable":true,"href":"https:\/\/businessschool.luiss.it\/grow\/wp-json\/wp\/v2\/users\/1"}],"replies":[{"embeddable":true,"href":"https:\/\/businessschool.luiss.it\/grow\/wp-json\/wp\/v2\/comments?post=2"}],"version-history":[{"count":6,"href":"https:\/\/businessschool.luiss.it\/grow\/wp-json\/wp\/v2\/pages\/2\/revisions"}],"predecessor-version":[{"id":395,"href":"https:\/\/businessschool.luiss.it\/grow\/wp-json\/wp\/v2\/pages\/2\/revisions\/395"}],"wp:attachment":[{"href":"https:\/\/businessschool.luiss.it\/grow\/wp-json\/wp\/v2\/media?parent=2"}],"wp:term":[{"taxonomy":"category","embeddable":true,"href":"https:\/\/businessschool.luiss.it\/grow\/wp-json\/wp\/v2\/categories?post=2"},{"taxonomy":"post_tag","embeddable":true,"href":"https:\/\/businessschool.luiss.it\/grow\/wp-json\/wp\/v2\/tags?post=2"},{"taxonomy":"docenti_teaching_area","embeddable":true,"href":"https:\/\/businessschool.luiss.it\/grow\/wp-json\/wp\/v2\/docenti_teaching_area?post=2"},{"taxonomy":"docenti_research_area","embeddable":true,"href":"https:\/\/businessschool.luiss.it\/grow\/wp-json\/wp\/v2\/docenti_research_area?post=2"},{"taxonomy":"tematiche","embeddable":true,"href":"https:\/\/businessschool.luiss.it\/grow\/wp-json\/wp\/v2\/tematiche?post=2"},{"taxonomy":"lingue","embeddable":true,"href":"https:\/\/businessschool.luiss.it\/grow\/wp-json\/wp\/v2\/lingue?post=2"},{"taxonomy":"lunghezza_corsi","embeddable":true,"href":"https:\/\/businessschool.luiss.it\/grow\/wp-json\/wp\/v2\/lunghezza_corsi?post=2"}],"curies":[{"name":"wp","href":"https:\/\/api.w.org\/{rel}","templated":true}]}}