{"id":8,"date":"2026-04-23T16:06:35","date_gmt":"2026-04-23T14:06:35","guid":{"rendered":"https:\/\/businessschool.luiss.it\/marketing-major-management-fieristico\/?page_id=8"},"modified":"2026-04-23T16:24:29","modified_gmt":"2026-04-23T14:24:29","slug":"curriculum","status":"publish","type":"page","link":"https:\/\/businessschool.luiss.it\/marketing-major-management-fieristico\/curriculum\/","title":{"rendered":"Curriculum"},"content":{"rendered":"\n<p>Il Master ha una durata complessiva di <strong>12 mesi<\/strong> ed \u00e8 organizzato secondo la formula <strong>part-time<\/strong> che, concentrando l\u2019impegno dei partecipanti nei <strong>week-end<\/strong>, permette di conciliare l\u2019attivit\u00e0 formativa con la carriera professionale.<\/p>\n\n\n\n<p>Si struttura in <strong>12 moduli<\/strong>, divisi in corsi core (3 moduli) e corsi di specializzazione (9 moduli) per un totale di 264 ore di formazione.<\/p>\n\n\n\n<h3 class=\"wp-block-heading\"><strong>Induction weekend<\/strong><\/h3>\n\n\n\n<p>Il programma inizia con un fine settimana di <em>workshop<\/em> focalizzati su megatrend e scenari globali, seminari, presentazioni, attivit\u00e0 di <em>ice-breaking<\/em> e <em>networking<\/em>. I partecipanti potranno iniziare a vivere il Campus, incontrare i compagni di corso, conoscere i servizi e tutte le attivit\u00e0 previste dal programma.<\/p>\n\n\n\n<h3 class=\"wp-block-heading\"><strong>Corsi Core<\/strong><\/h3>\n\n\n\n<p>I corsi core forniscono le conoscenze e le tecniche fondamentali dell\u2019Area Marketing &amp; Sales. Rappresentano i pilastri indispensabili per comprendere i grandi mutamenti del marketing nell\u2019era digitale.<\/p>\n\n\n\n<ul class=\"wp-block-list\">\n<li><strong>Modulo 1<\/strong>: New Marketing Principles &amp; Management<\/li>\n\n\n\n<li><strong>Modulo 2<\/strong>: Product Offering &amp; Distribution<\/li>\n\n\n\n<li><strong>Modulo 3<\/strong>: Customer Management &amp; Marketing Planning<\/li>\n<\/ul>\n\n\n\n<h3 class=\"wp-block-heading\"><strong>Corsi di specializzazione<\/strong><\/h3>\n\n\n\n<ul class=\"wp-block-list\">\n<li><strong>Modulo 4:<\/strong><strong>\u00a0<\/strong>Il Turismo Fieristico<\/li>\n\n\n\n<li><strong>Modulo 5:<\/strong><strong>\u00a0<\/strong>Fondamenti di Management e Marketing Fieristico<\/li>\n\n\n\n<li><strong>Modulo 6:<\/strong><strong>\u00a0<\/strong>Le Strategie nel Settore Fieristico<\/li>\n\n\n\n<li><strong>Modulo 7:<\/strong><strong>\u00a0<\/strong>Pianificazione, Progettazione e Controllo Dell\u2019evento<\/li>\n\n\n\n<li><strong>Modulo 8: <\/strong>Pianificazione delle Risorse e Gestione Delle Strutture per le Fiere e le Manifestazioni Fieristiche<\/li>\n\n\n\n<li><strong>Modulo 9:<\/strong><strong>\u00a0<\/strong>Marketing Delle Fiere e Delle Manifestazioni Fieristiche<\/li>\n\n\n\n<li><strong>Modulo 10:<\/strong> Gestione Delle Risorse Umane per le Fiere e Manifestazioni Fieristiche<\/li>\n\n\n\n<li><strong>Modulo 11:<\/strong> Management Operativo per le Fiere e Manifestazioni Fieristiche<\/li>\n\n\n\n<li><strong>Modulo 12:<\/strong> Innovazione di Prodotto e di Processo nel Settore Fieristico: il Ruolo del Digitale<\/li>\n<\/ul>\n\n\n\n<h3 class=\"wp-block-heading\"><strong>Calendario e Sede<\/strong><\/h3>\n\n\n\n<p>Il Master avr\u00e0 inizio il 6 novembre 2026, durer\u00e0 12 mesi e si svolger\u00e0 a weekend alterni presso la Luiss Business School &#8211; Villa Blanc, Via Nomentana 216, 00162 Roma.<\/p>\n\n\n\n<p>Le lezioni si svolgeranno:<\/p>\n\n\n\n<ul class=\"wp-block-list\">\n<li>il venerd\u00ec dalle ore 15:00 alle ore 19:00<\/li>\n\n\n\n<li>il sabato dalle ore 09:00 alle ore 18:00<\/li>\n<\/ul>\n\n\n\n<p>All\u2019interno del percorso sono previste anche alcune attivit\u00e0 (Executive Skill Lab e testimonianze), online in giorni infrasettimanali, nella fascia oraria 18:00 \u2013 20:30.<\/p>\n\n\n\n<p><em>Salvo disposizioni di legge che impediscano lo svolgimento degli incontri in presenza, per cui la Scuola si riserva il diritto di modificare la modalit\u00e0 di erogazione degli stessi, questi si terranno presso le sedi indicate e previste per il programma in oggetto.<\/em><\/p>\n\n\n\n<h3 class=\"wp-block-heading\"><strong>International Experience<\/strong><\/h3>\n\n\n\n<p>L\u2019Esperienza Internazionale \u00e8 offerta attraverso numerose attivit\u00e0 che permetteranno agli studenti di guardare e agire attraverso una prospettiva globale.<\/p>\n\n\n\n<p>Periodo all\u2019estero, Business case competition, eventi di networking, international week, country focus, incontri con manager e leader di multinazionali e analisi degli scenari globali sono alcuni esempi delle opportunit\u00e0 proposte e articolate in funzione del Master di riferimento.<\/p>\n\n\n\n<p>Di seguito alcuni esempi principali delle iniziative proposte.<\/p>\n\n\n\n<h3 class=\"wp-block-heading\"><strong>Periodo all\u2019estero<\/strong><\/h3>\n\n\n\n<p>Gli studenti che soddisfano specifici criteri (quali per esempio, la conoscenza della lingua inglese, anni di esperienza lavorativa e motivazione) avranno l\u2019opportunit\u00e0 di frequentare un breve periodo di formazione all\u2019estero. Agli studenti Executive verranno presentati programmi di didattica all\u2019estero (da svolgersi durante il periodo estivo) volti a dare ulteriore incisivit\u00e0 e rilievo al proprio percorso formativo.<\/p>\n\n\n\n<p>Ciascuna opportunit\u00e0 si intende pensata per adattarsi alla tematica fondante del percorso di studio intrapreso presso la Luiss Business School.<\/p>\n\n\n\n<p>L\u2019elenco delle opportunit\u00e0, cos\u00ec come delle scuole partner, pu\u00f2 variare di anno in anno. Sar\u00e0 possibile fare riferimento alle informazioni che verranno fornite agli studenti dagli uffici dedicati.&nbsp; La Scuola non potr\u00e0 garantire la partenza degli studenti qualora il contesto internazionale non permettesse di svolgere in sicurezza tale mobilit\u00e0. Saranno comunque offerte forme innovative e interattive di didattica con gli studenti internazionali presenti nel campus.<\/p>\n\n\n\n<h3 class=\"wp-block-heading\"><strong>International Week<\/strong><\/h3>\n\n\n\n<p>Le International Week rappresentano modulo facoltativo residenziale all&#8217;estero durante il quale si svolgono diverse attivit\u00e0 volte ad arricchire la formazione gi\u00e0 acquisita con contenuti e prospettive internazionali.<\/p>\n\n\n\n<p>In particolare, l\u2019International Week ha l\u2019obiettivo di approfondire i temi di gestione \u201ccross cultural\u201d e le problematiche inerenti alla gestione dell\u2019impresa in un contesto estero ed \u00e8 strutturata per favorire lo sviluppo di contatti professionali a livello internazionale.<\/p>\n\n\n\n<h3 class=\"wp-block-heading\"><strong>Global Business Challenge<\/strong><\/h3>\n\n\n\n<p>Luiss Business School rafforza il suo impegno a mettere in contatto una community internazionale di studenti e aziende leader. Le Global Business Challenge sono indirizzate agli studenti della Luiss Business School e studenti post-laurea provenienti da scuole e universit\u00e0 internazionali che desiderano tradurre le proprie conoscenze in azioni concrete. I partecipanti sono chiamati a sfidarsi sullo sviluppo di soluzioni disruptive per le aziende che richiedono il contributo degli studenti su specifici temi.<\/p>\n","protected":false},"excerpt":{"rendered":"<p>Il Master ha una durata complessiva di 12 mesi ed \u00e8 organizzato secondo la formula part-time che, concentrando l\u2019impegno dei [&hellip;]<\/p>\n","protected":false},"author":5,"featured_media":0,"parent":0,"menu_order":0,"comment_status":"closed","ping_status":"closed","template":"","meta":{"_acf_changed":false,"footnotes":""},"categories":[],"tags":[],"docenti_teaching_area":[],"docenti_research_area":[],"tematiche":[],"lingue":[],"lunghezza_corsi":[],"class_list":["post-8","page","type-page","status-publish","hentry"],"acf":[],"aioseo_notices":[],"_links":{"self":[{"href":"https:\/\/businessschool.luiss.it\/marketing-major-management-fieristico\/wp-json\/wp\/v2\/pages\/8","targetHints":{"allow":["GET"]}}],"collection":[{"href":"https:\/\/businessschool.luiss.it\/marketing-major-management-fieristico\/wp-json\/wp\/v2\/pages"}],"about":[{"href":"https:\/\/businessschool.luiss.it\/marketing-major-management-fieristico\/wp-json\/wp\/v2\/types\/page"}],"author":[{"embeddable":true,"href":"https:\/\/businessschool.luiss.it\/marketing-major-management-fieristico\/wp-json\/wp\/v2\/users\/5"}],"replies":[{"embeddable":true,"href":"https:\/\/businessschool.luiss.it\/marketing-major-management-fieristico\/wp-json\/wp\/v2\/comments?post=8"}],"version-history":[{"count":2,"href":"https:\/\/businessschool.luiss.it\/marketing-major-management-fieristico\/wp-json\/wp\/v2\/pages\/8\/revisions"}],"predecessor-version":[{"id":40,"href":"https:\/\/businessschool.luiss.it\/marketing-major-management-fieristico\/wp-json\/wp\/v2\/pages\/8\/revisions\/40"}],"wp:attachment":[{"href":"https:\/\/businessschool.luiss.it\/marketing-major-management-fieristico\/wp-json\/wp\/v2\/media?parent=8"}],"wp:term":[{"taxonomy":"category","embeddable":true,"href":"https:\/\/businessschool.luiss.it\/marketing-major-management-fieristico\/wp-json\/wp\/v2\/categories?post=8"},{"taxonomy":"post_tag","embeddable":true,"href":"https:\/\/businessschool.luiss.it\/marketing-major-management-fieristico\/wp-json\/wp\/v2\/tags?post=8"},{"taxonomy":"docenti_teaching_area","embeddable":true,"href":"https:\/\/businessschool.luiss.it\/marketing-major-management-fieristico\/wp-json\/wp\/v2\/docenti_teaching_area?post=8"},{"taxonomy":"docenti_research_area","embeddable":true,"href":"https:\/\/businessschool.luiss.it\/marketing-major-management-fieristico\/wp-json\/wp\/v2\/docenti_research_area?post=8"},{"taxonomy":"tematiche","embeddable":true,"href":"https:\/\/businessschool.luiss.it\/marketing-major-management-fieristico\/wp-json\/wp\/v2\/tematiche?post=8"},{"taxonomy":"lingue","embeddable":true,"href":"https:\/\/businessschool.luiss.it\/marketing-major-management-fieristico\/wp-json\/wp\/v2\/lingue?post=8"},{"taxonomy":"lunghezza_corsi","embeddable":true,"href":"https:\/\/businessschool.luiss.it\/marketing-major-management-fieristico\/wp-json\/wp\/v2\/lunghezza_corsi?post=8"}],"curies":[{"name":"wp","href":"https:\/\/api.w.org\/{rel}","templated":true}]}}