{"id":460,"date":"2020-08-24T10:02:36","date_gmt":"2020-08-24T10:02:36","guid":{"rendered":"https:\/\/businessschool.luiss.it\/master-digital-export\/?page_id=460"},"modified":"2022-05-02T13:47:47","modified_gmt":"2022-05-02T13:47:47","slug":"esperienze-internazionali","status":"publish","type":"page","link":"https:\/\/businessschool.luiss.it\/master-export-management\/esperienze-internazionali\/","title":{"rendered":"Esperienze internazionali"},"content":{"rendered":"\n<p>L\u2019<strong>Esperienza Internazionale <\/strong>\u00e8 offertaattraverso numerose attivit\u00e0 che permetteranno agli studenti di guardare e <strong>agire attraverso una prospettiva globale<\/strong>.<\/p>\n\n\n\n<p>Le opportunit\u00e0 internazionali contribuiscono sia alla crescita personale e professionale dello studente, stimolando le competenze linguistiche e sociali, la condivisione di idee, best practice e competenze, sia allo sviluppo di un network internazionale business-oriented.<\/p>\n\n\n\n<p>Ciascuna opportunit\u00e0 si intende pensata per adattarsi alla tematica fondante del proprio percorso di studio intrapreso presso la Luiss Business School ed \u00e8 articolata in funzione del Master di riferimento.<\/p>\n\n\n\n<p>Di seguito alcuni esempi principali delle iniziative proposte. Per maggiori informazioni <a href=\"https:\/\/businessschool.luiss.it\/international-experience\/\">visita la pagina dedicata<\/a>.<\/p>\n\n\n\n<h3 class=\"wp-block-heading\">Incontri con leader internazionali<\/h3>\n\n\n\n<p>Durante il programma, gli studenti avranno occasioni d\u2019incontro con leader e manager internazionali che approfondiranno le sfide attuali e future relative al settore e\/o alla funzione in cui operano e condivideranno le best practice che portano ad vere un impatto positivo nelle aziende.<\/p>\n\n\n\n<h3 class=\"wp-block-heading\">Global Business Challenge<\/h3>\n\n\n\n<p>Luiss Business School rafforza il suo impegno a mettere in contatto una community internazionale di studenti e aziende leader. I partecipantisono chiamati a sfidarsi sullo sviluppo di soluzioni disruptive per le aziende che richiedono il contributo degli studenti su specifici temi. Le Global Business Challenge sono indirizzate agli studenti della Luiss Business School e studenti post-laurea provenienti da scuole e universit\u00e0 internazionali che desideranotradurre le proprie conoscenze in azioni concrete.<\/p>\n\n\n\n<h3 class=\"wp-block-heading\">Programma Exchange<\/h3>\n\n\n\n<p>Gli studenti che soddisfano specifici criteri (quali per esempio, la conoscenza della lingua inglese) avranno l\u2019opportunit\u00e0 di frequentare un breve periodo di formazione all\u2019estero. Le occasioni di scambio si realizzano anche per gli studenti delle Scuole partner che vengono ospitati all\u2019interno i progetti che coinvolgono gli studenti della Luiss Business School. L\u2019elenco delle opportunit\u00e0, cos\u00ec come delle scuole partner, pu\u00f2 variare di anno in anno. Sar\u00e0 possibile fare riferimento alle informazioni che verranno fornite agli studenti dagli uffici dedicati.<\/p>\n\n\n\n<p><a class=\"button button__primary\" href=\"https:\/\/businessschool.luiss.it\/international-experience\/\">Scopri tutte le opportunit\u00e0<\/a><\/p>\n","protected":false},"excerpt":{"rendered":"<p>L\u2019Esperienza Internazionale \u00e8 offertaattraverso numerose attivit\u00e0 che permetteranno agli studenti di guardare e agire attraverso una prospettiva globale. Le opportunit\u00e0 [&hellip;]<\/p>\n","protected":false},"author":13,"featured_media":0,"parent":0,"menu_order":0,"comment_status":"closed","ping_status":"closed","template":"","meta":{"_acf_changed":false,"footnotes":""},"categories":[],"tags":[],"docenti_teaching_area":[],"docenti_research_area":[],"tematiche":[],"lingue":[],"lunghezza_corsi":[],"class_list":["post-460","page","type-page","status-publish","hentry"],"acf":[],"aioseo_notices":[],"_links":{"self":[{"href":"https:\/\/businessschool.luiss.it\/master-export-management\/wp-json\/wp\/v2\/pages\/460","targetHints":{"allow":["GET"]}}],"collection":[{"href":"https:\/\/businessschool.luiss.it\/master-export-management\/wp-json\/wp\/v2\/pages"}],"about":[{"href":"https:\/\/businessschool.luiss.it\/master-export-management\/wp-json\/wp\/v2\/types\/page"}],"author":[{"embeddable":true,"href":"https:\/\/businessschool.luiss.it\/master-export-management\/wp-json\/wp\/v2\/users\/13"}],"replies":[{"embeddable":true,"href":"https:\/\/businessschool.luiss.it\/master-export-management\/wp-json\/wp\/v2\/comments?post=460"}],"version-history":[{"count":5,"href":"https:\/\/businessschool.luiss.it\/master-export-management\/wp-json\/wp\/v2\/pages\/460\/revisions"}],"predecessor-version":[{"id":632,"href":"https:\/\/businessschool.luiss.it\/master-export-management\/wp-json\/wp\/v2\/pages\/460\/revisions\/632"}],"wp:attachment":[{"href":"https:\/\/businessschool.luiss.it\/master-export-management\/wp-json\/wp\/v2\/media?parent=460"}],"wp:term":[{"taxonomy":"category","embeddable":true,"href":"https:\/\/businessschool.luiss.it\/master-export-management\/wp-json\/wp\/v2\/categories?post=460"},{"taxonomy":"post_tag","embeddable":true,"href":"https:\/\/businessschool.luiss.it\/master-export-management\/wp-json\/wp\/v2\/tags?post=460"},{"taxonomy":"docenti_teaching_area","embeddable":true,"href":"https:\/\/businessschool.luiss.it\/master-export-management\/wp-json\/wp\/v2\/docenti_teaching_area?post=460"},{"taxonomy":"docenti_research_area","embeddable":true,"href":"https:\/\/businessschool.luiss.it\/master-export-management\/wp-json\/wp\/v2\/docenti_research_area?post=460"},{"taxonomy":"tematiche","embeddable":true,"href":"https:\/\/businessschool.luiss.it\/master-export-management\/wp-json\/wp\/v2\/tematiche?post=460"},{"taxonomy":"lingue","embeddable":true,"href":"https:\/\/businessschool.luiss.it\/master-export-management\/wp-json\/wp\/v2\/lingue?post=460"},{"taxonomy":"lunghezza_corsi","embeddable":true,"href":"https:\/\/businessschool.luiss.it\/master-export-management\/wp-json\/wp\/v2\/lunghezza_corsi?post=460"}],"curies":[{"name":"wp","href":"https:\/\/api.w.org\/{rel}","templated":true}]}}