{"id":368,"date":"2025-05-22T15:23:45","date_gmt":"2025-05-22T13:23:45","guid":{"rendered":"https:\/\/businessschool.luiss.it\/online-programme-hr-management-and-leadership\/?page_id=368"},"modified":"2025-05-26T10:37:58","modified_gmt":"2025-05-26T08:37:58","slug":"testimonianze","status":"publish","type":"page","link":"https:\/\/businessschool.luiss.it\/online-programme-hr-management-and-leadership\/testimonianze\/","title":{"rendered":"Testimonianze"},"content":{"rendered":"\n<div class=\"wp-block-columns is-layout-flex wp-container-core-columns-is-layout-1 wp-block-columns-is-layout-flex\">\n<div class=\"wp-block-column is-layout-flow wp-block-column-is-layout-flow\" style=\"flex-basis:33.33%\">\n<figure class=\"wp-block-image size-large\"><img loading=\"lazy\" decoding=\"async\" width=\"1024\" height=\"1024\" src=\"https:\/\/businessschool.luiss.it\/online-programme-hr-management-and-leadership\/wp-content\/uploads\/sites\/230\/2025\/05\/Elena_Pianosi_OP_HR-1024x1024.png\" alt=\"\" class=\"wp-image-376\" srcset=\"https:\/\/businessschool.luiss.it\/online-programme-hr-management-and-leadership\/wp-content\/uploads\/sites\/230\/2025\/05\/Elena_Pianosi_OP_HR-1024x1024.png 1024w, https:\/\/businessschool.luiss.it\/online-programme-hr-management-and-leadership\/wp-content\/uploads\/sites\/230\/2025\/05\/Elena_Pianosi_OP_HR-300x300.png 300w, https:\/\/businessschool.luiss.it\/online-programme-hr-management-and-leadership\/wp-content\/uploads\/sites\/230\/2025\/05\/Elena_Pianosi_OP_HR-150x150.png 150w, https:\/\/businessschool.luiss.it\/online-programme-hr-management-and-leadership\/wp-content\/uploads\/sites\/230\/2025\/05\/Elena_Pianosi_OP_HR-768x768.png 768w, https:\/\/businessschool.luiss.it\/online-programme-hr-management-and-leadership\/wp-content\/uploads\/sites\/230\/2025\/05\/Elena_Pianosi_OP_HR.png 1080w\" sizes=\"auto, (max-width: 1024px) 100vw, 1024px\" \/><\/figure>\n<\/div>\n\n\n\n<div class=\"wp-block-column is-layout-flow wp-block-column-is-layout-flow\" style=\"flex-basis:66.66%\">\n<p><strong>Elena Pianosi<\/strong>, <em>HR Manager &amp; People Advisor&nbsp;<br><\/em>Temporary HR Manager Human Hub Srl&nbsp;<\/p>\n\n\n\n<p>Il corso online \u00e8 stato ricco di spunti, contenuti teorici e strumenti pratici, che ho portato con me in questi mesi e che continuer\u00f2 a utilizzare nel mio lavoro quotidiano.<\/p>\n<\/div>\n<\/div>\n\n\n\n<div class=\"wp-block-columns is-layout-flex wp-container-core-columns-is-layout-2 wp-block-columns-is-layout-flex\">\n<div class=\"wp-block-column is-layout-flow wp-block-column-is-layout-flow\" style=\"flex-basis:33.33%\">\n<figure class=\"wp-block-image size-large\"><img loading=\"lazy\" decoding=\"async\" width=\"1024\" height=\"768\" src=\"https:\/\/businessschool.luiss.it\/online-programme-hr-management-and-leadership\/wp-content\/uploads\/sites\/230\/2025\/05\/Federico_Sanna_OP_HR-1024x768.jpg\" alt=\"\" class=\"wp-image-370\" srcset=\"https:\/\/businessschool.luiss.it\/online-programme-hr-management-and-leadership\/wp-content\/uploads\/sites\/230\/2025\/05\/Federico_Sanna_OP_HR-1024x768.jpg 1024w, https:\/\/businessschool.luiss.it\/online-programme-hr-management-and-leadership\/wp-content\/uploads\/sites\/230\/2025\/05\/Federico_Sanna_OP_HR-300x225.jpg 300w, https:\/\/businessschool.luiss.it\/online-programme-hr-management-and-leadership\/wp-content\/uploads\/sites\/230\/2025\/05\/Federico_Sanna_OP_HR-768x576.jpg 768w, https:\/\/businessschool.luiss.it\/online-programme-hr-management-and-leadership\/wp-content\/uploads\/sites\/230\/2025\/05\/Federico_Sanna_OP_HR-1536x1152.jpg 1536w, https:\/\/businessschool.luiss.it\/online-programme-hr-management-and-leadership\/wp-content\/uploads\/sites\/230\/2025\/05\/Federico_Sanna_OP_HR-2048x1536.jpg 2048w\" sizes=\"auto, (max-width: 1024px) 100vw, 1024px\" \/><\/figure>\n<\/div>\n\n\n\n<div class=\"wp-block-column is-layout-flow wp-block-column-is-layout-flow\" style=\"flex-basis:66.66%\">\n<p><strong>Federico Sanna<\/strong>, <em>Ufficio People Development and Administration<\/em><br><em>HRBP<\/em>, Bibanca S.p.A<\/p>\n\n\n\n<p>L\u2019Online Programme in HR Management &amp; Leadership si \u00e8 rivelato un&#8217;esperienza molto arricchente, grazie alla sua struttura altamente pratica. Il corso \u00e8 ben organizzato e l&#8217;equilibrio tra teoria e strumenti concreti rende facile apprendere e applicare le nozioni acquisite. La possibilit\u00e0 di rivedere le lezioni pi\u00f9 volte offre una grande flessibilit\u00e0, permettendo di approfondire i contenuti in modo autonomo. Inoltre, il materiale formativo \u00e8 estremamente utile e funzionale, offre spunti pratici per sviluppare e arricchire i propri progetti e lavori.<\/p>\n<\/div>\n<\/div>\n\n\n\n<p><\/p>\n","protected":false},"excerpt":{"rendered":"<p>Elena Pianosi, HR Manager &amp; People Advisor&nbsp;Temporary HR Manager Human Hub Srl&nbsp; Il corso online \u00e8 stato ricco di spunti, [&hellip;]<\/p>\n","protected":false},"author":10,"featured_media":0,"parent":0,"menu_order":0,"comment_status":"closed","ping_status":"closed","template":"","meta":{"_acf_changed":false,"footnotes":""},"categories":[],"tags":[],"docenti_teaching_area":[],"docenti_research_area":[],"tematiche":[],"lingue":[],"lunghezza_corsi":[],"class_list":["post-368","page","type-page","status-publish","hentry"],"acf":[],"aioseo_notices":[],"_links":{"self":[{"href":"https:\/\/businessschool.luiss.it\/online-programme-hr-management-and-leadership\/wp-json\/wp\/v2\/pages\/368","targetHints":{"allow":["GET"]}}],"collection":[{"href":"https:\/\/businessschool.luiss.it\/online-programme-hr-management-and-leadership\/wp-json\/wp\/v2\/pages"}],"about":[{"href":"https:\/\/businessschool.luiss.it\/online-programme-hr-management-and-leadership\/wp-json\/wp\/v2\/types\/page"}],"author":[{"embeddable":true,"href":"https:\/\/businessschool.luiss.it\/online-programme-hr-management-and-leadership\/wp-json\/wp\/v2\/users\/10"}],"replies":[{"embeddable":true,"href":"https:\/\/businessschool.luiss.it\/online-programme-hr-management-and-leadership\/wp-json\/wp\/v2\/comments?post=368"}],"version-history":[{"count":3,"href":"https:\/\/businessschool.luiss.it\/online-programme-hr-management-and-leadership\/wp-json\/wp\/v2\/pages\/368\/revisions"}],"predecessor-version":[{"id":378,"href":"https:\/\/businessschool.luiss.it\/online-programme-hr-management-and-leadership\/wp-json\/wp\/v2\/pages\/368\/revisions\/378"}],"wp:attachment":[{"href":"https:\/\/businessschool.luiss.it\/online-programme-hr-management-and-leadership\/wp-json\/wp\/v2\/media?parent=368"}],"wp:term":[{"taxonomy":"category","embeddable":true,"href":"https:\/\/businessschool.luiss.it\/online-programme-hr-management-and-leadership\/wp-json\/wp\/v2\/categories?post=368"},{"taxonomy":"post_tag","embeddable":true,"href":"https:\/\/businessschool.luiss.it\/online-programme-hr-management-and-leadership\/wp-json\/wp\/v2\/tags?post=368"},{"taxonomy":"docenti_teaching_area","embeddable":true,"href":"https:\/\/businessschool.luiss.it\/online-programme-hr-management-and-leadership\/wp-json\/wp\/v2\/docenti_teaching_area?post=368"},{"taxonomy":"docenti_research_area","embeddable":true,"href":"https:\/\/businessschool.luiss.it\/online-programme-hr-management-and-leadership\/wp-json\/wp\/v2\/docenti_research_area?post=368"},{"taxonomy":"tematiche","embeddable":true,"href":"https:\/\/businessschool.luiss.it\/online-programme-hr-management-and-leadership\/wp-json\/wp\/v2\/tematiche?post=368"},{"taxonomy":"lingue","embeddable":true,"href":"https:\/\/businessschool.luiss.it\/online-programme-hr-management-and-leadership\/wp-json\/wp\/v2\/lingue?post=368"},{"taxonomy":"lunghezza_corsi","embeddable":true,"href":"https:\/\/businessschool.luiss.it\/online-programme-hr-management-and-leadership\/wp-json\/wp\/v2\/lunghezza_corsi?post=368"}],"curies":[{"name":"wp","href":"https:\/\/api.w.org\/{rel}","templated":true}]}}