{"id":79,"date":"2020-02-27T09:44:07","date_gmt":"2020-02-27T08:44:07","guid":{"rendered":"https:\/\/businessschool.luiss.it\/pr-communication-event-management-milano\/?page_id=79"},"modified":"2025-11-05T13:04:29","modified_gmt":"2025-11-05T12:04:29","slug":"curriculum","status":"publish","type":"page","link":"https:\/\/businessschool.luiss.it\/pr-communication-event-management\/curriculum\/","title":{"rendered":"Curriculum"},"content":{"rendered":"\n<p>Il curriculum \u00e8 disegnato con l\u2019obiettivo di assicurare e supportare in maniera progressiva la crescita professionale e personale degli allievi. L\u2019esperienza formativa \u00e8 composta da lezioni, casi studio, sessioni di lavoro di gruppo e prevede il coinvolgimento di una faculty di alto livello composta da accademici e professionisti.<\/p>\n\n\n\n<p>Durante tutto il percorso di Master, gli studenti riceveranno dal Career Service il costante supporto per acquisire e sviluppare competenze utili ad incrementare la propria spendibilit\u00e0 nel mercato del lavoro, nonch\u00e9 il supporto diretto per la ricerca di un tirocinio curriculare.<\/p>\n\n\n\n<hr class=\"wp-block-separator has-css-opacity\"\/>\n\n\n\n<h3 class=\"wp-block-heading\">INDUCTION WEEK<\/h3>\n\n\n\n<p>L\u2019induction week \u00e8 la settimana introduttiva del corso in cui gli studenti potranno ambientarsi e prendere confidenza con la vita nel campus. Verranno organizzati laboratori di ice-breaking, seminari, workshop e presentazioni. Gli studenti conosceranno i compagni di corso e avranno visione dei servizi e di tutte le attivit\u00e0 curriculari ed extra curriculari previste dal programma.<\/p>\n\n\n\n<hr class=\"wp-block-separator has-css-opacity\"\/>\n\n\n\n<h3 class=\"wp-block-heading\">GENERAL MANAGEMENT<\/h3>\n\n\n\n<ul class=\"wp-block-list\">\n<li>Strategia<\/li>\n\n\n\n<li>Organizzazione e People Management<\/li>\n\n\n\n<li>Economics of Strategy<\/li>\n\n\n\n<li>Finanza<\/li>\n\n\n\n<li>Contabilit\u00e0 e bilancio<\/li>\n\n\n\n<li>Diritto d\u2019impresa<\/li>\n\n\n\n<li>Fondamenti di Marketing<\/li>\n\n\n\n<li>Marketing Metrics<\/li>\n<\/ul>\n\n\n\n<hr class=\"wp-block-separator has-css-opacity\"\/>\n\n\n\n<h3 class=\"wp-block-heading\">CORSI CORE<\/h3>\n\n\n\n<ul class=\"wp-block-list\">\n<li>Advanced Marketing Management<\/li>\n\n\n\n<li>Content Marketing<\/li>\n\n\n\n<li>Obiettivi e strumenti di comunicazione<\/li>\n\n\n\n<li>Social Media Management<\/li>\n\n\n\n<li>Media Budgeting<\/li>\n\n\n\n<li>Project Management per gli eventi<\/li>\n<\/ul>\n\n\n\n<hr class=\"wp-block-separator has-css-opacity\"\/>\n\n\n\n<h3 class=\"wp-block-heading\">CORSI DI SPECIALIZZAZIONE<\/h3>\n\n\n\n<ul class=\"wp-block-list\">\n<li>Creative Communication<\/li>\n\n\n\n<li>Visual Language for Advertising<\/li>\n\n\n\n<li>Event Management<\/li>\n\n\n\n<li>PR, media relations e ufficio stampa<\/li>\n<\/ul>\n\n\n\n<hr class=\"wp-block-separator has-css-opacity\"\/>\n\n\n\n<h3 class=\"wp-block-heading\">LEARNING LABS<\/h3>\n\n\n\n<p>I laboratori favoriscono la crescita personale. Gli allievi sviluppano abilit\u00e0 trasversali e soft skill frequentando sessioni pratiche durante le quali coltivano la flessibilit\u00e0 intellettuale, accrescono la capacit\u00e0 di problem solving, imparano ad adattarsi a differenti situazioni e perfezionano la sensibilit\u00e0 interculturale.<\/p>\n\n\n\n<p><a href=\"https:\/\/businessschool.luiss.it\/pr-communication-event-management\/learning-lab\/\">Scopri tutti i learning Labs<\/a><\/p>\n\n\n\n<hr class=\"wp-block-separator has-css-opacity\"\/>\n\n\n\n<h3 class=\"wp-block-heading\">TIROCINIO<\/h3>\n\n\n\n<p>Il tirocinio curriculare \u00e8 generalmente svolto al termine del Master e rappresenta per gli studenti l\u2019opportunit\u00e0 di combinare teoria e pratica entrando in contatto diretto con figure professionali di settore. Il Career Service supporta gli allievi nella ricerca delle opportunit\u00e0 di tirocinio, contribuendo cos\u00ec ad <strong>allargare le prospettive di carriera<\/strong> degli allievi e offrendo la possibilit\u00e0 di acquisire la necessaria <strong>esperienza lavorativa<\/strong>, incrementare e migliorare le proprie abilit\u00e0 ed estendere il proprio business network.<\/p>\n\n\n\n<hr class=\"wp-block-separator has-css-opacity\"\/>\n\n\n\n<h3 class=\"wp-block-heading\">CALENDARIO ACCADEMICO<\/h3>\n\n\n\n<p>Il Master dura 12 mesi ed \u00e8 suddiviso in 4 term.<\/p>\n\n\n\n<p><strong>Term 1<\/strong>: ottobre-dicembre 2026<br><strong>Term 2<\/strong>: gennaio- marzo 2027<br><strong>Term 3<\/strong>: aprile- giugno 2027<br><strong>Term 4<\/strong>: giugno-luglio 2027 fino alla conclusione del tirocinio<\/p>\n\n\n\n<p>Il calendario accademico potrebbe subire delle variazioni durante l\u2019anno. Per ricevere maggiori informazioni e dettagli scrivere a&nbsp;<strong><u>master@luissbusinessschool.it<\/u><\/strong><\/p>\n","protected":false},"excerpt":{"rendered":"<p>Il curriculum \u00e8 disegnato con l\u2019obiettivo di assicurare e supportare in maniera progressiva la crescita professionale e personale degli allievi. [&hellip;]<\/p>\n","protected":false},"author":5,"featured_media":0,"parent":0,"menu_order":0,"comment_status":"closed","ping_status":"closed","template":"page-default.php","meta":{"_acf_changed":false,"footnotes":""},"categories":[],"tags":[],"docenti_teaching_area":[],"docenti_research_area":[],"tematiche":[],"lingue":[],"lunghezza_corsi":[],"class_list":["post-79","page","type-page","status-publish","hentry"],"acf":[],"aioseo_notices":[],"_links":{"self":[{"href":"https:\/\/businessschool.luiss.it\/pr-communication-event-management\/wp-json\/wp\/v2\/pages\/79","targetHints":{"allow":["GET"]}}],"collection":[{"href":"https:\/\/businessschool.luiss.it\/pr-communication-event-management\/wp-json\/wp\/v2\/pages"}],"about":[{"href":"https:\/\/businessschool.luiss.it\/pr-communication-event-management\/wp-json\/wp\/v2\/types\/page"}],"author":[{"embeddable":true,"href":"https:\/\/businessschool.luiss.it\/pr-communication-event-management\/wp-json\/wp\/v2\/users\/5"}],"replies":[{"embeddable":true,"href":"https:\/\/businessschool.luiss.it\/pr-communication-event-management\/wp-json\/wp\/v2\/comments?post=79"}],"version-history":[{"count":6,"href":"https:\/\/businessschool.luiss.it\/pr-communication-event-management\/wp-json\/wp\/v2\/pages\/79\/revisions"}],"predecessor-version":[{"id":374,"href":"https:\/\/businessschool.luiss.it\/pr-communication-event-management\/wp-json\/wp\/v2\/pages\/79\/revisions\/374"}],"wp:attachment":[{"href":"https:\/\/businessschool.luiss.it\/pr-communication-event-management\/wp-json\/wp\/v2\/media?parent=79"}],"wp:term":[{"taxonomy":"category","embeddable":true,"href":"https:\/\/businessschool.luiss.it\/pr-communication-event-management\/wp-json\/wp\/v2\/categories?post=79"},{"taxonomy":"post_tag","embeddable":true,"href":"https:\/\/businessschool.luiss.it\/pr-communication-event-management\/wp-json\/wp\/v2\/tags?post=79"},{"taxonomy":"docenti_teaching_area","embeddable":true,"href":"https:\/\/businessschool.luiss.it\/pr-communication-event-management\/wp-json\/wp\/v2\/docenti_teaching_area?post=79"},{"taxonomy":"docenti_research_area","embeddable":true,"href":"https:\/\/businessschool.luiss.it\/pr-communication-event-management\/wp-json\/wp\/v2\/docenti_research_area?post=79"},{"taxonomy":"tematiche","embeddable":true,"href":"https:\/\/businessschool.luiss.it\/pr-communication-event-management\/wp-json\/wp\/v2\/tematiche?post=79"},{"taxonomy":"lingue","embeddable":true,"href":"https:\/\/businessschool.luiss.it\/pr-communication-event-management\/wp-json\/wp\/v2\/lingue?post=79"},{"taxonomy":"lunghezza_corsi","embeddable":true,"href":"https:\/\/businessschool.luiss.it\/pr-communication-event-management\/wp-json\/wp\/v2\/lunghezza_corsi?post=79"}],"curies":[{"name":"wp","href":"https:\/\/api.w.org\/{rel}","templated":true}]}}