{"id":43,"date":"2021-07-29T18:25:43","date_gmt":"2021-07-29T16:25:43","guid":{"rendered":"https:\/\/businessschool.luiss.it\/programmi-custom\/?page_id=43"},"modified":"2022-05-13T13:13:01","modified_gmt":"2022-05-13T11:13:01","slug":"enel-supplier-development-program","status":"publish","type":"page","link":"https:\/\/businessschool.luiss.it\/programmi-custom\/enel-supplier-development-program\/","title":{"rendered":"ENEL Supplier Development Program"},"content":{"rendered":"\n<p>I percorsi formativi sviluppati da Luiss Business School nell\u2019ambito del programma \u201c<strong>ENEL Supplier Development Program<\/strong>\u201d offrono una formazione di alto livello per un gruppo selezionato di fornitori di Enel, su tematiche di interesse strategico dell\u2019azienda. L\u2019obiettivo dell\u2019iniziativa \u00e8 quello di rafforzare le competenze \u201cchiave\u201d dei fornitori coinvolti e di creare quindi i presupposti per costruire partnership affidabili e di lungo periodo.<\/p>\n\n\n\n<p>Attraverso l\u2019iniziativa \u201cProgramma di Sviluppo Fornitori\u201d, Enel intende promuovere un percorso di crescita e di sviluppo sostenibile per i propri fornitori al fine di rendere pi\u00f9 solida, performante ed innovativa la propria Supply Chain. Il Programma \u00e8 rivolto a tutte alle PMI che operano in ambiti di interesse strategico per Enel e che siano altamente performanti, in base a criteri oggettivi e trasparenti (i criteri di selezione sono pubblicati all\u2019interno del regolamento del Programma disponibile sul sito del Global Procurement&nbsp;<a href=\"https:\/\/globalprocurement.enel.com\/it)\">https:\/\/globalprocurement.enel.com\/it<\/a>).<\/p>\n\n\n\n<p>Luiss Business School ha progettato 4 percorsi formativi di alta specializzazione che puntano a creare:<\/p>\n\n\n\n<ul class=\"wp-block-list\"><li>crescente fidelizzazione e commitment dei fornitori<\/li><li>potenziamento delle competenze dei fornitori, sia a livello gestionale sia tecnico<\/li><li>maggiore convergenza di prospettive e allineamento tra fornitore ed Enel, ai fini di incentivare il \u201cproblem solving\u201d congiunto e favorire l\u2019allineamento rispetto alle evoluzioni del mercato.<\/li><\/ul>\n\n\n\n<p>Gli interventi formativi permetteranno di sviluppare nuove competenze sia specialistiche sia trasversali per l\u2019espletamento del ruolo professionale dei partecipanti e per una gestione delle attivit\u00e0 efficace, efficiente e in linea con le evoluzioni del mercato, di impiegare strumenti idonei a trasferire nella pratica lavorativa quanto appreso teoricamente, di ampliare la conoscenza delle azioni aziendali di successo esplorando scenari diversi dai propri.<\/p>\n\n\n\n<p>I percorsi permetteranno ai fornitori di:<\/p>\n\n\n\n<ul class=\"wp-block-list\"><li>migliorare la performance e la competitivit\u00e0<\/li><li>supportare i cambiamenti organizzativi, strategici e culturali<\/li><li>comprendere le dinamiche legate ai processi di apertura ai mercati internazionali nonch\u00e9 a mercati nazionali e locali aggiuntivi<\/li><li>promuovere un approccio razionale nei processi direzionali, attitudine a leggere e interpretare i fenomeni attraverso misure quantitative appropriate<\/li><li>rafforzare l\u2019approccio manageriale, superando e risolvendo gli ostacoli di natura organizzativa<\/li><li>rispettare i pi\u00f9 elevati standard di qualit\u00e0, conformit\u00e0, affidabilit\u00e0<\/li><li>incrementare la motivazione delle risorse interne<\/li><\/ul>\n\n\n\n<hr class=\"wp-block-separator\"\/>\n\n\n\n<h3 class=\"wp-block-heading\"><strong>PERCORSI<\/strong><\/h3>\n\n\n\n<h3 class=\"wp-block-heading\"><a href=\"https:\/\/businessschool.luiss.it\/wp-content\/uploads\/2022\/05\/Tematica-HR-Organization.pdf\">HR &amp; Organization<\/a><\/h3>\n\n\n\n<p><strong>Temi<\/strong><\/p>\n\n\n\n<ul class=\"wp-block-list\"><li>Recruiting &amp; Selezione<\/li><li>Sistemi di performance management<\/li><li>Sviluppo &amp; Carriere<\/li><li>Riforme del mercato del lavoro<\/li><li>Strategie di compensation<\/li><li>Diversity Management<\/li><\/ul>\n\n\n\n<h3 class=\"wp-block-heading\"><a href=\"https:\/\/businessschool.luiss.it\/wp-content\/uploads\/2022\/05\/Tematica-Marketing-Sales-Communication.pdf\">Marketing, Sales, Communication<\/a><\/h3>\n\n\n\n<p><strong>Temi<\/strong><\/p>\n\n\n\n<ul class=\"wp-block-list\"><li>L\u2019impatto delle diverse leve di marketing<\/li><li>Misura e Controllo delle prestazioni di una struttura commerciale<\/li><li>Analisi del portafoglio clienti<\/li><li>Analisi del potenziale di vendita<\/li><li>Controllo delle performance del personale di vendita<\/li><\/ul>\n\n\n\n<h3 class=\"wp-block-heading\"><a href=\"https:\/\/businessschool.luiss.it\/wp-content\/uploads\/2022\/05\/Tematica-Risk-Compliance.pdf\">Risk &amp; Compliance<\/a><\/h3>\n\n\n\n<p><strong>Temi<\/strong><\/p>\n\n\n\n<ul class=\"wp-block-list\"><li>Regolamentazione<\/li><li>Business modeling &amp; valutazione dei rischi<\/li><li>Sistemi di controllo dei rischi<\/li><li>Modelli di risk governance<\/li><li>Analisi quantitativi dei rischi<\/li><li>Business continuity &amp; crisis management<\/li><\/ul>\n\n\n\n<h3 class=\"wp-block-heading\"><a href=\"https:\/\/businessschool.luiss.it\/wp-content\/uploads\/2022\/05\/Tematica-Project-Management.pdf\">Project Management<\/a><\/h3>\n\n\n\n<p><strong>Temi<\/strong><\/p>\n\n\n\n<ul class=\"wp-block-list\"><li>Elementi caratteristici di un progetto<\/li><li>Definizione ed organizzazione di un team<\/li><li>Organizzazione&nbsp;e gestione di progetto<\/li><li>Pianificazione e controllo di progetto<\/li><li>Approccio Multi-project<\/li><\/ul>\n\n\n\n<h3 class=\"wp-block-heading\"><a class=\"button\" href=\"https:\/\/businessschool.luiss.it\/wp-content\/uploads\/2022\/05\/Moduli_ISCRIZIONE_-ENEL_Supplier_Development.pdf\" target=\"_blank\" rel=\"noreferrer noopener\">Modulo di Iscrizione<\/a><\/h3>\n","protected":false},"excerpt":{"rendered":"<p>I percorsi formativi sviluppati da Luiss Business School nell\u2019ambito del programma \u201cENEL Supplier Development Program\u201d offrono una formazione di alto [&hellip;]<\/p>\n","protected":false},"author":5,"featured_media":0,"parent":0,"menu_order":0,"comment_status":"closed","ping_status":"closed","template":"","meta":{"_acf_changed":false,"footnotes":""},"categories":[2],"tags":[],"docenti_teaching_area":[],"docenti_research_area":[],"tematiche":[],"lingue":[],"lunghezza_corsi":[],"class_list":["post-43","page","type-page","status-publish","hentry","category-no_dati_header"],"acf":[],"aioseo_notices":[],"_links":{"self":[{"href":"https:\/\/businessschool.luiss.it\/programmi-custom\/wp-json\/wp\/v2\/pages\/43","targetHints":{"allow":["GET"]}}],"collection":[{"href":"https:\/\/businessschool.luiss.it\/programmi-custom\/wp-json\/wp\/v2\/pages"}],"about":[{"href":"https:\/\/businessschool.luiss.it\/programmi-custom\/wp-json\/wp\/v2\/types\/page"}],"author":[{"embeddable":true,"href":"https:\/\/businessschool.luiss.it\/programmi-custom\/wp-json\/wp\/v2\/users\/5"}],"replies":[{"embeddable":true,"href":"https:\/\/businessschool.luiss.it\/programmi-custom\/wp-json\/wp\/v2\/comments?post=43"}],"version-history":[{"count":6,"href":"https:\/\/businessschool.luiss.it\/programmi-custom\/wp-json\/wp\/v2\/pages\/43\/revisions"}],"predecessor-version":[{"id":147,"href":"https:\/\/businessschool.luiss.it\/programmi-custom\/wp-json\/wp\/v2\/pages\/43\/revisions\/147"}],"wp:attachment":[{"href":"https:\/\/businessschool.luiss.it\/programmi-custom\/wp-json\/wp\/v2\/media?parent=43"}],"wp:term":[{"taxonomy":"category","embeddable":true,"href":"https:\/\/businessschool.luiss.it\/programmi-custom\/wp-json\/wp\/v2\/categories?post=43"},{"taxonomy":"post_tag","embeddable":true,"href":"https:\/\/businessschool.luiss.it\/programmi-custom\/wp-json\/wp\/v2\/tags?post=43"},{"taxonomy":"docenti_teaching_area","embeddable":true,"href":"https:\/\/businessschool.luiss.it\/programmi-custom\/wp-json\/wp\/v2\/docenti_teaching_area?post=43"},{"taxonomy":"docenti_research_area","embeddable":true,"href":"https:\/\/businessschool.luiss.it\/programmi-custom\/wp-json\/wp\/v2\/docenti_research_area?post=43"},{"taxonomy":"tematiche","embeddable":true,"href":"https:\/\/businessschool.luiss.it\/programmi-custom\/wp-json\/wp\/v2\/tematiche?post=43"},{"taxonomy":"lingue","embeddable":true,"href":"https:\/\/businessschool.luiss.it\/programmi-custom\/wp-json\/wp\/v2\/lingue?post=43"},{"taxonomy":"lunghezza_corsi","embeddable":true,"href":"https:\/\/businessschool.luiss.it\/programmi-custom\/wp-json\/wp\/v2\/lunghezza_corsi?post=43"}],"curies":[{"name":"wp","href":"https:\/\/api.w.org\/{rel}","templated":true}]}}