{"id":91,"date":"2022-02-02T12:19:37","date_gmt":"2022-02-02T11:19:37","guid":{"rendered":"https:\/\/businessschool.luiss.it\/site-flex\/?page_id=91"},"modified":"2024-10-16T09:48:40","modified_gmt":"2024-10-16T07:48:40","slug":"partner","status":"publish","type":"page","link":"https:\/\/businessschool.luiss.it\/sperimentazione-clinica-aspetti-regolatori-gestionali-operativi\/partner\/","title":{"rendered":"Partner"},"content":{"rendered":"\n<figure class=\"wp-block-image size-large is-resized\"><img loading=\"lazy\" decoding=\"async\" width=\"1024\" height=\"328\" src=\"https:\/\/businessschool.luiss.it\/sperimentazione-clinica-aspetti-regolatori-gestionali-operativi\/wp-content\/uploads\/sites\/206\/2024\/03\/LIUC_BS_Logo_2023_Oriz-1024x328.png\" alt=\"\" class=\"wp-image-181\" style=\"width:351px;height:112px\" srcset=\"https:\/\/businessschool.luiss.it\/sperimentazione-clinica-aspetti-regolatori-gestionali-operativi\/wp-content\/uploads\/sites\/206\/2024\/03\/LIUC_BS_Logo_2023_Oriz-1024x328.png 1024w, https:\/\/businessschool.luiss.it\/sperimentazione-clinica-aspetti-regolatori-gestionali-operativi\/wp-content\/uploads\/sites\/206\/2024\/03\/LIUC_BS_Logo_2023_Oriz-300x96.png 300w, https:\/\/businessschool.luiss.it\/sperimentazione-clinica-aspetti-regolatori-gestionali-operativi\/wp-content\/uploads\/sites\/206\/2024\/03\/LIUC_BS_Logo_2023_Oriz-768x246.png 768w, https:\/\/businessschool.luiss.it\/sperimentazione-clinica-aspetti-regolatori-gestionali-operativi\/wp-content\/uploads\/sites\/206\/2024\/03\/LIUC_BS_Logo_2023_Oriz-1536x493.png 1536w, https:\/\/businessschool.luiss.it\/sperimentazione-clinica-aspetti-regolatori-gestionali-operativi\/wp-content\/uploads\/sites\/206\/2024\/03\/LIUC_BS_Logo_2023_Oriz-2048x657.png 2048w\" sizes=\"auto, (max-width: 1024px) 100vw, 1024px\" \/><\/figure>\n\n\n\n<p><strong>Liuc Business School \u00e8 la scuola di Management della LIUC Universit\u00e0 Cattaneo. <\/strong>Si dedica ad accompagnare i leader di oggi e di domani, rompendo gli schemi attraverso un mix di creativit\u00e0, innovazione e rispetto per la tradizione. Valorizziamo un equilibrio tra consapevolezza e visione, rigore e pragmatismo, pensiero elevato e applicazioni pratiche.<\/p>\n\n\n\n<p>Il nostro obiettivo \u00e8 quello di formare e supportare una nuova generazione di manager ad alto potenziale, top manager esperti, imprenditori, aziende e professionisti, guidandoli nella creazione e sviluppo di un modello individuale che si basi su conoscenze e metodologie fortemente applicabili nel contesto lavorativo. Questo per promuovere una crescita responsabile, incentrata sull&#8217;innovazione e sulle performance.<\/p>\n\n\n\n<p>LIUC Business School si distingue per il suo approccio formativo e di ricerca: da un lato \u201cfocused on the individual and individually tailored\u201d e dall\u2019altro \u201cexperience-oriented\u201d<\/p>\n\n\n\n<figure class=\"wp-block-image size-large is-resized\"><img loading=\"lazy\" decoding=\"async\" width=\"1024\" height=\"301\" src=\"https:\/\/businessschool.luiss.it\/sperimentazione-clinica-aspetti-regolatori-gestionali-operativi\/wp-content\/uploads\/sites\/206\/2024\/03\/SFC_0915-1024x301.png\" alt=\"\" class=\"wp-image-182\" style=\"width:332px;height:97px\" srcset=\"https:\/\/businessschool.luiss.it\/sperimentazione-clinica-aspetti-regolatori-gestionali-operativi\/wp-content\/uploads\/sites\/206\/2024\/03\/SFC_0915-1024x301.png 1024w, https:\/\/businessschool.luiss.it\/sperimentazione-clinica-aspetti-regolatori-gestionali-operativi\/wp-content\/uploads\/sites\/206\/2024\/03\/SFC_0915-300x88.png 300w, https:\/\/businessschool.luiss.it\/sperimentazione-clinica-aspetti-regolatori-gestionali-operativi\/wp-content\/uploads\/sites\/206\/2024\/03\/SFC_0915-768x226.png 768w, https:\/\/businessschool.luiss.it\/sperimentazione-clinica-aspetti-regolatori-gestionali-operativi\/wp-content\/uploads\/sites\/206\/2024\/03\/SFC_0915-1536x451.png 1536w, https:\/\/businessschool.luiss.it\/sperimentazione-clinica-aspetti-regolatori-gestionali-operativi\/wp-content\/uploads\/sites\/206\/2024\/03\/SFC_0915.png 1691w\" sizes=\"auto, (max-width: 1024px) 100vw, 1024px\" \/><\/figure>\n\n\n\n<p><strong>SFC &#8211; Sistemi Formativi Confindustria <\/strong>\u00e8 una societ\u00e0 consortile per azioni che progetta e coordina iniziative di formazione, ricerca e sviluppo ed assistenza tecnica \u2013 sia a livello nazionale che locale \u2013finalizzate a supportare lo sviluppo del Sistema associativo Confindustria, sostenere la crescita competitiva delle PMI e favorire la modernizzazione della Pubblica Amministrazione. Al consorzio di SFC attualmente aderiscono oltre 80 Soci che costituiscono una rete capillare sull\u2019intero territorio nazionale.<\/p>\n\n\n\n<h3 class=\"wp-block-heading\">Partner Scientifico<\/h3>\n\n\n\n<figure class=\"wp-block-image size-large is-resized\"><img loading=\"lazy\" decoding=\"async\" width=\"1024\" height=\"192\" src=\"https:\/\/businessschool.luiss.it\/sperimentazione-clinica-aspetti-regolatori-gestionali-operativi\/wp-content\/uploads\/sites\/206\/2024\/03\/logo_pascale_trasparente-1024x192.png\" alt=\"\" class=\"wp-image-184\" style=\"width:354px;height:66px\" srcset=\"https:\/\/businessschool.luiss.it\/sperimentazione-clinica-aspetti-regolatori-gestionali-operativi\/wp-content\/uploads\/sites\/206\/2024\/03\/logo_pascale_trasparente-1024x192.png 1024w, https:\/\/businessschool.luiss.it\/sperimentazione-clinica-aspetti-regolatori-gestionali-operativi\/wp-content\/uploads\/sites\/206\/2024\/03\/logo_pascale_trasparente-300x56.png 300w, https:\/\/businessschool.luiss.it\/sperimentazione-clinica-aspetti-regolatori-gestionali-operativi\/wp-content\/uploads\/sites\/206\/2024\/03\/logo_pascale_trasparente-768x144.png 768w, https:\/\/businessschool.luiss.it\/sperimentazione-clinica-aspetti-regolatori-gestionali-operativi\/wp-content\/uploads\/sites\/206\/2024\/03\/logo_pascale_trasparente-1536x289.png 1536w, https:\/\/businessschool.luiss.it\/sperimentazione-clinica-aspetti-regolatori-gestionali-operativi\/wp-content\/uploads\/sites\/206\/2024\/03\/logo_pascale_trasparente.png 1777w\" sizes=\"auto, (max-width: 1024px) 100vw, 1024px\" \/><\/figure>\n\n\n\n<p><strong>L\u2019Istituto Nazionale per lo Studio e la Cura dei Tumori \u201cFondazione Giovanni Pascale\u201d<\/strong>, fondato nel 1933 ad opera del Senatore Giovanni Pascale; \u00e8 oggi un Istituto di Ricovero e Cura a Carattere Scientifico (IRCCS) di diritto pubblico che, coniugando attivit\u00e0 di ricerca (sperimentale e clinica) e prestazioni assistenziali di elevata complessit\u00e0 e qualit\u00e0, costituisce una tra le pi\u00f9 significative realt\u00e0 sanitarie del Sud d\u2019Italia in campo oncologico.<\/p>\n\n\n\n<figure class=\"wp-block-image size-full\"><img loading=\"lazy\" decoding=\"async\" width=\"287\" height=\"107\" src=\"https:\/\/businessschool.luiss.it\/sperimentazione-clinica-aspetti-regolatori-gestionali-operativi\/wp-content\/uploads\/sites\/206\/2024\/10\/LogoPNG-BFN.png\" alt=\"\" class=\"wp-image-234\"\/><\/figure>\n\n\n\n<p><strong>BioPharma Network<\/strong>\u00a0\u00e8 il primo network in Italia volto a favorire lo sviluppo professionale dei manager del settore farmaceutico e biothech attraverso il Networking e lo Sviluppo Manageriale dei propri associati.<\/p>\n\n\n\n<p>BioPharma Network inoltre si impegna a essere un punto di riferimento per la crescita e l&#8217;innovazione nel settore farmaceutico e biotech, contribuendo allo sviluppo dei giovani talenti e alla diffusione di nuove conoscenze.<\/p>\n","protected":false},"excerpt":{"rendered":"<p>Liuc Business School \u00e8 la scuola di Management della LIUC Universit\u00e0 Cattaneo. Si dedica ad accompagnare i leader di oggi [&hellip;]<\/p>\n","protected":false},"author":1,"featured_media":0,"parent":0,"menu_order":0,"comment_status":"closed","ping_status":"closed","template":"","meta":{"_acf_changed":false,"footnotes":""},"categories":[],"tags":[],"docenti_teaching_area":[],"docenti_research_area":[],"tematiche":[],"lingue":[],"lunghezza_corsi":[],"class_list":["post-91","page","type-page","status-publish","hentry"],"acf":[],"aioseo_notices":[],"_links":{"self":[{"href":"https:\/\/businessschool.luiss.it\/sperimentazione-clinica-aspetti-regolatori-gestionali-operativi\/wp-json\/wp\/v2\/pages\/91","targetHints":{"allow":["GET"]}}],"collection":[{"href":"https:\/\/businessschool.luiss.it\/sperimentazione-clinica-aspetti-regolatori-gestionali-operativi\/wp-json\/wp\/v2\/pages"}],"about":[{"href":"https:\/\/businessschool.luiss.it\/sperimentazione-clinica-aspetti-regolatori-gestionali-operativi\/wp-json\/wp\/v2\/types\/page"}],"author":[{"embeddable":true,"href":"https:\/\/businessschool.luiss.it\/sperimentazione-clinica-aspetti-regolatori-gestionali-operativi\/wp-json\/wp\/v2\/users\/1"}],"replies":[{"embeddable":true,"href":"https:\/\/businessschool.luiss.it\/sperimentazione-clinica-aspetti-regolatori-gestionali-operativi\/wp-json\/wp\/v2\/comments?post=91"}],"version-history":[{"count":4,"href":"https:\/\/businessschool.luiss.it\/sperimentazione-clinica-aspetti-regolatori-gestionali-operativi\/wp-json\/wp\/v2\/pages\/91\/revisions"}],"predecessor-version":[{"id":235,"href":"https:\/\/businessschool.luiss.it\/sperimentazione-clinica-aspetti-regolatori-gestionali-operativi\/wp-json\/wp\/v2\/pages\/91\/revisions\/235"}],"wp:attachment":[{"href":"https:\/\/businessschool.luiss.it\/sperimentazione-clinica-aspetti-regolatori-gestionali-operativi\/wp-json\/wp\/v2\/media?parent=91"}],"wp:term":[{"taxonomy":"category","embeddable":true,"href":"https:\/\/businessschool.luiss.it\/sperimentazione-clinica-aspetti-regolatori-gestionali-operativi\/wp-json\/wp\/v2\/categories?post=91"},{"taxonomy":"post_tag","embeddable":true,"href":"https:\/\/businessschool.luiss.it\/sperimentazione-clinica-aspetti-regolatori-gestionali-operativi\/wp-json\/wp\/v2\/tags?post=91"},{"taxonomy":"docenti_teaching_area","embeddable":true,"href":"https:\/\/businessschool.luiss.it\/sperimentazione-clinica-aspetti-regolatori-gestionali-operativi\/wp-json\/wp\/v2\/docenti_teaching_area?post=91"},{"taxonomy":"docenti_research_area","embeddable":true,"href":"https:\/\/businessschool.luiss.it\/sperimentazione-clinica-aspetti-regolatori-gestionali-operativi\/wp-json\/wp\/v2\/docenti_research_area?post=91"},{"taxonomy":"tematiche","embeddable":true,"href":"https:\/\/businessschool.luiss.it\/sperimentazione-clinica-aspetti-regolatori-gestionali-operativi\/wp-json\/wp\/v2\/tematiche?post=91"},{"taxonomy":"lingue","embeddable":true,"href":"https:\/\/businessschool.luiss.it\/sperimentazione-clinica-aspetti-regolatori-gestionali-operativi\/wp-json\/wp\/v2\/lingue?post=91"},{"taxonomy":"lunghezza_corsi","embeddable":true,"href":"https:\/\/businessschool.luiss.it\/sperimentazione-clinica-aspetti-regolatori-gestionali-operativi\/wp-json\/wp\/v2\/lunghezza_corsi?post=91"}],"curies":[{"name":"wp","href":"https:\/\/api.w.org\/{rel}","templated":true}]}}