{"id":14,"date":"2025-06-05T16:28:30","date_gmt":"2025-06-05T14:28:30","guid":{"rendered":"https:\/\/businessschool.luiss.it\/sustainable-mobility-and-logistic-management\/?page_id=14"},"modified":"2026-03-18T16:04:17","modified_gmt":"2026-03-18T15:04:17","slug":"partner","status":"publish","type":"page","link":"https:\/\/businessschool.luiss.it\/sustainable-mobility-and-logistic-management\/partner\/","title":{"rendered":"Partner"},"content":{"rendered":"\n<figure class=\"wp-block-image size-full is-resized\"><img loading=\"lazy\" decoding=\"async\" width=\"341\" height=\"167\" src=\"https:\/\/businessschool.luiss.it\/sustainable-mobility-and-logistic-management\/wp-content\/uploads\/sites\/317\/2025\/07\/image.png\" alt=\"Eit Urban Mobility - Co-funde by the European Union\nLOGO\" class=\"wp-image-46\" style=\"width:309px;height:auto\" srcset=\"https:\/\/businessschool.luiss.it\/sustainable-mobility-and-logistic-management\/wp-content\/uploads\/sites\/317\/2025\/07\/image.png 341w, https:\/\/businessschool.luiss.it\/sustainable-mobility-and-logistic-management\/wp-content\/uploads\/sites\/317\/2025\/07\/image-300x147.png 300w\" sizes=\"auto, (max-width: 341px) 100vw, 341px\" \/><\/figure>\n\n\n\n<p>EIT Urban Mobility \u00e8 la pi\u00f9 grande comunit\u00e0 d\u2019innovazione per la mobilit\u00e0 urbana in Europa<br>Fondata nel 2019 come iniziativa dell\u2019Istituto Europeo di Innovazione e Tecnologia (EIT), un organismo dell\u2019Unione Europea, EIT Urban Mobility si impegna ad accelerare la transizione verso una mobilit\u00e0 sostenibile.<br>Accelera la transizione verso una mobilit\u00e0 urbana sostenibile offrendo a imprese consolidate, startup, universit\u00e0, istituti di ricerca e al settore pubblico l\u2019accesso a mercati, talenti, finanziamenti e conoscenze. D\u00e0 potere ai suoi partner affinch\u00e9 possano sviluppare e implementare nuove soluzioni per affrontare le sfide della mobilit\u00e0 che le citt\u00e0 europee devono fronteggiare.<br>Collaborano con oltre 250 organizzazioni e con una rete pi\u00f9 ampia di oltre 1.100 organizzazioni in 35 paesi. Il suo lavoro sostiene la visione di una mobilit\u00e0 urbana sostenibile e decarbonizzata e di spazi urbani pi\u00f9 vivibili per tutti.<\/p>\n\n\n\n<figure class=\"wp-block-image size-full is-resized\"><img loading=\"lazy\" decoding=\"async\" width=\"770\" height=\"354\" src=\"https:\/\/businessschool.luiss.it\/sustainable-mobility-and-logistic-management\/wp-content\/uploads\/sites\/317\/2026\/03\/Senza-titolo.png\" alt=\"\" class=\"wp-image-89\" style=\"width:294px;height:auto\" srcset=\"https:\/\/businessschool.luiss.it\/sustainable-mobility-and-logistic-management\/wp-content\/uploads\/sites\/317\/2026\/03\/Senza-titolo.png 770w, https:\/\/businessschool.luiss.it\/sustainable-mobility-and-logistic-management\/wp-content\/uploads\/sites\/317\/2026\/03\/Senza-titolo-300x138.png 300w, https:\/\/businessschool.luiss.it\/sustainable-mobility-and-logistic-management\/wp-content\/uploads\/sites\/317\/2026\/03\/Senza-titolo-768x353.png 768w\" sizes=\"auto, (max-width: 770px) 100vw, 770px\" \/><\/figure>\n\n\n\n<p>Italiacamp \u00e8 un\u2019organizzazione che sviluppa processi di&nbsp;innovazione sociale ad impatto positivo per il Paese, creando&nbsp;connessioni tra Istituzioni, Aziende, Associazioni e Universit\u00e0.&nbsp;Da 10 anni rispondiamo ai fabbisogni di innovazione e di&nbsp;trasformazione di Istituzioni, imprese, persone e comunit\u00e0.&nbsp;La capacit\u00e0 di lettura del contesto, di anticipare nuovi trend e di&nbsp;abilitare lo sviluppo di relazioni anche complesse, sono elementi&nbsp;caratterizzanti della nostra identit\u00e0. Per questo \u2013 negli anni \u2013 abbiamo dato vita a una Impact&nbsp;Organization in cui obiettivi di business e impatti sociali, ambientali&nbsp;e culturali generati sono coerenti e complementari.<\/p><br>\n\n\n\n<div class=\"wp-block-group\"><div class=\"wp-block-group__inner-container is-layout-constrained wp-block-group-is-layout-constrained\">\n<figure class=\"wp-block-image size-full is-resized\"><img loading=\"lazy\" decoding=\"async\" width=\"941\" height=\"340\" src=\"https:\/\/businessschool.luiss.it\/sustainable-mobility-and-logistic-management\/wp-content\/uploads\/sites\/317\/2026\/03\/Almaviva-Group-sfondo-trasparente-1.png\" alt=\"\" class=\"wp-image-77\" style=\"width:279px;height:auto\" srcset=\"https:\/\/businessschool.luiss.it\/sustainable-mobility-and-logistic-management\/wp-content\/uploads\/sites\/317\/2026\/03\/Almaviva-Group-sfondo-trasparente-1.png 941w, https:\/\/businessschool.luiss.it\/sustainable-mobility-and-logistic-management\/wp-content\/uploads\/sites\/317\/2026\/03\/Almaviva-Group-sfondo-trasparente-1-300x108.png 300w, https:\/\/businessschool.luiss.it\/sustainable-mobility-and-logistic-management\/wp-content\/uploads\/sites\/317\/2026\/03\/Almaviva-Group-sfondo-trasparente-1-768x277.png 768w\" sizes=\"auto, (max-width: 941px) 100vw, 941px\" \/><\/figure>\n<\/div><\/div>\n\n\n\n<p>Gruppo leader italiano nell\u2019Information &amp; Communication Technology, da oltre 40 anni, Almaviva \u00e8 protagonista della trasformazione digitale, accompagnando il percorso di innovazione di imprese e pubbliche amministrazioni. Nel 2024, conta oltre 40.000 persone in Italia e nel mondo e ricavi superiori a 1,4 miliardi di euro. Il Gruppo opera attraverso una rete globale di oltre 30 societ\u00e0 e 80 sedi in Italia e all\u2019estero, con una presenza consolidata in vari paesi, fra cui Stati Uniti, America Latina (Brasile, Colombia, Repubblica Dominicana), Belgio, Spagna, Finlandia, Arabia Saudita, Emirati Arabi Uniti, Egitto e Tunisia.<\/p>\n","protected":false},"excerpt":{"rendered":"<p>EIT Urban Mobility \u00e8 la pi\u00f9 grande comunit\u00e0 d\u2019innovazione per la mobilit\u00e0 urbana in EuropaFondata nel 2019 come iniziativa dell\u2019Istituto [&hellip;]<\/p>\n","protected":false},"author":5,"featured_media":0,"parent":0,"menu_order":0,"comment_status":"closed","ping_status":"closed","template":"","meta":{"_acf_changed":false,"footnotes":""},"categories":[],"tags":[],"docenti_teaching_area":[],"docenti_research_area":[],"tematiche":[],"lingue":[],"lunghezza_corsi":[],"class_list":["post-14","page","type-page","status-publish","hentry"],"acf":[],"aioseo_notices":[],"_links":{"self":[{"href":"https:\/\/businessschool.luiss.it\/sustainable-mobility-and-logistic-management\/wp-json\/wp\/v2\/pages\/14","targetHints":{"allow":["GET"]}}],"collection":[{"href":"https:\/\/businessschool.luiss.it\/sustainable-mobility-and-logistic-management\/wp-json\/wp\/v2\/pages"}],"about":[{"href":"https:\/\/businessschool.luiss.it\/sustainable-mobility-and-logistic-management\/wp-json\/wp\/v2\/types\/page"}],"author":[{"embeddable":true,"href":"https:\/\/businessschool.luiss.it\/sustainable-mobility-and-logistic-management\/wp-json\/wp\/v2\/users\/5"}],"replies":[{"embeddable":true,"href":"https:\/\/businessschool.luiss.it\/sustainable-mobility-and-logistic-management\/wp-json\/wp\/v2\/comments?post=14"}],"version-history":[{"count":6,"href":"https:\/\/businessschool.luiss.it\/sustainable-mobility-and-logistic-management\/wp-json\/wp\/v2\/pages\/14\/revisions"}],"predecessor-version":[{"id":95,"href":"https:\/\/businessschool.luiss.it\/sustainable-mobility-and-logistic-management\/wp-json\/wp\/v2\/pages\/14\/revisions\/95"}],"wp:attachment":[{"href":"https:\/\/businessschool.luiss.it\/sustainable-mobility-and-logistic-management\/wp-json\/wp\/v2\/media?parent=14"}],"wp:term":[{"taxonomy":"category","embeddable":true,"href":"https:\/\/businessschool.luiss.it\/sustainable-mobility-and-logistic-management\/wp-json\/wp\/v2\/categories?post=14"},{"taxonomy":"post_tag","embeddable":true,"href":"https:\/\/businessschool.luiss.it\/sustainable-mobility-and-logistic-management\/wp-json\/wp\/v2\/tags?post=14"},{"taxonomy":"docenti_teaching_area","embeddable":true,"href":"https:\/\/businessschool.luiss.it\/sustainable-mobility-and-logistic-management\/wp-json\/wp\/v2\/docenti_teaching_area?post=14"},{"taxonomy":"docenti_research_area","embeddable":true,"href":"https:\/\/businessschool.luiss.it\/sustainable-mobility-and-logistic-management\/wp-json\/wp\/v2\/docenti_research_area?post=14"},{"taxonomy":"tematiche","embeddable":true,"href":"https:\/\/businessschool.luiss.it\/sustainable-mobility-and-logistic-management\/wp-json\/wp\/v2\/tematiche?post=14"},{"taxonomy":"lingue","embeddable":true,"href":"https:\/\/businessschool.luiss.it\/sustainable-mobility-and-logistic-management\/wp-json\/wp\/v2\/lingue?post=14"},{"taxonomy":"lunghezza_corsi","embeddable":true,"href":"https:\/\/businessschool.luiss.it\/sustainable-mobility-and-logistic-management\/wp-json\/wp\/v2\/lunghezza_corsi?post=14"}],"curies":[{"name":"wp","href":"https:\/\/api.w.org\/{rel}","templated":true}]}}