{"id":9,"date":"2025-06-05T16:27:45","date_gmt":"2025-06-05T14:27:45","guid":{"rendered":"https:\/\/businessschool.luiss.it\/sustainable-mobility-and-logistic-management\/?page_id=9"},"modified":"2026-04-01T15:58:05","modified_gmt":"2026-04-01T13:58:05","slug":"curriculum","status":"publish","type":"page","link":"https:\/\/businessschool.luiss.it\/sustainable-mobility-and-logistic-management\/curriculum\/","title":{"rendered":"Curriculum"},"content":{"rendered":"\n<p>L\u2019Executive Programme in Sustainable Mobility and Logistic Management si sviluppa in 8 moduli per una durata complessiva di 3 mesi.<br>Il programma \u00e8 organizzato secondo la formula part-time che permette di conciliare l\u2019attivit\u00e0 formativa con la carriera professionale. Alcune sessioni formative sono obbligatoriamente on-site presso Villa Blanc, altre sono condotte esclusivamente on-line.<\/p>\n\n\n\n<h3 class=\"wp-block-heading\">Corsi<\/h3>\n\n\n\n<ul class=\"wp-block-list\">\n<li><strong>Modulo 1:<\/strong> <strong>Introduzione alla Mobilit\u00e0 Sostenibile e alla Logistica<\/strong><\/li>\n\n\n\n<li><strong>Modulo 2: Sfide di Sostenibilit\u00e0 nella Mobilit\u00e0 e Logistica<\/strong><\/li>\n\n\n\n<li><strong>Modulo 3:<\/strong> <strong>Trasformazione Digitale e Innovazione Tecnologica<\/strong><\/li>\n\n\n\n<li><strong>Modulo 4:<\/strong> <strong>Innovative Business Models nel settore Mobilit\u00e0 e Logistica<\/strong><\/li>\n\n\n\n<li><strong>Modulo 5: Pianificazione e Business Strategy per la Logistica<\/strong><\/li>\n\n\n\n<li><strong>Modulo 6:<\/strong> <strong>Accounting e Economics della Mobilit\u00e0 e Logistica<\/strong><\/li>\n\n\n\n<li><strong>Modulo 7: Gestione Operativa e Supply Chain Management<\/strong><\/li>\n\n\n\n<li><strong>Modulo 8: Infrastrutture per la Mobilit\u00e0 e la Logistica<\/strong><\/li>\n<\/ul>\n\n\n\n<p><em>Per maggiori informazioni sul curriculum del programma, scarica la brochure.<\/em><\/p>\n\n\n\n<h3 class=\"wp-block-heading\">Calendario e sedi<\/h3>\n\n\n\n<p>L\u2019<strong>Executive Programme in Sustainable Mobility and Logistic Management<\/strong> \u00e8 offerto nella sede di Roma e si svolge sia\u00a0on campus\u00a0che\u00a0a distanza\u00a0<em>(streaming)<\/em>.<\/p>\n\n\n\n<p>Le lezioni si svolgono il&nbsp;venerd\u00ec&nbsp;e il&nbsp;sabato&nbsp;in presenza e il&nbsp;mercoled\u00ec e gioved\u00ec&nbsp;online.<\/p>\n\n\n\n<p><em>Per maggiori informazioni sulle date degli incontri,&nbsp;<\/em><a href=\"https:\/\/businessschool.luiss.it\/sustainable-mobility-and-logistic-management\/download-brochure\/\"><em>scarica la brochure<\/em><\/a><em>.<\/em><\/p>\n\n\n\n<p><em>Salvo disposizioni di legge che impediscano lo svolgimento degli incontri in presenza, per cui la Scuola si riserva il diritto di modificare la modalit\u00e0 di erogazione delle stesse, queste si terranno presso le sedi indicate e previste per il programma in oggetto.<\/em><\/p>\n\n\n\n<p><\/p>\n","protected":false},"excerpt":{"rendered":"<p>L\u2019Executive Programme in Sustainable Mobility and Logistic Management si sviluppa in 8 moduli per una durata complessiva di 3 mesi.Il [&hellip;]<\/p>\n","protected":false},"author":5,"featured_media":0,"parent":0,"menu_order":0,"comment_status":"closed","ping_status":"closed","template":"","meta":{"_acf_changed":false,"footnotes":""},"categories":[],"tags":[],"docenti_teaching_area":[],"docenti_research_area":[],"tematiche":[],"lingue":[],"lunghezza_corsi":[],"class_list":["post-9","page","type-page","status-publish","hentry"],"acf":[],"aioseo_notices":[],"_links":{"self":[{"href":"https:\/\/businessschool.luiss.it\/sustainable-mobility-and-logistic-management\/wp-json\/wp\/v2\/pages\/9","targetHints":{"allow":["GET"]}}],"collection":[{"href":"https:\/\/businessschool.luiss.it\/sustainable-mobility-and-logistic-management\/wp-json\/wp\/v2\/pages"}],"about":[{"href":"https:\/\/businessschool.luiss.it\/sustainable-mobility-and-logistic-management\/wp-json\/wp\/v2\/types\/page"}],"author":[{"embeddable":true,"href":"https:\/\/businessschool.luiss.it\/sustainable-mobility-and-logistic-management\/wp-json\/wp\/v2\/users\/5"}],"replies":[{"embeddable":true,"href":"https:\/\/businessschool.luiss.it\/sustainable-mobility-and-logistic-management\/wp-json\/wp\/v2\/comments?post=9"}],"version-history":[{"count":6,"href":"https:\/\/businessschool.luiss.it\/sustainable-mobility-and-logistic-management\/wp-json\/wp\/v2\/pages\/9\/revisions"}],"predecessor-version":[{"id":105,"href":"https:\/\/businessschool.luiss.it\/sustainable-mobility-and-logistic-management\/wp-json\/wp\/v2\/pages\/9\/revisions\/105"}],"wp:attachment":[{"href":"https:\/\/businessschool.luiss.it\/sustainable-mobility-and-logistic-management\/wp-json\/wp\/v2\/media?parent=9"}],"wp:term":[{"taxonomy":"category","embeddable":true,"href":"https:\/\/businessschool.luiss.it\/sustainable-mobility-and-logistic-management\/wp-json\/wp\/v2\/categories?post=9"},{"taxonomy":"post_tag","embeddable":true,"href":"https:\/\/businessschool.luiss.it\/sustainable-mobility-and-logistic-management\/wp-json\/wp\/v2\/tags?post=9"},{"taxonomy":"docenti_teaching_area","embeddable":true,"href":"https:\/\/businessschool.luiss.it\/sustainable-mobility-and-logistic-management\/wp-json\/wp\/v2\/docenti_teaching_area?post=9"},{"taxonomy":"docenti_research_area","embeddable":true,"href":"https:\/\/businessschool.luiss.it\/sustainable-mobility-and-logistic-management\/wp-json\/wp\/v2\/docenti_research_area?post=9"},{"taxonomy":"tematiche","embeddable":true,"href":"https:\/\/businessschool.luiss.it\/sustainable-mobility-and-logistic-management\/wp-json\/wp\/v2\/tematiche?post=9"},{"taxonomy":"lingue","embeddable":true,"href":"https:\/\/businessschool.luiss.it\/sustainable-mobility-and-logistic-management\/wp-json\/wp\/v2\/lingue?post=9"},{"taxonomy":"lunghezza_corsi","embeddable":true,"href":"https:\/\/businessschool.luiss.it\/sustainable-mobility-and-logistic-management\/wp-json\/wp\/v2\/lunghezza_corsi?post=9"}],"curies":[{"name":"wp","href":"https:\/\/api.w.org\/{rel}","templated":true}]}}