{"id":720,"date":"2026-09-03T06:42:52","date_gmt":"2026-09-03T06:42:52","guid":{"rendered":"https:\/\/businessschool.luiss.it\/sviluppo-manageriale\/?page_id=720"},"modified":"2026-09-03T07:35:45","modified_gmt":"2026-09-03T07:35:45","slug":"testimonianze-2","status":"publish","type":"page","link":"https:\/\/businessschool.luiss.it\/sviluppo-manageriale\/testimonianze-2\/","title":{"rendered":"Testimonianze"},"content":{"rendered":"\n<p><strong>Edoardo Belgrano<\/strong>, <em>Amministratore Unico For.Tec. Forniture Tecnologiche S.r.l.<\/em><br><br>Il percorso \u00e8 stato per me un\u2019occasione utile per confrontarmi con realt\u00e0 diverse dalla mia e per rivedere alcuni aspetti della gestione aziendale con maggiore metodo. Mi ha aiutato a dare pi\u00f9 ordine ad alcune decisioni, a leggere meglio le dinamiche organizzative e a ragionare con una visione pi\u00f9 ampia sulle scelte di crescita dell\u2019azienda. Sono strumenti che oggi ritrovo spesso nel mio lavoro quotidiano.<\/p>\n\n\n\n<hr class=\"wp-block-separator has-alpha-channel-opacity\"\/>\n\n\n\n<p><strong>Mario<\/strong> <strong>Nardi<\/strong>, <em>Head of mortgages operations (Central Italy) \u2013 Banca Monte dei Paschi di Siena<\/em><br><br>L\u2019Executive Programme in Sviluppo Manageriale della Luiss Business School \u00e8 stata un\u2019esperienza immersiva, svolta in una cornice suggestiva e stimolante. Si \u00e8 rivelato un catalizzatore di crescita personale prima ancora che professionale. Il dialogo con i docenti non solo ha aggiornato le mie competenze, ma ha rimodellato la mia visione del manager e le mie capacit\u00e0 di leadership. Questo approccio, unito al confronto continuo con un&#8217;aula di professionisti provenienti da settori diversi, ha arricchito la mia prospettiva grazie a sensibilit\u00e0 e visioni differenti, confermando l&#8217;importanza della formazione continua e di una guida strategica basata sulla visione condivisa e sostenibile. <br>Un percorso che consiglio.<\/p>\n","protected":false},"excerpt":{"rendered":"<p>Edoardo Belgrano, Amministratore Unico For.Tec. Forniture Tecnologiche S.r.l. Il percorso \u00e8 stato per me un\u2019occasione utile per confrontarmi con realt\u00e0 [&hellip;]<\/p>\n","protected":false},"author":10,"featured_media":0,"parent":0,"menu_order":0,"comment_status":"closed","ping_status":"closed","template":"","meta":{"_acf_changed":false,"footnotes":""},"categories":[],"tags":[],"docenti_teaching_area":[],"docenti_research_area":[],"tematiche":[],"lingue":[],"lunghezza_corsi":[],"class_list":["post-720","page","type-page","status-publish","hentry"],"acf":[],"aioseo_notices":[],"_links":{"self":[{"href":"https:\/\/businessschool.luiss.it\/sviluppo-manageriale\/wp-json\/wp\/v2\/pages\/720","targetHints":{"allow":["GET"]}}],"collection":[{"href":"https:\/\/businessschool.luiss.it\/sviluppo-manageriale\/wp-json\/wp\/v2\/pages"}],"about":[{"href":"https:\/\/businessschool.luiss.it\/sviluppo-manageriale\/wp-json\/wp\/v2\/types\/page"}],"author":[{"embeddable":true,"href":"https:\/\/businessschool.luiss.it\/sviluppo-manageriale\/wp-json\/wp\/v2\/users\/10"}],"replies":[{"embeddable":true,"href":"https:\/\/businessschool.luiss.it\/sviluppo-manageriale\/wp-json\/wp\/v2\/comments?post=720"}],"version-history":[{"count":5,"href":"https:\/\/businessschool.luiss.it\/sviluppo-manageriale\/wp-json\/wp\/v2\/pages\/720\/revisions"}],"predecessor-version":[{"id":729,"href":"https:\/\/businessschool.luiss.it\/sviluppo-manageriale\/wp-json\/wp\/v2\/pages\/720\/revisions\/729"}],"wp:attachment":[{"href":"https:\/\/businessschool.luiss.it\/sviluppo-manageriale\/wp-json\/wp\/v2\/media?parent=720"}],"wp:term":[{"taxonomy":"category","embeddable":true,"href":"https:\/\/businessschool.luiss.it\/sviluppo-manageriale\/wp-json\/wp\/v2\/categories?post=720"},{"taxonomy":"post_tag","embeddable":true,"href":"https:\/\/businessschool.luiss.it\/sviluppo-manageriale\/wp-json\/wp\/v2\/tags?post=720"},{"taxonomy":"docenti_teaching_area","embeddable":true,"href":"https:\/\/businessschool.luiss.it\/sviluppo-manageriale\/wp-json\/wp\/v2\/docenti_teaching_area?post=720"},{"taxonomy":"docenti_research_area","embeddable":true,"href":"https:\/\/businessschool.luiss.it\/sviluppo-manageriale\/wp-json\/wp\/v2\/docenti_research_area?post=720"},{"taxonomy":"tematiche","embeddable":true,"href":"https:\/\/businessschool.luiss.it\/sviluppo-manageriale\/wp-json\/wp\/v2\/tematiche?post=720"},{"taxonomy":"lingue","embeddable":true,"href":"https:\/\/businessschool.luiss.it\/sviluppo-manageriale\/wp-json\/wp\/v2\/lingue?post=720"},{"taxonomy":"lunghezza_corsi","embeddable":true,"href":"https:\/\/businessschool.luiss.it\/sviluppo-manageriale\/wp-json\/wp\/v2\/lunghezza_corsi?post=720"}],"curies":[{"name":"wp","href":"https:\/\/api.w.org\/{rel}","templated":true}]}}

<p><strong>Edoardo Belgrano</strong>, <em>Amministratore Unico For.Tec. Forniture Tecnologiche S.r.l.</em><br><br>Il percorso è stato per me un’occasione utile per confrontarmi con realtà diverse dalla mia e per rivedere alcuni aspetti della gestione aziendale con maggiore metodo. Mi ha aiutato a dare più ordine ad alcune decisioni, a leggere meglio le dinamiche organizzative e a ragionare con una visione più ampia sulle scelte di crescita dell’azienda. Sono strumenti che oggi ritrovo spesso nel mio lavoro quotidiano.</p>



<hr class="wp-block-separator has-alpha-channel-opacity"/>



<p><strong>Mario</strong> <strong>Nardi</strong>, <em>Head of mortgages operations (Central Italy) – Banca Monte dei Paschi di Siena</em><br><br>L’Executive Programme in Sviluppo Manageriale della Luiss Business School è stata un’esperienza immersiva, svolta in una cornice suggestiva e stimolante. Si è rivelato un catalizzatore di crescita personale prima ancora che professionale. Il dialogo con i docenti non solo ha aggiornato le mie competenze, ma ha rimodellato la mia visione del manager e le mie capacità di leadership. Questo approccio, unito al confronto continuo con un&#8217;aula di professionisti provenienti da settori diversi, ha arricchito la mia prospettiva grazie a sensibilità e visioni differenti, confermando l&#8217;importanza della formazione continua e di una guida strategica basata sulla visione condivisa e sostenibile. <br>Un percorso che consiglio.</p>

<p>Edoardo Belgrano, Amministratore Unico For.Tec. Forniture Tecnologiche S.r.l. Il percorso è stato per me un’occasione utile per confrontarmi con realtà [&hellip;]</p>
